Last updated on 2025-10-22 09:50:43 CEST.
Flavor | Version | Tinstall | Tcheck | Ttotal | Status | Flags |
---|---|---|---|---|---|---|
r-devel-linux-x86_64-debian-clang | 0.2.0 | 3.06 | 24.55 | 27.61 | NOTE | |
r-devel-linux-x86_64-debian-gcc | 0.2.0 | 2.30 | 19.91 | 22.21 | NOTE | |
r-devel-linux-x86_64-fedora-clang | 0.2.0 | 40.71 | OK | |||
r-devel-linux-x86_64-fedora-gcc | 0.2.0 | 37.78 | OK | |||
r-devel-windows-x86_64 | 0.2.0 | 3.00 | 44.00 | 47.00 | OK | |
r-patched-linux-x86_64 | 0.2.0 | 3.56 | 22.21 | 25.77 | OK | |
r-release-linux-x86_64 | 0.2.0 | 3.18 | 22.16 | 25.34 | OK | |
r-release-macos-arm64 | 0.2.0 | 1.00 | 16.00 | 17.00 | OK | |
r-release-macos-x86_64 | 0.2.0 | 3.00 | 24.00 | 27.00 | OK | |
r-release-windows-x86_64 | 0.2.0 | 5.00 | 45.00 | 50.00 | OK | |
r-oldrel-macos-arm64 | 0.2.0 | 1.00 | 15.00 | 16.00 | OK | |
r-oldrel-macos-x86_64 | 0.2.0 | 2.00 | 23.00 | 25.00 | OK | |
r-oldrel-windows-x86_64 | 0.2.0 | 4.00 | 50.00 | 54.00 | OK |
Version: 0.2.0
Check: HTML version of manual
Result: NOTE
Found the following HTML validation problems:
private.html:46:1 (private.Rd:10): Warning: missing </ul> before </div>
super.html:46:1 (super.Rd:10): Warning: missing </ul> before </div>
Flavors: r-devel-linux-x86_64-debian-clang, r-devel-linux-x86_64-debian-gcc