Last updated on 2025-10-22 09:50:43 CEST.
Flavor | Version | Tinstall | Tcheck | Ttotal | Status | Flags |
---|---|---|---|---|---|---|
r-devel-linux-x86_64-debian-clang | 0.3.1 | 2.63 | 36.84 | 39.47 | NOTE | |
r-devel-linux-x86_64-debian-gcc | 0.3.1 | 1.83 | 28.38 | 30.21 | NOTE | |
r-devel-linux-x86_64-fedora-clang | 0.3.1 | 58.28 | OK | |||
r-devel-linux-x86_64-fedora-gcc | 0.3.1 | 84.21 | OK | |||
r-devel-windows-x86_64 | 0.3.1 | 4.00 | 55.00 | 59.00 | OK | |
r-patched-linux-x86_64 | 0.3.1 | 2.87 | 34.41 | 37.28 | OK | |
r-release-linux-x86_64 | 0.3.1 | 2.31 | 34.64 | 36.95 | OK | |
r-release-macos-arm64 | 0.3.1 | 2.00 | 40.00 | 42.00 | OK | |
r-release-macos-x86_64 | 0.3.1 | 2.00 | 80.00 | 82.00 | OK | |
r-release-windows-x86_64 | 0.3.1 | 5.00 | 56.00 | 61.00 | OK | |
r-oldrel-macos-arm64 | 0.3.1 | 1.00 | 82.00 | 83.00 | OK | |
r-oldrel-macos-x86_64 | 0.3.1 | 2.00 | 125.00 | 127.00 | OK | |
r-oldrel-windows-x86_64 | 0.3.1 | 3.00 | 64.00 | 67.00 | OK |
Version: 0.3.1
Check: CRAN incoming feasibility
Result: NOTE
Maintainer: ‘Doug Kelkhoff <doug.kelkhoff@gmail.com>’
Found the following (possibly) invalid URLs:
URL: https://matrix.to/#/#r-pkg-options:matrix.org
From: README.md
Message: Invalid URL: '#' not allowed in fragment
Flavors: r-devel-linux-x86_64-debian-clang, r-devel-linux-x86_64-debian-gcc
Version: 0.3.1
Check: HTML version of manual
Result: NOTE
Found the following HTML validation problems:
assert_naming_fn_signature.html:46:1 (assert_naming_fn_signature.Rd:10): Warning: missing </ul> before </div>
option_spec.html:166:1 (option_spec.Rd:109): Warning: missing </ul> before </div>
Flavors: r-devel-linux-x86_64-debian-clang, r-devel-linux-x86_64-debian-gcc