Last updated on 2025-10-24 09:50:11 CEST.
| Flavor | Version | Tinstall | Tcheck | Ttotal | Status | Flags |
|---|---|---|---|---|---|---|
| r-devel-linux-x86_64-debian-clang | 0.2.0 | 2.38 | 31.27 | 33.65 | NOTE | |
| r-devel-linux-x86_64-debian-gcc | 0.2.0 | 1.70 | 25.53 | 27.23 | NOTE | |
| r-devel-linux-x86_64-fedora-clang | 0.2.0 | 49.97 | OK | |||
| r-devel-linux-x86_64-fedora-gcc | 0.2.0 | 62.97 | OK | |||
| r-devel-windows-x86_64 | 0.2.0 | 4.00 | 48.00 | 52.00 | OK | |
| r-patched-linux-x86_64 | 0.2.0 | 2.45 | 29.39 | 31.84 | OK | |
| r-release-linux-x86_64 | 0.2.0 | 2.33 | 29.59 | 31.92 | OK | |
| r-release-macos-arm64 | 0.2.0 | 1.00 | 24.00 | 25.00 | OK | |
| r-release-macos-x86_64 | 0.2.0 | 2.00 | 42.00 | 44.00 | OK | |
| r-release-windows-x86_64 | 0.2.0 | 4.00 | 48.00 | 52.00 | OK | |
| r-oldrel-macos-arm64 | 0.2.0 | 1.00 | 24.00 | 25.00 | OK | |
| r-oldrel-macos-x86_64 | 0.2.0 | 2.00 | 33.00 | 35.00 | OK | |
| r-oldrel-windows-x86_64 | 0.2.0 | 5.00 | 56.00 | 61.00 | OK |
Version: 0.2.0
Check: CRAN incoming feasibility
Result: NOTE
Maintainer: ‘Michael D. Sumner <mdsumner@gmail.com>’
Package CITATION file contains call(s) to old-style personList() or
as.personList(). Please use c() on person objects instead.
Package CITATION file contains call(s) to old-style citEntry(). Please
use bibentry() instead.
Flavors: r-devel-linux-x86_64-debian-clang, r-devel-linux-x86_64-debian-gcc