CRAN Package Check Results for Package orthogonalsplinebasis

Last updated on 2025-07-04 09:49:58 CEST.

Flavor Version Tinstall Tcheck Ttotal Status Flags
r-devel-linux-x86_64-debian-clang 0.1.7 3.24 24.40 27.64 NOTE
r-devel-linux-x86_64-debian-gcc 0.1.7 2.39 19.73 22.12 NOTE
r-devel-linux-x86_64-fedora-clang 0.1.7 43.33 OK
r-devel-linux-x86_64-fedora-gcc 0.1.7 40.45 OK
r-devel-windows-x86_64 0.1.7 4.00 47.00 51.00 OK
r-patched-linux-x86_64 0.1.7 3.37 23.14 26.51 OK
r-release-linux-x86_64 0.1.7 3.02 23.00 26.02 OK
r-release-macos-arm64 0.1.7 20.00 OK
r-release-macos-x86_64 0.1.7 30.00 OK
r-release-windows-x86_64 0.1.7 5.00 49.00 54.00 OK
r-oldrel-macos-arm64 0.1.7 21.00 OK
r-oldrel-macos-x86_64 0.1.7 27.00 OK
r-oldrel-windows-x86_64 0.1.7 6.00 51.00 57.00 OK

Check Details

Version: 0.1.7
Check: CRAN incoming feasibility
Result: NOTE Maintainer: ‘Andrew Redd <andrew.redd@hsc.utah.edu>’ No Authors@R field in DESCRIPTION. Please add one, modifying Authors@R: person(given = "Andrew", family = "Redd", role = c("aut", "cre"), email = "andrew.redd@hsc.utah.edu") as necessary. Flavors: r-devel-linux-x86_64-debian-clang, r-devel-linux-x86_64-debian-gcc