CRAN Package Check Results for Package otel

Last updated on 2025-10-21 09:48:40 CEST.

Flavor Version Tinstall Tcheck Ttotal Status Flags
r-devel-linux-x86_64-debian-clang 0.2.0 3.58 43.29 46.87 OK
r-devel-linux-x86_64-debian-gcc 0.2.0 2.64 32.71 35.35 NOTE
r-devel-linux-x86_64-fedora-clang 0.2.0 68.46 OK
r-devel-linux-x86_64-fedora-gcc 0.2.0 64.36 OK
r-devel-windows-x86_64 0.2.0 6.00 72.00 78.00 OK
r-patched-linux-x86_64 0.2.0 5.39 39.99 45.38 OK
r-release-linux-x86_64 0.2.0 3.51 39.99 43.50 OK
r-release-macos-arm64 0.2.0 33.00 OK
r-release-macos-x86_64 0.2.0 45.00 OK
r-release-windows-x86_64 0.2.0 7.00 73.00 80.00 OK
r-oldrel-macos-arm64 0.2.0 43.00 NOTE
r-oldrel-macos-x86_64 0.2.0 54.00 NOTE
r-oldrel-windows-x86_64 0.2.0 7.00 80.00 87.00 OK

Check Details

Version: 0.2.0
Check: HTML version of manual
Result: NOTE Found the following HTML validation problems: otel_logger.html:96:1 (otel_logger.Rd:54): Warning: <h5> anchor "Usage" already defined otel_logger.html:103:1 (otel_logger.Rd:60): Warning: <h5> anchor "Value" already defined otel_logger.html:117:1 (otel_logger.Rd:70): Warning: <h5> anchor "Usage" already defined otel_logger.html:124:1 (otel_logger.Rd:76): Warning: <h5> anchor "Arguments" already defined otel_logger.html:136:1 (otel_logger.Rd:83): Warning: <h5> anchor "Value" already defined otel_logger.html:150:1 (otel_logger.Rd:93): Warning: <h5> anchor "Usage" already defined otel_logger.html:168:1 (otel_logger.Rd:110): Warning: <h5> anchor "Arguments" already defined otel_logger.html:215:1 (otel_logger.Rd:136): Warning: <h5> anchor "Value" already defined otel_logger_provider.html:142:1 (otel_logger_provider.Rd:83): Warning: <h5> anchor "Usage" already defined otel_logger_provider.html:149:1 (otel_logger_provider.Rd:89): Warning: <h5> anchor "Value" already defined otel_meter.html:86:1 (otel_meter.Rd:51): Warning: <h5> anchor "Usage" already defined otel_meter.html:112:1 (otel_meter.Rd:67): Warning: <h5> anchor "Value" already defined otel_meter.html:126:1 (otel_meter.Rd:77): Warning: <h5> anchor "Usage" already defined otel_meter.html:133:1 (otel_meter.Rd:83): Warning: <h5> anchor "Arguments" already defined otel_meter.html:152:1 (otel_meter.Rd:93): Warning: <h5> anchor "Value" already defined otel_meter.html:166:1 (otel_meter.Rd:103): Warning: <h5> anchor "Usage" already defined otel_meter.html:173:1 (otel_meter.Rd:109): Warning: <h5> anchor "Arguments" already defined otel_meter.html:192:1 (otel_meter.Rd:119): Warning: <h5> anchor "Value" already defined otel_meter.html:206:1 (otel_meter.Rd:129): Warning: <h5> anchor "Usage" already defined otel_meter.html:213:1 (otel_meter.Rd:135): Warning: <h5> anchor "Arguments" already defined otel_meter.html:232:1 (otel_meter.Rd:145): Warning: <h5> anchor "Value" already defined otel_meter_provider.html:147:1 (otel_meter_provider.Rd:86): Warning: <h5> anchor "Usage" already defined otel_meter_provider.html:154:1 (otel_meter_provider.Rd:92): Warning: <h5> anchor "Value" already defined otel_meter_provider.html:168:1 (otel_meter_provider.Rd:102): Warning: <h5> anchor "Usage" already defined otel_meter_provider.html:175:1 (otel_meter_provider.Rd:108): Warning: <h5> anchor "Value" already defined otel_span.html:164:1 (otel_span.Rd:109): Warning: <h5> anchor "Usage" already defined otel_span.html:171:1 (otel_span.Rd:115): Warning: <h5> anchor "Arguments" already defined otel_span.html:193:1 (otel_span.Rd:127): Warning: <h5> anchor "Value" already defined otel_span.html:209:1 (otel_span.Rd:139): Warning: <h5> anchor "Usage" already defined otel_span.html:216:1 (otel_span.Rd:145): Warning: <h5> anchor "Value" already defined otel_span.html:232:1 (otel_span.Rd:157): Warning: <h5> anchor "Usage" already defined otel_span.html:239:1 (otel_span.Rd:163): Warning: <h5> anchor "Value" already defined otel_span.html:260:1 (otel_span.Rd:180): Warning: <h5> anchor "Usage" already defined otel_span.html:267:1 (otel_span.Rd:186): Warning: <h5> anchor "Arguments" already defined otel_span.html:284:1 (otel_span.Rd:194): Warning: <h5> anchor "Value" already defined otel_span.html:300:1 (otel_span.Rd:206): Warning: <h5> anchor "Usage" already defined otel_span.html:307:1 (otel_span.Rd:212): Warning: <h5> anchor "Arguments" already defined otel_span.html:323:1 (otel_span.Rd:221): Warning: <h5> anchor "Value" already defined otel_span.html:346:1 (otel_span.Rd:240): Warning: <h5> anchor "Usage" already defined otel_span.html:353:1 (otel_span.Rd:246): Warning: <h5> anchor "Arguments" already defined otel_span.html:368:1 (otel_span.Rd:254): Warning: <h5> anchor "Value" already defined otel_span.html:385:1 (otel_span.Rd:267): Warning: <h5> anchor "Usage" already defined otel_span.html:392:1 (otel_span.Rd:273): Warning: <h5> anchor "Arguments" already defined otel_span.html:403:1 (otel_span.Rd:279): Warning: <h5> anchor "Value" already defined otel_span_context.html:74:1 (otel_span_context.Rd:39): Warning: <h5> anchor "Usage" already defined otel_span_context.html:81:1 (otel_span_context.Rd:45): Warning: <h5> anchor "Value" already defined otel_span_context.html:107:1 (otel_span_context.Rd:62): Warning: <h5> anchor "Usage" already defined otel_span_context.html:114:1 (otel_span_context.Rd:68): Warning: <h5> anchor "Value" already defined otel_span_context.html:128:1 (otel_span_context.Rd:78): Warning: <h5> anchor "Usage" already defined otel_span_context.html:135:1 (otel_span_context.Rd:84): Warning: <h5> anchor "Value" already defined otel_span_context.html:150:1 (otel_span_context.Rd:95): Warning: <h5> anchor "Usage" already defined otel_span_context.html:157:1 (otel_span_context.Rd:101): Warning: <h5> anchor "Value" already defined otel_span_context.html:177:1 (otel_span_context.Rd:117): Warning: <h5> anchor "Usage" already defined otel_span_context.html:184:1 (otel_span_context.Rd:123): Warning: <h5> anchor "Value" already defined otel_span_context.html:203:1 (otel_span_context.Rd:138): Warning: <h5> anchor "Usage" already defined otel_span_context.html:210:1 (otel_span_context.Rd:144): Warning: <h5> anchor "Value" already defined otel_tracer.html:133:1 (otel_tracer.Rd:78): Warning: <h5> anchor "Usage" already defined otel_tracer.html:140:1 (otel_tracer.Rd:84): Warning: <h5> anchor "Value" already defined otel_tracer.html:155:1 (otel_tracer.Rd:95): Warning: <h5> anchor "Usage" already defined otel_tracer.html:162:1 (otel_tracer.Rd:101): Warning: <h5> anchor "Value" already defined otel_tracer_provider.html:145:1 (otel_tracer_provider.Rd:84): Warning: <h5> anchor "Usage" already defined otel_tracer_provider.html:152:1 (otel_tracer_provider.Rd:90): Warning: <h5> anchor "Value" already defined Flavor: r-devel-linux-x86_64-debian-gcc

Version: 0.2.0
Check: package dependencies
Result: NOTE Package suggested but not available for checking: ‘otelsdk’ Flavors: r-oldrel-macos-arm64, r-oldrel-macos-x86_64

Version: 0.2.0
Check: Rd cross-references
Result: NOTE Package unavailable to check Rd xrefs: ‘otelsdk’ Flavors: r-oldrel-macos-arm64, r-oldrel-macos-x86_64