CRAN Package Check Results for Package pafdR

Last updated on 2025-07-04 09:49:58 CEST.

Flavor Version Tinstall Tcheck Ttotal Status Flags
r-devel-linux-x86_64-debian-clang 1.0 3.05 31.92 34.97 OK
r-devel-linux-x86_64-debian-gcc 1.0 1.92 25.30 27.22 OK
r-devel-linux-x86_64-fedora-clang 1.0 55.84 OK
r-devel-linux-x86_64-fedora-gcc 1.0 66.79 OK
r-devel-windows-x86_64 1.0 4.00 53.00 57.00 OK
r-patched-linux-x86_64 1.0 3.05 30.50 33.55 OK
r-release-linux-x86_64 1.0 2.94 30.16 33.10 OK
r-release-macos-arm64 1.0 38.00 OK
r-release-macos-x86_64 1.0 52.00 OK
r-release-windows-x86_64 1.0 5.00 55.00 60.00 OK
r-oldrel-macos-arm64 1.0 27.00 NOTE
r-oldrel-macos-x86_64 1.0 40.00 NOTE
r-oldrel-windows-x86_64 1.0 6.00 63.00 69.00 NOTE

Check Details

Version: 1.0
Check: LazyData
Result: NOTE 'LazyData' is specified without a 'data' directory Flavors: r-oldrel-macos-arm64, r-oldrel-macos-x86_64, r-oldrel-windows-x86_64