Last updated on 2025-10-22 09:50:44 CEST.
Flavor | Version | Tinstall | Tcheck | Ttotal | Status | Flags |
---|---|---|---|---|---|---|
r-devel-linux-x86_64-debian-clang | 1.0.0 | 7.26 | 64.90 | 72.16 | NOTE | |
r-devel-linux-x86_64-debian-gcc | 1.0.0 | 4.76 | 47.78 | 52.54 | NOTE | |
r-devel-linux-x86_64-fedora-clang | 1.0.0 | 39.00 | 81.56 | 120.56 | OK | |
r-devel-linux-x86_64-fedora-gcc | 1.0.0 | 14.00 | 109.02 | 123.02 | OK | |
r-devel-windows-x86_64 | 1.0.0 | 8.00 | 76.00 | 84.00 | OK | |
r-patched-linux-x86_64 | 1.0.0 | 7.05 | 59.84 | 66.89 | OK | |
r-release-linux-x86_64 | 1.0.0 | 6.39 | 59.78 | 66.17 | OK | |
r-release-macos-arm64 | 1.0.0 | 4.00 | 50.00 | 54.00 | OK | |
r-release-macos-x86_64 | 1.0.0 | 6.00 | 84.00 | 90.00 | OK | |
r-release-windows-x86_64 | 1.0.0 | 9.00 | 76.00 | 85.00 | OK | |
r-oldrel-macos-arm64 | 1.0.0 | 3.00 | 57.00 | 60.00 | NOTE | |
r-oldrel-macos-x86_64 | 1.0.0 | 12.00 | 87.00 | 99.00 | NOTE | |
r-oldrel-windows-x86_64 | 1.0.0 | 10.00 | 94.00 | 104.00 | NOTE |
Version: 1.0.0
Check: HTML version of manual
Result: NOTE
Found the following HTML validation problems:
arguments.html:119:1 (arguments.Rd:60): Warning: missing </ul> before </div>
Flavors: r-devel-linux-x86_64-debian-clang, r-devel-linux-x86_64-debian-gcc
Version: 1.0.0
Check: package dependencies
Result: NOTE
Package suggested but not available for checking: ‘CorShrink’
Flavors: r-oldrel-macos-arm64, r-oldrel-macos-x86_64, r-oldrel-windows-x86_64