Last updated on 2025-07-04 09:49:58 CEST.
Flavor | Version | Tinstall | Tcheck | Ttotal | Status | Flags |
---|---|---|---|---|---|---|
r-devel-linux-x86_64-debian-clang | 1.6.0 | 4.05 | 51.50 | 55.55 | NOTE | |
r-devel-linux-x86_64-debian-gcc | 1.6.0 | 2.97 | 36.84 | 39.81 | NOTE | |
r-devel-linux-x86_64-fedora-clang | 1.6.0 | 84.99 | OK | |||
r-devel-linux-x86_64-fedora-gcc | 1.6.0 | 76.16 | OK | |||
r-devel-windows-x86_64 | 1.6.0 | 7.00 | 70.00 | 77.00 | OK | |
r-patched-linux-x86_64 | 1.6.0 | 3.79 | 47.80 | 51.59 | OK | |
r-release-linux-x86_64 | 1.6.0 | 4.04 | 47.22 | 51.26 | OK | |
r-release-macos-arm64 | 1.6.0 | 34.00 | OK | |||
r-release-macos-x86_64 | 1.6.0 | 48.00 | OK | |||
r-release-windows-x86_64 | 1.6.0 | 6.00 | 71.00 | 77.00 | OK | |
r-oldrel-macos-arm64 | 1.6.0 | 28.00 | OK | |||
r-oldrel-macos-x86_64 | 1.6.0 | 47.00 | OK | |||
r-oldrel-windows-x86_64 | 1.6.0 | 8.00 | 84.00 | 92.00 | OK |
Version: 1.6.0
Check: CRAN incoming feasibility
Result: NOTE
Maintainer: ‘Emil Hvitfeldt <emilhhvitfeldt@gmail.com>’
No Authors@R field in DESCRIPTION.
Please add one, modifying
Authors@R: c(person(given = c("See", "AUTHORS"),
family = "file.",
role = "aut"),
person(given = "Emil",
family = "Hvitfeldt",
role = "cre",
email = "emilhhvitfeldt@gmail.com"))
as necessary.
Flavors: r-devel-linux-x86_64-debian-clang, r-devel-linux-x86_64-debian-gcc