CRAN Package Check Results for Package parSim

Last updated on 2025-10-22 09:50:44 CEST.

Flavor Version Tinstall Tcheck Ttotal Status Flags
r-devel-linux-x86_64-debian-clang 0.1.5 4.37 41.96 46.33 NOTE
r-devel-linux-x86_64-debian-gcc 0.1.5 2.92 30.92 33.84 NOTE
r-devel-linux-x86_64-fedora-clang 0.1.5 70.20 OK
r-devel-linux-x86_64-fedora-gcc 0.1.5 64.26 OK
r-devel-windows-x86_64 0.1.5 6.00 59.00 65.00 OK
r-patched-linux-x86_64 0.1.5 3.74 39.56 43.30 OK
r-release-linux-x86_64 0.1.5 4.10 39.79 43.89 OK
r-release-macos-arm64 0.1.5 2.00 25.00 27.00 OK
r-release-macos-x86_64 0.1.5 5.00 40.00 45.00 OK
r-release-windows-x86_64 0.1.5 6.00 61.00 67.00 OK
r-oldrel-macos-arm64 0.1.5 2.00 21.00 23.00 OK
r-oldrel-macos-x86_64 0.1.5 6.00 33.00 39.00 OK
r-oldrel-windows-x86_64 0.1.5 8.00 70.00 78.00 OK

Check Details

Version: 0.1.5
Check: CRAN incoming feasibility
Result: NOTE Maintainer: ‘Sacha Epskamp <mail@sachaepskamp.com>’ No Authors@R field in DESCRIPTION. Please add one, modifying Authors@R: person(given = "Sacha", family = "Epskamp", role = c("aut", "cre"), email = "mail@sachaepskamp.com") as necessary. Flavors: r-devel-linux-x86_64-debian-clang, r-devel-linux-x86_64-debian-gcc