CRAN Package Check Results for Package parallelDist

Last updated on 2025-07-03 09:50:48 CEST.

Flavor Version Tinstall Tcheck Ttotal Status Flags
r-devel-linux-x86_64-debian-clang 0.2.6 46.34 90.15 136.49 NOTE
r-devel-linux-x86_64-debian-gcc 0.2.6 31.35 60.88 92.23 NOTE
r-devel-linux-x86_64-fedora-clang 0.2.6 247.23 NOTE
r-devel-linux-x86_64-fedora-gcc 0.2.6 222.54 NOTE
r-devel-windows-x86_64 0.2.6 54.00 154.00 208.00 NOTE
r-patched-linux-x86_64 0.2.6 47.96 80.49 128.45 NOTE
r-release-linux-x86_64 0.2.6 46.48 80.02 126.50 NOTE
r-release-macos-arm64 0.2.6 144.00 NOTE
r-release-macos-x86_64 0.2.6 132.00 NOTE
r-release-windows-x86_64 0.2.6 56.00 156.00 212.00 NOTE
r-oldrel-macos-arm64 0.2.6 41.00 NOTE
r-oldrel-macos-x86_64 0.2.6 67.00 NOTE
r-oldrel-windows-x86_64 0.2.6 67.00 173.00 240.00 NOTE

Check Details

Version: 0.2.6
Check: C++ specification
Result: NOTE Specified C++11: please drop specification unless essential Flavors: r-devel-linux-x86_64-debian-clang, r-devel-linux-x86_64-debian-gcc, r-devel-linux-x86_64-fedora-clang, r-devel-linux-x86_64-fedora-gcc, r-devel-windows-x86_64, r-patched-linux-x86_64, r-release-linux-x86_64, r-release-macos-arm64, r-release-macos-x86_64, r-release-windows-x86_64, r-oldrel-macos-arm64, r-oldrel-macos-x86_64, r-oldrel-windows-x86_64