Last updated on 2025-10-22 09:50:44 CEST.
Flavor | Version | Tinstall | Tcheck | Ttotal | Status | Flags |
---|---|---|---|---|---|---|
r-devel-linux-x86_64-debian-clang | 0.7.7 | 4.63 | 44.04 | 48.67 | NOTE | |
r-devel-linux-x86_64-debian-gcc | 0.7.7 | 3.59 | 32.24 | 35.83 | NOTE | |
r-devel-linux-x86_64-fedora-clang | 0.7.7 | 13.00 | 57.32 | 70.32 | OK | |
r-devel-linux-x86_64-fedora-gcc | 0.7.7 | 11.00 | 57.42 | 68.42 | OK | |
r-devel-windows-x86_64 | 0.7.7 | 6.00 | 58.00 | 64.00 | OK | |
r-patched-linux-x86_64 | 0.7.7 | 4.38 | 40.70 | 45.08 | OK | |
r-release-linux-x86_64 | 0.7.7 | 4.51 | 41.06 | 45.57 | OK | |
r-release-macos-arm64 | 0.7.7 | 2.00 | 22.00 | 24.00 | OK | |
r-release-macos-x86_64 | 0.7.7 | 5.00 | 63.00 | 68.00 | OK | |
r-release-windows-x86_64 | 0.7.7 | 9.00 | 58.00 | 67.00 | OK | |
r-oldrel-macos-arm64 | 0.7.7 | 3.00 | 31.00 | 34.00 | OK | |
r-oldrel-macos-x86_64 | 0.7.7 | 5.00 | 46.00 | 51.00 | OK | |
r-oldrel-windows-x86_64 | 0.7.7 | 8.00 | 71.00 | 79.00 | OK |
Version: 0.7.7
Check: HTML version of manual
Result: NOTE
Found the following HTML validation problems:
fix_column_names.html:50:1 (fix_column_names.Rd:12): Warning: missing </ul> before </div>
parse_opts.html:50:1 (parse_opts.Rd:12): Warning: missing </ul> before </div>
Flavors: r-devel-linux-x86_64-debian-clang, r-devel-linux-x86_64-debian-gcc