Last updated on 2025-10-22 09:50:44 CEST.
Flavor | Version | Tinstall | Tcheck | Ttotal | Status | Flags |
---|---|---|---|---|---|---|
r-devel-linux-x86_64-debian-clang | 0.4.1 | 6.09 | 40.93 | 47.02 | NOTE | |
r-devel-linux-x86_64-debian-gcc | 0.4.1 | 5.24 | 30.60 | 35.84 | NOTE | |
r-devel-linux-x86_64-fedora-clang | 0.4.1 | 13.00 | 56.03 | 69.03 | OK | |
r-devel-linux-x86_64-fedora-gcc | 0.4.1 | 16.00 | 64.63 | 80.63 | OK | |
r-devel-windows-x86_64 | 0.4.1 | 8.00 | 64.00 | 72.00 | OK | |
r-patched-linux-x86_64 | 0.4.1 | 7.20 | 37.61 | 44.81 | OK | |
r-release-linux-x86_64 | 0.4.1 | 6.21 | 37.53 | 43.74 | OK | |
r-release-macos-arm64 | 0.4.1 | 6.00 | 67.00 | 73.00 | OK | |
r-release-macos-x86_64 | 0.4.1 | 32.00 | 54.00 | 86.00 | OK | |
r-release-windows-x86_64 | 0.4.1 | 10.00 | 65.00 | 75.00 | OK | |
r-oldrel-macos-arm64 | 0.4.1 | 4.00 | 55.00 | 59.00 | OK | |
r-oldrel-macos-x86_64 | 0.4.1 | 9.00 | 53.00 | 62.00 | OK | |
r-oldrel-windows-x86_64 | 0.4.1 | 9.00 | 75.00 | 84.00 | OK |
Version: 0.4.1
Check: HTML version of manual
Result: NOTE
Found the following HTML validation problems:
print.LaTeX2item.html:58:1 (print.LaTeX2item.Rd:17): Warning: missing </ul> before </div>
Flavors: r-devel-linux-x86_64-debian-clang, r-devel-linux-x86_64-debian-gcc