Last updated on 2025-10-22 09:50:44 CEST.
Flavor | Version | Tinstall | Tcheck | Ttotal | Status | Flags |
---|---|---|---|---|---|---|
r-devel-linux-x86_64-debian-clang | 0.9.0 | 114.67 | 357.38 | 472.05 | NOTE | |
r-devel-linux-x86_64-debian-gcc | 0.9.0 | 69.67 | 238.97 | 308.64 | NOTE | |
r-devel-linux-x86_64-fedora-clang | 0.9.0 | 249.00 | 426.98 | 675.98 | OK | |
r-devel-linux-x86_64-fedora-gcc | 0.9.0 | 221.00 | 385.74 | 606.74 | OK | |
r-devel-windows-x86_64 | 0.9.0 | 117.00 | 623.00 | 740.00 | OK | |
r-patched-linux-x86_64 | 0.9.0 | 134.28 | 328.28 | 462.56 | OK | |
r-release-linux-x86_64 | 0.9.0 | 110.81 | 326.47 | 437.28 | OK | |
r-release-macos-arm64 | 0.9.0 | 49.00 | 128.00 | 177.00 | OK | |
r-release-macos-x86_64 | 0.9.0 | 108.00 | 242.00 | 350.00 | OK | |
r-release-windows-x86_64 | 0.9.0 | 118.00 | 607.00 | 725.00 | OK | |
r-oldrel-macos-arm64 | 0.9.0 | 43.00 | 110.00 | 153.00 | NOTE | |
r-oldrel-macos-x86_64 | 0.9.0 | 96.00 | 203.00 | 299.00 | NOTE | |
r-oldrel-windows-x86_64 | 0.9.0 | 162.00 | 680.00 | 842.00 | NOTE |
Version: 0.9.0
Check: HTML version of manual
Result: NOTE
Found the following HTML validation problems:
applicationautoscaling_delete_scaling_policy.html:265:1 (applicationautoscaling_delete_scaling_policy.Rd:135): Warning: missing </ul> before </div>
applicationautoscaling_delete_scheduled_action.html:265:1 (applicationautoscaling_delete_scheduled_action.Rd:135): Warning: missing </ul> before </div>
applicationautoscaling_deregister_scalable_target.html:260:1 (applicationautoscaling_deregister_scalable_target.Rd:132): Warning: missing </ul> before </div>
applicationautoscaling_describe_scalable_targets.html:278:1 (applicationautoscaling_describe_scalable_targets.Rd:146): Warning: missing </ul> before </div>
applicationautoscaling_describe_scaling_activities.html:287:1 (applicationautoscaling_describe_scaling_activities.Rd:153): Warning: missing </ul> before </div>
applicationautoscaling_describe_scaling_policies.html:283:1 (applicationautoscaling_describe_scaling_policies.Rd:149): Warning: missing </ul> before </div>
applicationautoscaling_describe_scheduled_actions.html:283:1 (applicationautoscaling_describe_scheduled_actions.Rd:149): Warning: missing </ul> before </div>
applicationautoscaling_get_predictive_scaling_forecast.html:80:1 (applicationautoscaling_get_predictive_scaling_forecast.Rd:32): Warning: missing </ul> before </div>
applicationautoscaling_list_tags_for_resource.html:55:1 (applicationautoscaling_list_tags_for_resource.Rd:17): Warning: missing </ul> before </div>
applicationautoscaling_put_scaling_policy.html:308:1 (applicationautoscaling_put_scaling_policy.Rd:170): Warning: missing </ul> before </div>
applicationautoscaling_put_scheduled_action.html:330:1 (applicationautoscaling_put_scheduled_action.Rd:183): Warning: missing </ul> before </div>
applicationautoscaling_register_scalable_target.html:389:1 (applicationautoscaling_register_scalable_target.Rd:223): Warning: missing </ul> before </div>
applicationautoscaling_tag_resource.html:71:1 (applicationautoscaling_tag_resource.Rd:31): Warning: missing </ul> before </div>
applicationautoscaling_untag_resource.html:59:1 (applicationautoscaling_untag_resource.Rd:19): Warning: missing </ul> before </div>
applicationcostprofiler_delete_report_definition.html:48:1 (applicationcostprofiler_delete_report_definition.Rd:10): Warning: missing </ul> before </div>
applicationcostprofiler_get_report_definition.html:49:1 (applicationcostprofiler_get_report_definition.Rd:11): Warning: missing </ul> before </div>
applicationcostprofiler_import_application_usage.html:49:1 (applicationcostprofiler_import_application_usage.Rd:11): Warning: missing </ul> before </div>
applicationcostprofiler_list_report_definitions.html:56:1 (applicationcostprofiler_list_report_definitions.Rd:16): Warning: missing </ul> before </div>
applicationcostprofiler_put_report_definition.html:72:1 (applicationcostprofiler_put_report_definition.Rd:26): Warning: missing </ul> before </div>
applicationcostprofiler_update_report_definition.html:71:1 (applicationcostprofiler_update_report_definition.Rd:25): Warning: missing </ul> before </div>
applicationinsights_add_workload.html:61:1 (applicationinsights_add_workload.Rd:19): Warning: missing </ul> before </div>
applicationinsights_create_application.html:107:1 (applicationinsights_create_application.Rd:51): Warning: missing </ul> before </div>
applicationinsights_create_component.html:61:1 (applicationinsights_create_component.Rd:19): Warning: missing </ul> before </div>
applicationinsights_create_log_pattern.html:81:1 (applicationinsights_create_log_pattern.Rd:35): Warning: missing </ul> before </div>
applicationinsights_delete_application.html:48:1 (applicationinsights_delete_application.Rd:10): Warning: missing </ul> before </div>
applicationinsights_delete_component.html:52:1 (applicationinsights_delete_component.Rd:12): Warning: missing </ul> before </div>
applicationinsights_delete_log_pattern.html:60:1 (applicationinsights_delete_log_pattern.Rd:18): Warning: missing </ul> before </div>
applicationinsights_descri_compon_config_recomm.html:72:1 (applicationinsights_descri_compon_config_recomm.Rd:26): Warning: missing </ul> before </div>
applicationinsights_describe_application.html:52:1 (applicationinsights_describe_application.Rd:12): Warning: missing </ul> before </div>
applicationinsights_describe_component.html:61:1 (applicationinsights_describe_component.Rd:19): Warning: missing </ul> before </div>
applicationinsights_describe_component_configuration.html:60:1 (applicationinsights_describe_component_configuration.Rd:18): Warning: missing </ul> before </div>
applicationinsights_describe_log_pattern.html:65:1 (applicationinsights_describe_log_pattern.Rd:21): Warning: missing </ul> before </div>
applicationinsights_describe_observation.html:52:1 (applicationinsights_describe_observation.Rd:12): Warning: missing </ul> before </div>
applicationinsights_describe_problem.html:53:1 (applicationinsights_describe_problem.Rd:13): Warning: missing </ul> before </div>
applicationinsights_describe_problem_observations.html:52:1 (applicationinsights_describe_problem_observations.Rd:12): Warning: missing </ul> before </div>
applicationinsights_describe_workload.html:65:1 (applicationinsights_describe_workload.Rd:21): Warning: missing </ul> before </div>
applicationinsights_list_applications.html:62:1 (applicationinsights_list_applications.Rd:20): Warning: missing </ul> before </div>
applicationinsights_list_components.html:68:1 (applicationinsights_list_components.Rd:24): Warning: missing </ul> before </div>
applicationinsights_list_configuration_history.html:98:1 (applicationinsights_list_configuration_history.Rd:48): Warning: missing </ul> before </div>
applicationinsights_list_log_pattern_sets.html:67:1 (applicationinsights_list_log_pattern_sets.Rd:23): Warning: missing </ul> before </div>
applicationinsights_list_log_patterns.html:72:1 (applicationinsights_list_log_patterns.Rd:26): Warning: missing </ul> before </div>
applicationinsights_list_problems.html:91:1 (applicationinsights_list_problems.Rd:39): Warning: missing </ul> before </div>
applicationinsights_list_tags_for_resource.html:50:1 (applicationinsights_list_tags_for_resource.Rd:12): Warning: missing </ul> before </div>
applicationinsights_list_workloads.html:72:1 (applicationinsights_list_workloads.Rd:26): Warning: missing </ul> before </div>
applicationinsights_remove_workload.html:60:1 (applicationinsights_remove_workload.Rd:18): Warning: missing </ul> before </div>
applicationinsights_tag_resource.html:56:1 (applicationinsights_tag_resource.Rd:16): Warning: missing </ul> before </div>
applicationinsights_untag_resource.html:59:1 (applicationinsights_untag_resource.Rd:19): Warning: missing </ul> before </div>
applicationinsights_update_application.html:93:1 (applicationinsights_update_application.Rd:41): Warning: missing </ul> before </div>
applicationinsights_update_component.html:66:1 (applicationinsights_update_component.Rd:22): Warning: missing </ul> before </div>
applicationinsights_update_component_configuration.html:82:1 (applicationinsights_update_component_configuration.Rd:34): Warning: missing </ul> before </div>
applicationinsights_update_log_pattern.html:81:1 (applicationinsights_update_log_pattern.Rd:35): Warning: missing </ul> before </div>
applicationinsights_update_problem.html:65:1 (applicationinsights_update_problem.Rd:23): Warning: missing </ul> before </div>
applicationinsights_update_workload.html:66:1 (applicationinsights_update_workload.Rd:22): Warning: missing </ul> before </div>
appregistry_associate_attribute_group.html:54:1 (appregistry_associate_attribute_group.Rd:14): Warning: missing </ul> before </div>
appregistry_associate_resource.html:66:1 (appregistry_associate_resource.Rd:22): Warning: missing </ul> before </div>
appregistry_create_application.html:71:1 (appregistry_create_application.Rd:27): Warning: missing </ul> before </div>
appregistry_create_attribute_group.html:75:1 (appregistry_create_attribute_group.Rd:29): Warning: missing </ul> before </div>
appregistry_delete_application.html:49:1 (appregistry_delete_application.Rd:11): Warning: missing </ul> before </div>
appregistry_delete_attribute_group.html:50:1 (appregistry_delete_attribute_group.Rd:12): Warning: missing </ul> before </div>
appregistry_disassociate_attribute_group.html:55:1 (appregistry_disassociate_attribute_group.Rd:15): Warning: missing </ul> before </div>
appregistry_disassociate_resource.html:56:1 (appregistry_disassociate_resource.Rd:14): Warning: missing </ul> before </div>
appregistry_get_application.html:48:1 (appregistry_get_application.Rd:10): Warning: missing </ul> before </div>
appregistry_get_associated_resource.html:78:1 (appregistry_get_associated_resource.Rd:30): Warning: missing </ul> before </div>
appregistry_get_attribute_group.html:49:1 (appregistry_get_attribute_group.Rd:11): Warning: missing </ul> before </div>
appregistry_list_applications.html:54:1 (appregistry_list_applications.Rd:14): Warning: missing </ul> before </div>
appregistry_list_associated_attribute_groups.html:63:1 (appregistry_list_associated_attribute_groups.Rd:21): Warning: missing </ul> before </div>
appregistry_list_associated_resources.html:63:1 (appregistry_list_associated_resources.Rd:21): Warning: missing </ul> before </div>
appregistry_list_attribute_groups.html:54:1 (appregistry_list_attribute_groups.Rd:14): Warning: missing </ul> before </div>
appregistry_list_attribute_groups_for_application.html:63:1 (appregistry_list_attribute_groups_for_application.Rd:21): Warning: missing </ul> before </div>
appregistry_list_tags_for_resource.html:48:1 (appregistry_list_tags_for_resource.Rd:10): Warning: missing </ul> before </div>
appregistry_put_configuration.html:48:1 (appregistry_put_configuration.Rd:10): Warning: missing </ul> before </div>
appregistry_sync_resource.html:54:1 (appregistry_sync_resource.Rd:14): Warning: missing </ul> before </div>
appregistry_tag_resource.html:52:1 (appregistry_tag_resource.Rd:12): Warning: missing </ul> before </div>
appregistry_untag_resource.html:52:1 (appregistry_untag_resource.Rd:12): Warning: missing </ul> before </div>
appregistry_update_application.html:58:1 (appregistry_update_application.Rd:16): Warning: missing </ul> before </div>
appregistry_update_attribute_group.html:69:1 (appregistry_update_attribute_group.Rd:25): Warning: missing </ul> before </div>
auditmanager_associate_assessment_report_evidence_folder.html:56:1 (auditmanager_associate_assessment_report_evidence_folder.Rd:16): Warning: missing </ul> before </div>
auditmanager_batch_associate_assessment_report_evidence.html:61:1 (auditmanager_batch_associate_assessment_report_evidence.Rd:19): Warning: missing </ul> before </div>
auditmanager_batch_create_delegation_by_assessment.html:55:1 (auditmanager_batch_create_delegation_by_assessment.Rd:15): Warning: missing </ul> before </div>
auditmanager_batch_delete_delegation_by_assessment.html:52:1 (auditmanager_batch_delete_delegation_by_assessment.Rd:12): Warning: missing </ul> before </div>
auditmanager_batch_disassociate_assessment_report_evidence.html:61:1 (auditmanager_batch_disassociate_assessment_report_evidence.Rd:19): Warning: missing </ul> before </div>
auditmanager_batch_import_evidence_to_assessment_control.html:66:1 (auditmanager_batch_import_evidence_to_assessment_control.Rd:22): Warning: missing </ul> before </div>
auditmanager_create_assessment.html:82:1 (auditmanager_create_assessment.Rd:32): Warning: missing </ul> before </div>
auditmanager_create_assessment_framework.html:71:1 (auditmanager_create_assessment_framework.Rd:25): Warning: missing </ul> before </div>
auditmanager_create_assessment_report.html:80:1 (auditmanager_create_assessment_report.Rd:36): Warning: missing </ul> before </div>
auditmanager_create_control.html:80:1 (auditmanager_create_control.Rd:30): Warning: missing </ul> before </div>
auditmanager_delete_assessment.html:48:1 (auditmanager_delete_assessment.Rd:10): Warning: missing </ul> before </div>
auditmanager_delete_assessment_framework.html:48:1 (auditmanager_delete_assessment_framework.Rd:10): Warning: missing </ul> before </div>
auditmanager_delete_assessment_framework_share.html:53:1 (auditmanager_delete_assessment_framework_share.Rd:13): Warning: missing </ul> before </div>
auditmanager_delete_assessment_report.html:52:1 (auditmanager_delete_assessment_report.Rd:12): Warning: missing </ul> before </div>
auditmanager_delete_control.html:48:1 (auditmanager_delete_control.Rd:10): Warning: missing </ul> before </div>
auditmanager_deregister_organization_admin_account.html:49:1 (auditmanager_deregister_organization_admin_account.Rd:11): Warning: missing </ul> before </div>
auditmanager_disassociate_assessment_report_evidence_folder.html:56:1 (auditmanager_disassociate_assessment_report_evidence_folder.Rd:16): Warning: missing </ul> before </div>
auditmanager_get_assessment.html:48:1 (auditmanager_get_assessment.Rd:10): Warning: missing </ul> before </div>
auditmanager_get_assessment_framework.html:48:1 (auditmanager_get_assessment_framework.Rd:10): Warning: missing </ul> before </div>
auditmanager_get_assessment_report_url.html:52:1 (auditmanager_get_assessment_report_url.Rd:12): Warning: missing </ul> before </div>
auditmanager_get_change_logs.html:71:1 (auditmanager_get_change_logs.Rd:25): Warning: missing </ul> before </div>
auditmanager_get_control.html:48:1 (auditmanager_get_control.Rd:10): Warning: missing </ul> before </div>
auditmanager_get_delegations.html:53:1 (auditmanager_get_delegations.Rd:13): Warning: missing </ul> before </div>
auditmanager_get_evidence.html:65:1 (auditmanager_get_evidence.Rd:21): Warning: missing </ul> before </div>
auditmanager_get_evidence_by_evidence_folder.html:71:1 (auditmanager_get_evidence_by_evidence_folder.Rd:25): Warning: missing </ul> before </div>
auditmanager_get_evidence_file_upload_url.html:51:1 (auditmanager_get_evidence_file_upload_url.Rd:13): Warning: missing </ul> before </div>
auditmanager_get_evidence_folder.html:56:1 (auditmanager_get_evidence_folder.Rd:14): Warning: missing </ul> before </div>
auditmanager_get_evidence_folders_by_assessment.html:61:1 (auditmanager_get_evidence_folders_by_assessment.Rd:19): Warning: missing </ul> before </div>
auditmanager_get_evidence_folders_by_assessment_control.html:72:1 (auditmanager_get_evidence_folders_by_assessment_control.Rd:26): Warning: missing </ul> before </div>
auditmanager_get_insights_by_assessment.html:48:1 (auditmanager_get_insights_by_assessment.Rd:10): Warning: missing </ul> before </div>
auditmanager_get_settings.html:48:1 (auditmanager_get_settings.Rd:10): Warning: missing </ul> before </div>
auditmanager_list_asses_contr_insig_by_contr_domai.html:73:1 (auditmanager_list_asses_contr_insig_by_contr_domai.Rd:29): Warning: missing </ul> before </div>
auditmanager_list_assessment_framework_share_requests.html:63:1 (auditmanager_list_assessment_framework_share_requests.Rd:21): Warning: missing </ul> before </div>
auditmanager_list_assessment_frameworks.html:63:1 (auditmanager_list_assessment_frameworks.Rd:21): Warning: missing </ul> before </div>
auditmanager_list_assessment_reports.html:53:1 (auditmanager_list_assessment_reports.Rd:13): Warning: missing </ul> before </div>
auditmanager_list_assessments.html:61:1 (auditmanager_list_assessments.Rd:19): Warning: missing </ul> before </div>
auditmanager_list_control_domain_insights.html:54:1 (auditmanager_list_control_domain_insights.Rd:14): Warning: missing </ul> before </div>
auditmanager_list_control_domain_insights_by_assessment.html:62:1 (auditmanager_list_control_domain_insights_by_assessment.Rd:20): Warning: missing </ul> before </div>
auditmanager_list_control_insights_by_control_domain.html:68:1 (auditmanager_list_control_insights_by_control_domain.Rd:26): Warning: missing </ul> before </div>
auditmanager_list_controls.html:88:1 (auditmanager_list_controls.Rd:44): Warning: missing </ul> before </div>
auditmanager_list_keywords_for_data_source.html:62:1 (auditmanager_list_keywords_for_data_source.Rd:20): Warning: missing </ul> before </div>
auditmanager_list_notifications.html:53:1 (auditmanager_list_notifications.Rd:13): Warning: missing </ul> before </div>
auditmanager_list_tags_for_resource.html:48:1 (auditmanager_list_tags_for_resource.Rd:10): Warning: missing </ul> before </div>
auditmanager_register_account.html:52:1 (auditmanager_register_account.Rd:12): Warning: missing </ul> before </div>
auditmanager_register_organization_admin_account.html:49:1 (auditmanager_register_organization_admin_account.Rd:11): Warning: missing </ul> before </div>
auditmanager_start_assessment_framework_share.html:65:1 (auditmanager_start_assessment_framework_share.Rd:21): Warning: missing </ul> before </div>
auditmanager_tag_resource.html:52:1 (auditmanager_tag_resource.Rd:12): Warning: missing </ul> before </div>
auditmanager_untag_resource.html:52:1 (auditmanager_untag_resource.Rd:12): Warning: missing </ul> before </div>
auditmanager_update_assessment.html:76:1 (auditmanager_update_assessment.Rd:28): Warning: missing </ul> before </div>
auditmanager_update_assessment_control.html:70:1 (auditmanager_update_assessment_control.Rd:24): Warning: missing </ul> before </div>
auditmanager_update_assessment_control_set_status.html:65:1 (auditmanager_update_assessment_control_set_status.Rd:21): Warning: missing </ul> before </div>
auditmanager_update_assessment_framework.html:71:1 (auditmanager_update_assessment_framework.Rd:25): Warning: missing </ul> before </div>
auditmanager_update_assessment_framework_share.html:57:1 (auditmanager_update_assessment_framework_share.Rd:15): Warning: missing </ul> before </div>
auditmanager_update_assessment_status.html:52:1 (auditmanager_update_assessment_status.Rd:12): Warning: missing </ul> before </div>
auditmanager_update_control.html:80:1 (auditmanager_update_control.Rd:30): Warning: missing </ul> before </div>
auditmanager_update_settings.html:93:1 (auditmanager_update_settings.Rd:43): Warning: missing </ul> before </div>
auditmanager_validate_assessment_report_integrity.html:49:1 (auditmanager_validate_assessment_report_integrity.Rd:11): Warning: missing </ul> before </div>
autoscaling_attach_instances.html:52:1 (autoscaling_attach_instances.Rd:12): Warning: missing </ul> before </div>
autoscaling_attach_load_balancer_target_groups.html:60:1 (autoscaling_attach_load_balancer_target_groups.Rd:20): Warning: missing </ul> before </div>
autoscaling_attach_load_balancers.html:53:1 (autoscaling_attach_load_balancers.Rd:13): Warning: missing </ul> before </div>
autoscaling_attach_traffic_sources.html:64:1 (autoscaling_attach_traffic_sources.Rd:22): Warning: missing </ul> before </div>
autoscaling_batch_delete_scheduled_action.html:57:1 (autoscaling_batch_delete_scheduled_action.Rd:17): Warning: missing </ul> before </div>
autoscaling_batch_put_scheduled_update_group_action.html:56:1 (autoscaling_batch_put_scheduled_update_group_action.Rd:16): Warning: missing </ul> before </div>
autoscaling_cancel_instance_refresh.html:48:1 (autoscaling_cancel_instance_refresh.Rd:10): Warning: missing </ul> before </div>
autoscaling_complete_lifecycle_action.html:75:1 (autoscaling_complete_lifecycle_action.Rd:29): Warning: missing </ul> before </div>
autoscaling_create_auto_scaling_group.html:359:1 (autoscaling_create_auto_scaling_group.Rd:259): Warning: missing </ul> before </div>
autoscaling_create_launch_configuration.html:234:1 (autoscaling_create_launch_configuration.Rd:160): Warning: missing </ul> before </div>
autoscaling_create_or_update_tags.html:48:1 (autoscaling_create_or_update_tags.Rd:10): Warning: missing </ul> before </div>
autoscaling_delete_auto_scaling_group.html:55:1 (autoscaling_delete_auto_scaling_group.Rd:15): Warning: missing </ul> before </div>
autoscaling_delete_launch_configuration.html:48:1 (autoscaling_delete_launch_configuration.Rd:10): Warning: missing </ul> before </div>
autoscaling_delete_lifecycle_hook.html:52:1 (autoscaling_delete_lifecycle_hook.Rd:12): Warning: missing </ul> before </div>
autoscaling_delete_notification_configuration.html:52:1 (autoscaling_delete_notification_configuration.Rd:12): Warning: missing </ul> before </div>
autoscaling_delete_policy.html:52:1 (autoscaling_delete_policy.Rd:12): Warning: missing </ul> before </div>
autoscaling_delete_scheduled_action.html:52:1 (autoscaling_delete_scheduled_action.Rd:12): Warning: missing </ul> before </div>
autoscaling_delete_tags.html:48:1 (autoscaling_delete_tags.Rd:10): Warning: missing </ul> before </div>
autoscaling_delete_warm_pool.html:55:1 (autoscaling_delete_warm_pool.Rd:15): Warning: missing </ul> before </div>
autoscaling_describe_auto_scaling_groups.html:71:1 (autoscaling_describe_auto_scaling_groups.Rd:27): Warning: missing </ul> before </div>
autoscaling_describe_auto_scaling_instances.html:67:1 (autoscaling_describe_auto_scaling_instances.Rd:25): Warning: missing </ul> before </div>
autoscaling_describe_instance_refreshes.html:68:1 (autoscaling_describe_instance_refreshes.Rd:24): Warning: missing </ul> before </div>
autoscaling_describe_launch_configurations.html:66:1 (autoscaling_describe_launch_configurations.Rd:24): Warning: missing </ul> before </div>
autoscaling_describe_lifecycle_hooks.html:57:1 (autoscaling_describe_lifecycle_hooks.Rd:17): Warning: missing </ul> before </div>
autoscaling_describe_load_balancer_target_groups.html:63:1 (autoscaling_describe_load_balancer_target_groups.Rd:21): Warning: missing </ul> before </div>
autoscaling_describe_load_balancers.html:63:1 (autoscaling_describe_load_balancers.Rd:21): Warning: missing </ul> before </div>
autoscaling_describe_notification_configurations.html:63:1 (autoscaling_describe_notification_configurations.Rd:21): Warning: missing </ul> before </div>
autoscaling_describe_policies.html:78:1 (autoscaling_describe_policies.Rd:32): Warning: missing </ul> before </div>
autoscaling_describe_scaling_activities.html:78:1 (autoscaling_describe_scaling_activities.Rd:32): Warning: missing </ul> before </div>
autoscaling_describe_scheduled_actions.html:84:1 (autoscaling_describe_scheduled_actions.Rd:36): Warning: missing </ul> before </div>
autoscaling_describe_tags.html:59:1 (autoscaling_describe_tags.Rd:17): Warning: missing </ul> before </div>
autoscaling_describe_traffic_sources.html:83:1 (autoscaling_describe_traffic_sources.Rd:32): Warning: missing </ul> before </div>
autoscaling_describe_warm_pool.html:62:1 (autoscaling_describe_warm_pool.Rd:20): Warning: missing </ul> before </div>
autoscaling_detach_instances.html:61:1 (autoscaling_detach_instances.Rd:19): Warning: missing </ul> before </div>
autoscaling_detach_load_balancer_target_groups.html:57:1 (autoscaling_detach_load_balancer_target_groups.Rd:17): Warning: missing </ul> before </div>
autoscaling_detach_load_balancers.html:54:1 (autoscaling_detach_load_balancers.Rd:14): Warning: missing </ul> before </div>
autoscaling_detach_traffic_sources.html:54:1 (autoscaling_detach_traffic_sources.Rd:14): Warning: missing </ul> before </div>
autoscaling_disable_metrics_collection.html:122:1 (autoscaling_disable_metrics_collection.Rd:41): Warning: missing </ul> before </div>
autoscaling_enable_metrics_collection.html:132:1 (autoscaling_enable_metrics_collection.Rd:49): Warning: missing </ul> before </div>
autoscaling_enter_standby.html:61:1 (autoscaling_enter_standby.Rd:19): Warning: missing </ul> before </div>
autoscaling_execute_policy.html:88:1 (autoscaling_execute_policy.Rd:42): Warning: missing </ul> before </div>
autoscaling_exit_standby.html:52:1 (autoscaling_exit_standby.Rd:12): Warning: missing </ul> before </div>
autoscaling_get_predictive_scaling_forecast.html:73:1 (autoscaling_get_predictive_scaling_forecast.Rd:29): Warning: missing </ul> before </div>
autoscaling_put_lifecycle_hook.html:125:1 (autoscaling_put_lifecycle_hook.Rd:68): Warning: missing </ul> before </div>
autoscaling_put_notification_configuration.html:64:1 (autoscaling_put_notification_configuration.Rd:22): Warning: missing </ul> before </div>
autoscaling_put_scaling_policy.html:226:1 (autoscaling_put_scaling_policy.Rd:144): Warning: missing </ul> before </div>
autoscaling_put_scheduled_update_group_action.html:123:1 (autoscaling_put_scheduled_update_group_action.Rd:67): Warning: missing </ul> before </div>
autoscaling_put_warm_pool.html:95:1 (autoscaling_put_warm_pool.Rd:49): Warning: missing </ul> before </div>
autoscaling_record_lifecycle_action_heartbeat.html:69:1 (autoscaling_record_lifecycle_action_heartbeat.Rd:25): Warning: missing </ul> before </div>
autoscaling_resume_processes.html:85:1 (autoscaling_resume_processes.Rd:26): Warning: missing </ul> before </div>
autoscaling_rollback_instance_refresh.html:49:1 (autoscaling_rollback_instance_refresh.Rd:11): Warning: missing </ul> before </div>
autoscaling_set_desired_capacity.html:64:1 (autoscaling_set_desired_capacity.Rd:22): Warning: missing </ul> before </div>
autoscaling_set_instance_health.html:69:1 (autoscaling_set_instance_health.Rd:27): Warning: missing </ul> before </div>
autoscaling_set_instance_protection.html:61:1 (autoscaling_set_instance_protection.Rd:19): Warning: missing </ul> before </div>
autoscaling_start_instance_refresh.html:102:1 (autoscaling_start_instance_refresh.Rd:47): Warning: missing </ul> before </div>
autoscaling_suspend_processes.html:85:1 (autoscaling_suspend_processes.Rd:26): Warning: missing </ul> before </div>
autoscaling_terminate_instance_in_auto_scaling_group.html:57:1 (autoscaling_terminate_instance_in_auto_scaling_group.Rd:17): Warning: missing </ul> before </div>
autoscaling_update_auto_scaling_group.html:270:1 (autoscaling_update_auto_scaling_group.Rd:182): Warning: missing </ul> before </div>
autoscalingplans_create_scaling_plan.html:70:1 (autoscalingplans_create_scaling_plan.Rd:28): Warning: missing </ul> before </div>
autoscalingplans_delete_scaling_plan.html:53:1 (autoscalingplans_delete_scaling_plan.Rd:13): Warning: missing </ul> before </div>
autoscalingplans_describe_scaling_plan_resources.html:67:1 (autoscalingplans_describe_scaling_plan_resources.Rd:23): Warning: missing </ul> before </div>
autoscalingplans_describe_scaling_plans.html:77:1 (autoscalingplans_describe_scaling_plans.Rd:31): Warning: missing </ul> before </div>
autoscalingplans_get_scaling_plan_resource_forecast_data.html:117:1 (autoscalingplans_get_scaling_plan_resource_forecast_data.Rd:56): Warning: missing </ul> before </div>
autoscalingplans_update_scaling_plan.html:74:1 (autoscalingplans_update_scaling_plan.Rd:30): Warning: missing </ul> before </div>
cloudformation_activate_type.html:138:1 (cloudformation_activate_type.Rd:77): Warning: missing </ul> before </div>
cloudformation_batch_describe_type_configurations.html:49:1 (cloudformation_batch_describe_type_configurations.Rd:11): Warning: missing </ul> before </div>
cloudformation_cancel_update_stack.html:67:1 (cloudformation_cancel_update_stack.Rd:27): Warning: missing </ul> before </div>
cloudformation_continue_update_rollback.html:124:1 (cloudformation_continue_update_rollback.Rd:80): Warning: missing </ul> before </div>
cloudformation_create_change_set.html:344:1 (cloudformation_create_change_set.Rd:234): Warning: missing </ul> before </div>
cloudformation_create_generated_template.html:73:1 (cloudformation_create_generated_template.Rd:29): Warning: missing </ul> before </div>
cloudformation_create_stack.html:333:1 (cloudformation_create_stack.Rd:232): Warning: missing </ul> before </div>
cloudformation_create_stack_instances.html:161:1 (cloudformation_create_stack_instances.Rd:95): Warning: missing </ul> before </div>
cloudformation_create_stack_refactor.html:67:1 (cloudformation_create_stack_refactor.Rd:23): Warning: missing </ul> before </div>
cloudformation_create_stack_set.html:290:1 (cloudformation_create_stack_set.Rd:187): Warning: missing </ul> before </div>
cloudformation_deactivate_type.html:66:1 (cloudformation_deactivate_type.Rd:24): Warning: missing </ul> before </div>
cloudformation_delete_change_set.html:54:1 (cloudformation_delete_change_set.Rd:14): Warning: missing </ul> before </div>
cloudformation_delete_generated_template.html:48:1 (cloudformation_delete_generated_template.Rd:10): Warning: missing </ul> before </div>
cloudformation_delete_stack.html:113:1 (cloudformation_delete_stack.Rd:62): Warning: missing </ul> before </div>
cloudformation_delete_stack_instances.html:129:1 (cloudformation_delete_stack_instances.Rd:72): Warning: missing </ul> before </div>
cloudformation_delete_stack_set.html:74:1 (cloudformation_delete_stack_set.Rd:29): Warning: missing </ul> before </div>
cloudformation_deregister_type.html:74:1 (cloudformation_deregister_type.Rd:30): Warning: missing </ul> before </div>
cloudformation_describe_account_limits.html:50:1 (cloudformation_describe_account_limits.Rd:12): Warning: missing </ul> before </div>
cloudformation_describe_change_set.html:72:1 (cloudformation_describe_change_set.Rd:28): Warning: missing </ul> before </div>
cloudformation_describe_change_set_hooks.html:72:1 (cloudformation_describe_change_set_hooks.Rd:28): Warning: missing </ul> before </div>
cloudformation_describe_generated_template.html:48:1 (cloudformation_describe_generated_template.Rd:10): Warning: missing </ul> before </div>
cloudformation_describe_organizations_access.html:67:1 (cloudformation_describe_organizations_access.Rd:24): Warning: missing </ul> before </div>
cloudformation_describe_publisher.html:53:1 (cloudformation_describe_publisher.Rd:15): Warning: missing </ul> before </div>
cloudformation_describe_resource_scan.html:48:1 (cloudformation_describe_resource_scan.Rd:10): Warning: missing </ul> before </div>
cloudformation_describe_stack_drift_detection_status.html:52:1 (cloudformation_describe_stack_drift_detection_status.Rd:14): Warning: missing </ul> before </div>
cloudformation_describe_stack_events.html:67:1 (cloudformation_describe_stack_events.Rd:22): Warning: missing </ul> before </div>
cloudformation_describe_stack_instance.html:88:1 (cloudformation_describe_stack_instance.Rd:39): Warning: missing </ul> before </div>
cloudformation_describe_stack_refactor.html:49:1 (cloudformation_describe_stack_refactor.Rd:11): Warning: missing </ul> before </div>
cloudformation_describe_stack_resource.html:67:1 (cloudformation_describe_stack_resource.Rd:22): Warning: missing </ul> before </div>
cloudformation_describe_stack_resource_drifts.html:88:1 (cloudformation_describe_stack_resource_drifts.Rd:35): Warning: missing </ul> before </div>
cloudformation_describe_stack_resources.html:92:1 (cloudformation_describe_stack_resources.Rd:45): Warning: missing </ul> before </div>
cloudformation_describe_stack_set.html:72:1 (cloudformation_describe_stack_set.Rd:27): Warning: missing </ul> before </div>
cloudformation_describe_stack_set_operation.html:81:1 (cloudformation_describe_stack_set_operation.Rd:34): Warning: missing </ul> before </div>
cloudformation_describe_stacks.html:83:1 (cloudformation_describe_stacks.Rd:38): Warning: missing </ul> before </div>
cloudformation_describe_type.html:91:1 (cloudformation_describe_type.Rd:43): Warning: missing </ul> before </div>
cloudformation_describe_type_registration.html:53:1 (cloudformation_describe_type_registration.Rd:15): Warning: missing </ul> before </div>
cloudformation_detect_stack_drift.html:54:1 (cloudformation_detect_stack_drift.Rd:14): Warning: missing </ul> before </div>
cloudformation_detect_stack_resource_drift.html:54:1 (cloudformation_detect_stack_resource_drift.Rd:14): Warning: missing </ul> before </div>
cloudformation_detect_stack_set_drift.html:90:1 (cloudformation_detect_stack_set_drift.Rd:41): Warning: missing </ul> before </div>
cloudformation_estimate_template_cost.html:70:1 (cloudformation_estimate_template_cost.Rd:28): Warning: missing </ul> before </div>
cloudformation_execute_change_set.html:106:1 (cloudformation_execute_change_set.Rd:55): Warning: missing </ul> before </div>
cloudformation_execute_stack_refactor.html:49:1 (cloudformation_execute_stack_refactor.Rd:11): Warning: missing </ul> before </div>
cloudformation_get_generated_template.html:66:1 (cloudformation_get_generated_template.Rd:21): Warning: missing </ul> before </div>
cloudformation_get_stack_policy.html:49:1 (cloudformation_get_stack_policy.Rd:11): Warning: missing </ul> before </div>
cloudformation_get_template.html:82:1 (cloudformation_get_template.Rd:35): Warning: missing </ul> before </div>
cloudformation_get_template_summary.html:116:1 (cloudformation_get_template_summary.Rd:63): Warning: missing </ul> before </div>
cloudformation_import_stacks_to_stack_set.html:101:1 (cloudformation_import_stacks_to_stack_set.Rd:46): Warning: missing </ul> before </div>
cloudformation_list_change_sets.html:55:1 (cloudformation_list_change_sets.Rd:15): Warning: missing </ul> before </div>
cloudformation_list_exports.html:51:1 (cloudformation_list_exports.Rd:13): Warning: missing </ul> before </div>
cloudformation_list_generated_templates.html:57:1 (cloudformation_list_generated_templates.Rd:17): Warning: missing </ul> before </div>
cloudformation_list_hook_results.html:64:1 (cloudformation_list_hook_results.Rd:22): Warning: missing </ul> before </div>
cloudformation_list_imports.html:55:1 (cloudformation_list_imports.Rd:15): Warning: missing </ul> before </div>
cloudformation_list_resource_scan_related_resources.html:71:1 (cloudformation_list_resource_scan_related_resources.Rd:27): Warning: missing </ul> before </div>
cloudformation_list_resource_scan_resources.html:88:1 (cloudformation_list_resource_scan_resources.Rd:38): Warning: missing </ul> before </div>
cloudformation_list_resource_scans.html:55:1 (cloudformation_list_resource_scans.Rd:15): Warning: missing </ul> before </div>
cloudformation_list_stack_instance_resource_drifts.html:133:1 (cloudformation_list_stack_instance_resource_drifts.Rd:67): Warning: missing </ul> before </div>
cloudformation_list_stack_instances.html:112:1 (cloudformation_list_stack_instances.Rd:57): Warning: missing </ul> before </div>
cloudformation_list_stack_refactor_actions.html:69:1 (cloudformation_list_stack_refactor_actions.Rd:27): Warning: missing </ul> before </div>
cloudformation_list_stack_refactors.html:69:1 (cloudformation_list_stack_refactors.Rd:27): Warning: missing </ul> before </div>
cloudformation_list_stack_resources.html:66:1 (cloudformation_list_stack_resources.Rd:21): Warning: missing </ul> before </div>
cloudformation_list_stack_set_auto_deployment_targets.html:90:1 (cloudformation_list_stack_set_auto_deployment_targets.Rd:41): Warning: missing </ul> before </div>
cloudformation_list_stack_set_operation_results.html:105:1 (cloudformation_list_stack_set_operation_results.Rd:52): Warning: missing </ul> before </div>
cloudformation_list_stack_set_operations.html:95:1 (cloudformation_list_stack_set_operations.Rd:46): Warning: missing </ul> before </div>
cloudformation_list_stack_sets.html:96:1 (cloudformation_list_stack_sets.Rd:47): Warning: missing </ul> before </div>
cloudformation_list_stacks.html:57:1 (cloudformation_list_stacks.Rd:17): Warning: missing </ul> before </div>
cloudformation_list_type_registrations.html:91:1 (cloudformation_list_type_registrations.Rd:43): Warning: missing </ul> before </div>
cloudformation_list_type_versions.html:115:1 (cloudformation_list_type_versions.Rd:60): Warning: missing </ul> before </div>
cloudformation_list_types.html:159:1 (cloudformation_list_types.Rd:87): Warning: missing </ul> before </div>
cloudformation_publish_type.html:86:1 (cloudformation_publish_type.Rd:42): Warning: missing </ul> before </div>
cloudformation_record_handler_progress.html:80:1 (cloudformation_record_handler_progress.Rd:30): Warning: missing </ul> before </div>
cloudformation_register_publisher.html:66:1 (cloudformation_register_publisher.Rd:26): Warning: missing </ul> before </div>
cloudformation_register_type.html:146:1 (cloudformation_register_type.Rd:78): Warning: missing </ul> before </div>
cloudformation_rollback_stack.html:72:1 (cloudformation_rollback_stack.Rd:28): Warning: missing </ul> before </div>
cloudformation_set_stack_policy.html:67:1 (cloudformation_set_stack_policy.Rd:25): Warning: missing </ul> before </div>
cloudformation_set_type_configuration.html:98:1 (cloudformation_set_type_configuration.Rd:52): Warning: missing </ul> before </div>
cloudformation_set_type_default_version.html:74:1 (cloudformation_set_type_default_version.Rd:30): Warning: missing </ul> before </div>
cloudformation_signal_resource.html:68:1 (cloudformation_signal_resource.Rd:24): Warning: missing </ul> before </div>
cloudformation_start_resource_scan.html:51:1 (cloudformation_start_resource_scan.Rd:13): Warning: missing </ul> before </div>
cloudformation_stop_stack_set_operation.html:82:1 (cloudformation_stop_stack_set_operation.Rd:35): Warning: missing </ul> before </div>
cloudformation_test_type.html:104:1 (cloudformation_test_type.Rd:53): Warning: missing </ul> before </div>
cloudformation_update_generated_template.html:81:1 (cloudformation_update_generated_template.Rd:33): Warning: missing </ul> before </div>
cloudformation_update_stack.html:343:1 (cloudformation_update_stack.Rd:242): Warning: missing </ul> before </div>
cloudformation_update_stack_instances.html:172:1 (cloudformation_update_stack_instances.Rd:106): Warning: missing </ul> before </div>
cloudformation_update_stack_set.html:389:1 (cloudformation_update_stack_set.Rd:271): Warning: missing </ul> before </div>
cloudformation_update_termination_protection.html:56:1 (cloudformation_update_termination_protection.Rd:16): Warning: missing </ul> before </div>
cloudformation_validate_template.html:62:1 (cloudformation_validate_template.Rd:22): Warning: missing </ul> before </div>
cloudtrail_add_tags.html:66:1 (cloudtrail_add_tags.Rd:26): Warning: missing </ul> before </div>
cloudtrail_cancel_query.html:63:1 (cloudtrail_cancel_query.Rd:21): Warning: missing </ul> before </div>
cloudtrail_create_channel.html:68:1 (cloudtrail_create_channel.Rd:25): Warning: missing </ul> before </div>
cloudtrail_create_dashboard.html:81:1 (cloudtrail_create_dashboard.Rd:36): Warning: missing </ul> before </div>
cloudtrail_create_event_data_store.html:185:1 (cloudtrail_create_event_data_store.Rd:116): Warning: missing </ul> before </div>
cloudtrail_create_trail.html:181:1 (cloudtrail_create_trail.Rd:102): Warning: missing </ul> before </div>
cloudtrail_delete_channel.html:48:1 (cloudtrail_delete_channel.Rd:10): Warning: missing </ul> before </div>
cloudtrail_delete_dashboard.html:48:1 (cloudtrail_delete_dashboard.Rd:10): Warning: missing </ul> before </div>
cloudtrail_delete_event_data_store.html:49:1 (cloudtrail_delete_event_data_store.Rd:11): Warning: missing </ul> before </div>
cloudtrail_delete_resource_policy.html:59:1 (cloudtrail_delete_resource_policy.Rd:21): Warning: missing </ul> before </div>
cloudtrail_delete_trail.html:50:1 (cloudtrail_delete_trail.Rd:12): Warning: missing </ul> before </div>
cloudtrail_deregister_organization_delegated_admin.html:50:1 (cloudtrail_deregister_organization_delegated_admin.Rd:12): Warning: missing </ul> before </div>
cloudtrail_describe_query.html:72:1 (cloudtrail_describe_query.Rd:26): Warning: missing </ul> before </div>
cloudtrail_describe_trails.html:81:1 (cloudtrail_describe_trails.Rd:36): Warning: missing </ul> before </div>
cloudtrail_disable_federation.html:49:1 (cloudtrail_disable_federation.Rd:11): Warning: missing </ul> before </div>
cloudtrail_enable_federation.html:56:1 (cloudtrail_enable_federation.Rd:16): Warning: missing </ul> before </div>
cloudtrail_generate_query.html:55:1 (cloudtrail_generate_query.Rd:15): Warning: missing </ul> before </div>
cloudtrail_get_channel.html:48:1 (cloudtrail_get_channel.Rd:10): Warning: missing </ul> before </div>
cloudtrail_get_dashboard.html:48:1 (cloudtrail_get_dashboard.Rd:10): Warning: missing </ul> before </div>
cloudtrail_get_event_data_store.html:50:1 (cloudtrail_get_event_data_store.Rd:12): Warning: missing </ul> before </div>
cloudtrail_get_event_selectors.html:74:1 (cloudtrail_get_event_selectors.Rd:25): Warning: missing </ul> before </div>
cloudtrail_get_import.html:48:1 (cloudtrail_get_import.Rd:10): Warning: missing </ul> before </div>
cloudtrail_get_insight_selectors.html:83:1 (cloudtrail_get_insight_selectors.Rd:32): Warning: missing </ul> before </div>
cloudtrail_get_query_results.html:71:1 (cloudtrail_get_query_results.Rd:25): Warning: missing </ul> before </div>
cloudtrail_get_resource_policy.html:59:1 (cloudtrail_get_resource_policy.Rd:21): Warning: missing </ul> before </div>
cloudtrail_get_trail.html:49:1 (cloudtrail_get_trail.Rd:11): Warning: missing </ul> before </div>
cloudtrail_get_trail_status.html:57:1 (cloudtrail_get_trail_status.Rd:19): Warning: missing </ul> before </div>
cloudtrail_list_channels.html:56:1 (cloudtrail_list_channels.Rd:16): Warning: missing </ul> before </div>
cloudtrail_list_dashboards.html:66:1 (cloudtrail_list_dashboards.Rd:22): Warning: missing </ul> before </div>
cloudtrail_list_event_data_stores.html:53:1 (cloudtrail_list_event_data_stores.Rd:13): Warning: missing </ul> before </div>
cloudtrail_list_import_failures.html:56:1 (cloudtrail_list_import_failures.Rd:14): Warning: missing </ul> before </div>
cloudtrail_list_imports.html:66:1 (cloudtrail_list_imports.Rd:22): Warning: missing </ul> before </div>
cloudtrail_list_insights_metric_data.html:122:1 (cloudtrail_list_insights_metric_data.Rd:66): Warning: missing </ul> before </div>
cloudtrail_list_public_keys.html:61:1 (cloudtrail_list_public_keys.Rd:19): Warning: missing </ul> before </div>
cloudtrail_list_queries.html:82:1 (cloudtrail_list_queries.Rd:34): Warning: missing </ul> before </div>
cloudtrail_list_tags.html:66:1 (cloudtrail_list_tags.Rd:26): Warning: missing </ul> before </div>
cloudtrail_list_trails.html:52:1 (cloudtrail_list_trails.Rd:14): Warning: missing </ul> before </div>
cloudtrail_lookup_events.html:89:1 (cloudtrail_lookup_events.Rd:41): Warning: missing </ul> before </div>
cloudtrail_put_event_selectors.html:119:1 (cloudtrail_put_event_selectors.Rd:59): Warning: missing </ul> before </div>
cloudtrail_put_insight_selectors.html:91:1 (cloudtrail_put_insight_selectors.Rd:47): Warning: missing </ul> before </div>
cloudtrail_put_resource_policy.html:67:1 (cloudtrail_put_resource_policy.Rd:27): Warning: missing </ul> before </div>
cloudtrail_register_organization_delegated_admin.html:50:1 (cloudtrail_register_organization_delegated_admin.Rd:12): Warning: missing </ul> before </div>
cloudtrail_remove_tags.html:66:1 (cloudtrail_remove_tags.Rd:26): Warning: missing </ul> before </div>
cloudtrail_restore_event_data_store.html:50:1 (cloudtrail_restore_event_data_store.Rd:12): Warning: missing </ul> before </div>
cloudtrail_search_sample_queries.html:64:1 (cloudtrail_search_sample_queries.Rd:22): Warning: missing </ul> before </div>
cloudtrail_start_dashboard_refresh.html:59:1 (cloudtrail_start_dashboard_refresh.Rd:19): Warning: missing </ul> before </div>
cloudtrail_start_event_data_store_ingestion.html:50:1 (cloudtrail_start_event_data_store_ingestion.Rd:12): Warning: missing </ul> before </div>
cloudtrail_start_import.html:84:1 (cloudtrail_start_import.Rd:38): Warning: missing </ul> before </div>
cloudtrail_start_logging.html:53:1 (cloudtrail_start_logging.Rd:15): Warning: missing </ul> before </div>
cloudtrail_start_query.html:70:1 (cloudtrail_start_query.Rd:24): Warning: missing </ul> before </div>
cloudtrail_stop_event_data_store_ingestion.html:50:1 (cloudtrail_stop_event_data_store_ingestion.Rd:12): Warning: missing </ul> before </div>
cloudtrail_stop_import.html:48:1 (cloudtrail_stop_import.Rd:10): Warning: missing </ul> before </div>
cloudtrail_stop_logging.html:53:1 (cloudtrail_stop_logging.Rd:15): Warning: missing </ul> before </div>
cloudtrail_update_channel.html:57:1 (cloudtrail_update_channel.Rd:15): Warning: missing </ul> before </div>
cloudtrail_update_dashboard.html:76:1 (cloudtrail_update_dashboard.Rd:32): Warning: missing </ul> before </div>
cloudtrail_update_event_data_store.html:176:1 (cloudtrail_update_event_data_store.Rd:108): Warning: missing </ul> before </div>
cloudtrail_update_trail.html:191:1 (cloudtrail_update_trail.Rd:113): Warning: missing </ul> before </div>
cloudtraildataservice_put_audit_events.html:63:1 (cloudtraildataservice_put_audit_events.Rd:21): Warning: missing </ul> before </div>
cloudwatch_delete_alarms.html:48:1 (cloudwatch_delete_alarms.Rd:10): Warning: missing </ul> before </div>
cloudwatch_delete_anomaly_detector.html:126:1 (cloudwatch_delete_anomaly_detector.Rd:56): Warning: missing </ul> before </div>
cloudwatch_delete_dashboards.html:48:1 (cloudwatch_delete_dashboards.Rd:10): Warning: missing </ul> before </div>
cloudwatch_delete_insight_rules.html:50:1 (cloudwatch_delete_insight_rules.Rd:12): Warning: missing </ul> before </div>
cloudwatch_delete_metric_stream.html:48:1 (cloudwatch_delete_metric_stream.Rd:10): Warning: missing </ul> before </div>
cloudwatch_describe_alarm_history.html:91:1 (cloudwatch_describe_alarm_history.Rd:39): Warning: missing </ul> before </div>
cloudwatch_describe_alarms.html:139:1 (cloudwatch_describe_alarms.Rd:85): Warning: missing </ul> before </div>
cloudwatch_describe_alarms_for_metric.html:84:1 (cloudwatch_describe_alarms_for_metric.Rd:34): Warning: missing </ul> before </div>
cloudwatch_describe_anomaly_detectors.html:88:1 (cloudwatch_describe_anomaly_detectors.Rd:40): Warning: missing </ul> before </div>
cloudwatch_describe_insight_rules.html:54:1 (cloudwatch_describe_insight_rules.Rd:14): Warning: missing </ul> before </div>
cloudwatch_disable_alarm_actions.html:48:1 (cloudwatch_disable_alarm_actions.Rd:10): Warning: missing </ul> before </div>
cloudwatch_disable_insight_rules.html:50:1 (cloudwatch_disable_insight_rules.Rd:12): Warning: missing </ul> before </div>
cloudwatch_enable_alarm_actions.html:48:1 (cloudwatch_enable_alarm_actions.Rd:10): Warning: missing </ul> before </div>
cloudwatch_enable_insight_rules.html:50:1 (cloudwatch_enable_insight_rules.Rd:12): Warning: missing </ul> before </div>
cloudwatch_get_dashboard.html:48:1 (cloudwatch_get_dashboard.Rd:10): Warning: missing </ul> before </div>
cloudwatch_get_insight_rule_report.html:126:1 (cloudwatch_get_insight_rule_report.Rd:61): Warning: missing </ul> before </div>
cloudwatch_get_metric_data.html:141:1 (cloudwatch_get_metric_data.Rd:84): Warning: missing </ul> before </div>
cloudwatch_get_metric_statistics.html:174:1 (cloudwatch_get_metric_statistics.Rd:106): Warning: missing </ul> before </div>
cloudwatch_get_metric_stream.html:48:1 (cloudwatch_get_metric_stream.Rd:10): Warning: missing </ul> before </div>
cloudwatch_get_metric_widget_image.html:94:1 (cloudwatch_get_metric_widget_image.Rd:54): Warning: missing </ul> before </div>
cloudwatch_list_dashboards.html:55:1 (cloudwatch_list_dashboards.Rd:15): Warning: missing </ul> before </div>
cloudwatch_list_managed_insight_rules.html:64:1 (cloudwatch_list_managed_insight_rules.Rd:22): Warning: missing </ul> before </div>
cloudwatch_list_metric_streams.html:53:1 (cloudwatch_list_metric_streams.Rd:13): Warning: missing </ul> before </div>
cloudwatch_list_metrics.html:97:1 (cloudwatch_list_metrics.Rd:47): Warning: missing </ul> before </div>
cloudwatch_list_tags_for_resource.html:57:1 (cloudwatch_list_tags_for_resource.Rd:19): Warning: missing </ul> before </div>
cloudwatch_put_anomaly_detector.html:141:1 (cloudwatch_put_anomaly_detector.Rd:67): Warning: missing </ul> before </div>
cloudwatch_put_composite_alarm.html:277:1 (cloudwatch_put_composite_alarm.Rd:180): Warning: missing </ul> before </div>
cloudwatch_put_dashboard.html:61:1 (cloudwatch_put_dashboard.Rd:21): Warning: missing </ul> before </div>
cloudwatch_put_insight_rule.html:80:1 (cloudwatch_put_insight_rule.Rd:36): Warning: missing </ul> before </div>
cloudwatch_put_managed_insight_rules.html:49:1 (cloudwatch_put_managed_insight_rules.Rd:11): Warning: missing </ul> before </div>
cloudwatch_put_metric_alarm.html:562:1 (cloudwatch_put_metric_alarm.Rd:354): Warning: missing </ul> before </div>
cloudwatch_put_metric_data.html:129:1 (cloudwatch_put_metric_data.Rd:67): Warning: missing </ul> before </div>
cloudwatch_put_metric_stream.html:146:1 (cloudwatch_put_metric_stream.Rd:87): Warning: missing </ul> before </div>
cloudwatch_set_alarm_state.html:71:1 (cloudwatch_set_alarm_state.Rd:27): Warning: missing </ul> before </div>
cloudwatch_start_metric_streams.html:52:1 (cloudwatch_start_metric_streams.Rd:14): Warning: missing </ul> before </div>
cloudwatch_stop_metric_streams.html:52:1 (cloudwatch_stop_metric_streams.Rd:14): Warning: missing </ul> before </div>
cloudwatch_tag_resource.html:62:1 (cloudwatch_tag_resource.Rd:22): Warning: missing </ul> before </div>
cloudwatch_untag_resource.html:61:1 (cloudwatch_untag_resource.Rd:21): Warning: missing </ul> before </div>
cloudwatchapplicationsignals_bat_get_ser_lev_obj_bud_rep.html:58:1 (cloudwatchapplicationsignals_bat_get_ser_lev_obj_bud_rep.Rd:18): Warning: missing </ul> before </div>
cloudwatchapplicationsignals_create_service_level_objective.html:99:1 (cloudwatchapplicationsignals_create_service_level_objective.Rd:49): Warning: missing </ul> before </div>
cloudwatchapplicationsignals_delete_service_level_objective.html:48:1 (cloudwatchapplicationsignals_delete_service_level_objective.Rd:10): Warning: missing </ul> before </div>
cloudwatchapplicationsignals_get_service.html:93:1 (cloudwatchapplicationsignals_get_service.Rd:40): Warning: missing </ul> before </div>
cloudwatchapplicationsignals_get_service_level_objective.html:51:1 (cloudwatchapplicationsignals_get_service_level_objective.Rd:13): Warning: missing </ul> before </div>
cloudwatchapplicationsignals_list_service_dependencies.html:109:1 (cloudwatchapplicationsignals_list_service_dependencies.Rd:52): Warning: missing </ul> before </div>
cloudwatchapplicationsignals_list_service_dependents.html:110:1 (cloudwatchapplicationsignals_list_service_dependents.Rd:53): Warning: missing </ul> before </div>
cloudwatchapplicationsignals_list_service_level_objectives.html:95:1 (cloudwatchapplicationsignals_list_service_level_objectives.Rd:40): Warning: missing </ul> before </div>
cloudwatchapplicationsignals_list_service_operations.html:110:1 (cloudwatchapplicationsignals_list_service_operations.Rd:53): Warning: missing </ul> before </div>
cloudwatchapplicationsignals_list_services.html:76:1 (cloudwatchapplicationsignals_list_services.Rd:32): Warning: missing </ul> before </div>
cloudwatchapplicationsignals_list_tags_for_resource.html:55:1 (cloudwatchapplicationsignals_list_tags_for_resource.Rd:17): Warning: missing </ul> before </div>
cloudwatchapplicationsignals_tag_resource.html:60:1 (cloudwatchapplicationsignals_tag_resource.Rd:20): Warning: missing </ul> before </div>
cloudwatchapplicationsignals_untag_resource.html:59:1 (cloudwatchapplicationsignals_untag_resource.Rd:19): Warning: missing </ul> before </div>
cloudwatchapplicationsignals_update_service_level_objective.html:85:1 (cloudwatchapplicationsignals_update_service_level_objective.Rd:37): Warning: missing </ul> before </div>
cloudwatchevidently_batch_evaluate_feature.html:54:1 (cloudwatchevidently_batch_evaluate_feature.Rd:14): Warning: missing </ul> before </div>
cloudwatchevidently_create_experiment.html:124:1 (cloudwatchevidently_create_experiment.Rd:68): Warning: missing </ul> before </div>
cloudwatchevidently_create_feature.html:113:1 (cloudwatchevidently_create_feature.Rd:61): Warning: missing </ul> before </div>
cloudwatchevidently_create_launch.html:103:1 (cloudwatchevidently_create_launch.Rd:51): Warning: missing </ul> before </div>
cloudwatchevidently_create_project.html:97:1 (cloudwatchevidently_create_project.Rd:51): Warning: missing </ul> before </div>
cloudwatchevidently_create_segment.html:77:1 (cloudwatchevidently_create_segment.Rd:33): Warning: missing </ul> before </div>
cloudwatchevidently_delete_experiment.html:52:1 (cloudwatchevidently_delete_experiment.Rd:12): Warning: missing </ul> before </div>
cloudwatchevidently_delete_feature.html:52:1 (cloudwatchevidently_delete_feature.Rd:12): Warning: missing </ul> before </div>
cloudwatchevidently_delete_launch.html:52:1 (cloudwatchevidently_delete_launch.Rd:12): Warning: missing </ul> before </div>
cloudwatchevidently_delete_project.html:48:1 (cloudwatchevidently_delete_project.Rd:10): Warning: missing </ul> before </div>
cloudwatchevidently_delete_segment.html:48:1 (cloudwatchevidently_delete_segment.Rd:10): Warning: missing </ul> before </div>
cloudwatchevidently_evaluate_feature.html:73:1 (cloudwatchevidently_evaluate_feature.Rd:29): Warning: missing </ul> before </div>
cloudwatchevidently_get_experiment.html:52:1 (cloudwatchevidently_get_experiment.Rd:12): Warning: missing </ul> before </div>
cloudwatchevidently_get_experiment_results.html:129:1 (cloudwatchevidently_get_experiment_results.Rd:64): Warning: missing </ul> before </div>
cloudwatchevidently_get_feature.html:52:1 (cloudwatchevidently_get_feature.Rd:12): Warning: missing </ul> before </div>
cloudwatchevidently_get_launch.html:52:1 (cloudwatchevidently_get_launch.Rd:12): Warning: missing </ul> before </div>
cloudwatchevidently_get_project.html:48:1 (cloudwatchevidently_get_project.Rd:10): Warning: missing </ul> before </div>
cloudwatchevidently_get_segment.html:48:1 (cloudwatchevidently_get_segment.Rd:10): Warning: missing </ul> before </div>
cloudwatchevidently_list_experiments.html:69:1 (cloudwatchevidently_list_experiments.Rd:25): Warning: missing </ul> before </div>
cloudwatchevidently_list_features.html:59:1 (cloudwatchevidently_list_features.Rd:17): Warning: missing </ul> before </div>
cloudwatchevidently_list_launches.html:69:1 (cloudwatchevidently_list_launches.Rd:25): Warning: missing </ul> before </div>
cloudwatchevidently_list_projects.html:55:1 (cloudwatchevidently_list_projects.Rd:15): Warning: missing </ul> before </div>
cloudwatchevidently_list_segment_references.html:71:1 (cloudwatchevidently_list_segment_references.Rd:27): Warning: missing </ul> before </div>
cloudwatchevidently_list_segments.html:56:1 (cloudwatchevidently_list_segments.Rd:16): Warning: missing </ul> before </div>
cloudwatchevidently_list_tags_for_resource.html:48:1 (cloudwatchevidently_list_tags_for_resource.Rd:10): Warning: missing </ul> before </div>
cloudwatchevidently_put_project_events.html:53:1 (cloudwatchevidently_put_project_events.Rd:13): Warning: missing </ul> before </div>
cloudwatchevidently_start_experiment.html:57:1 (cloudwatchevidently_start_experiment.Rd:15): Warning: missing </ul> before </div>
cloudwatchevidently_start_launch.html:52:1 (cloudwatchevidently_start_launch.Rd:12): Warning: missing </ul> before </div>
cloudwatchevidently_stop_experiment.html:66:1 (cloudwatchevidently_stop_experiment.Rd:22): Warning: missing </ul> before </div>
cloudwatchevidently_stop_launch.html:67:1 (cloudwatchevidently_stop_launch.Rd:23): Warning: missing </ul> before </div>
cloudwatchevidently_tag_resource.html:53:1 (cloudwatchevidently_tag_resource.Rd:13): Warning: missing </ul> before </div>
cloudwatchevidently_test_segment_pattern.html:54:1 (cloudwatchevidently_test_segment_pattern.Rd:14): Warning: missing </ul> before </div>
cloudwatchevidently_untag_resource.html:53:1 (cloudwatchevidently_untag_resource.Rd:13): Warning: missing </ul> before </div>
cloudwatchevidently_update_experiment.html:115:1 (cloudwatchevidently_update_experiment.Rd:59): Warning: missing </ul> before </div>
cloudwatchevidently_update_feature.html:104:1 (cloudwatchevidently_update_feature.Rd:52): Warning: missing </ul> before </div>
cloudwatchevidently_update_launch.html:88:1 (cloudwatchevidently_update_launch.Rd:38): Warning: missing </ul> before </div>
cloudwatchevidently_update_project.html:68:1 (cloudwatchevidently_update_project.Rd:26): Warning: missing </ul> before </div>
cloudwatchevidently_update_project_data_delivery.html:63:1 (cloudwatchevidently_update_project_data_delivery.Rd:21): Warning: missing </ul> before </div>
cloudwatchinternetmonitor_create_monitor.html:123:1 (cloudwatchinternetmonitor_create_monitor.Rd:71): Warning: missing </ul> before </div>
cloudwatchinternetmonitor_delete_monitor.html:48:1 (cloudwatchinternetmonitor_delete_monitor.Rd:10): Warning: missing </ul> before </div>
cloudwatchinternetmonitor_get_health_event.html:67:1 (cloudwatchinternetmonitor_get_health_event.Rd:25): Warning: missing </ul> before </div>
cloudwatchinternetmonitor_get_internet_event.html:49:1 (cloudwatchinternetmonitor_get_internet_event.Rd:11): Warning: missing </ul> before </div>
cloudwatchinternetmonitor_get_monitor.html:57:1 (cloudwatchinternetmonitor_get_monitor.Rd:17): Warning: missing </ul> before </div>
cloudwatchinternetmonitor_get_query_results.html:68:1 (cloudwatchinternetmonitor_get_query_results.Rd:24): Warning: missing </ul> before </div>
cloudwatchinternetmonitor_get_query_status.html:54:1 (cloudwatchinternetmonitor_get_query_status.Rd:14): Warning: missing </ul> before </div>
cloudwatchinternetmonitor_list_health_events.html:88:1 (cloudwatchinternetmonitor_list_health_events.Rd:38): Warning: missing </ul> before </div>
cloudwatchinternetmonitor_list_internet_events.html:79:1 (cloudwatchinternetmonitor_list_internet_events.Rd:31): Warning: missing </ul> before </div>
cloudwatchinternetmonitor_list_monitors.html:77:1 (cloudwatchinternetmonitor_list_monitors.Rd:33): Warning: missing </ul> before </div>
cloudwatchinternetmonitor_list_tags_for_resource.html:48:1 (cloudwatchinternetmonitor_list_tags_for_resource.Rd:10): Warning: missing </ul> before </div>
cloudwatchinternetmonitor_start_query.html:129:1 (cloudwatchinternetmonitor_start_query.Rd:68): Warning: missing </ul> before </div>
cloudwatchinternetmonitor_stop_query.html:53:1 (cloudwatchinternetmonitor_stop_query.Rd:13): Warning: missing </ul> before </div>
cloudwatchinternetmonitor_tag_resource.html:55:1 (cloudwatchinternetmonitor_tag_resource.Rd:15): Warning: missing </ul> before </div>
cloudwatchinternetmonitor_untag_resource.html:52:1 (cloudwatchinternetmonitor_untag_resource.Rd:12): Warning: missing </ul> before </div>
cloudwatchinternetmonitor_update_monitor.html:124:1 (cloudwatchinternetmonitor_update_monitor.Rd:70): Warning: missing </ul> before </div>
cloudwatchlogs_associate_kms_key.html:93:1 (cloudwatchlogs_associate_kms_key.Rd:46): Warning: missing </ul> before </div>
cloudwatchlogs_cancel_export_task.html:48:1 (cloudwatchlogs_cancel_export_task.Rd:10): Warning: missing </ul> before </div>
cloudwatchlogs_create_delivery.html:81:1 (cloudwatchlogs_create_delivery.Rd:33): Warning: missing </ul> before </div>
cloudwatchlogs_create_export_task.html:95:1 (cloudwatchlogs_create_export_task.Rd:45): Warning: missing </ul> before </div>
cloudwatchlogs_create_log_anomaly_detector.html:103:1 (cloudwatchlogs_create_log_anomaly_detector.Rd:53): Warning: missing </ul> before </div>
cloudwatchlogs_create_log_group.html:92:1 (cloudwatchlogs_create_log_group.Rd:43): Warning: missing </ul> before </div>
cloudwatchlogs_create_log_stream.html:52:1 (cloudwatchlogs_create_log_stream.Rd:12): Warning: missing </ul> before </div>
cloudwatchlogs_delete_account_policy.html:52:1 (cloudwatchlogs_delete_account_policy.Rd:12): Warning: missing </ul> before </div>
cloudwatchlogs_delete_data_protection_policy.html:49:1 (cloudwatchlogs_delete_data_protection_policy.Rd:11): Warning: missing </ul> before </div>
cloudwatchlogs_delete_delivery.html:50:1 (cloudwatchlogs_delete_delivery.Rd:12): Warning: missing </ul> before </div>
cloudwatchlogs_delete_delivery_destination.html:51:1 (cloudwatchlogs_delete_delivery_destination.Rd:13): Warning: missing </ul> before </div>
cloudwatchlogs_delete_delivery_destination_policy.html:49:1 (cloudwatchlogs_delete_delivery_destination_policy.Rd:11): Warning: missing </ul> before </div>
cloudwatchlogs_delete_delivery_source.html:48:1 (cloudwatchlogs_delete_delivery_source.Rd:10): Warning: missing </ul> before </div>
cloudwatchlogs_delete_destination.html:49:1 (cloudwatchlogs_delete_destination.Rd:11): Warning: missing </ul> before </div>
cloudwatchlogs_delete_index_policy.html:50:1 (cloudwatchlogs_delete_index_policy.Rd:12): Warning: missing </ul> before </div>
cloudwatchlogs_delete_integration.html:57:1 (cloudwatchlogs_delete_integration.Rd:17): Warning: missing </ul> before </div>
cloudwatchlogs_delete_log_anomaly_detector.html:51:1 (cloudwatchlogs_delete_log_anomaly_detector.Rd:13): Warning: missing </ul> before </div>
cloudwatchlogs_delete_log_group.html:49:1 (cloudwatchlogs_delete_log_group.Rd:11): Warning: missing </ul> before </div>
cloudwatchlogs_delete_log_stream.html:53:1 (cloudwatchlogs_delete_log_stream.Rd:13): Warning: missing </ul> before </div>
cloudwatchlogs_delete_metric_filter.html:52:1 (cloudwatchlogs_delete_metric_filter.Rd:12): Warning: missing </ul> before </div>
cloudwatchlogs_delete_query_definition.html:50:1 (cloudwatchlogs_delete_query_definition.Rd:12): Warning: missing </ul> before </div>
cloudwatchlogs_delete_resource_policy.html:48:1 (cloudwatchlogs_delete_resource_policy.Rd:10): Warning: missing </ul> before </div>
cloudwatchlogs_delete_retention_policy.html:48:1 (cloudwatchlogs_delete_retention_policy.Rd:10): Warning: missing </ul> before </div>
cloudwatchlogs_delete_subscription_filter.html:52:1 (cloudwatchlogs_delete_subscription_filter.Rd:12): Warning: missing </ul> before </div>
cloudwatchlogs_delete_transformer.html:50:1 (cloudwatchlogs_delete_transformer.Rd:12): Warning: missing </ul> before </div>
cloudwatchlogs_describe_account_policies.html:75:1 (cloudwatchlogs_describe_account_policies.Rd:31): Warning: missing </ul> before </div>
cloudwatchlogs_describe_configuration_templates.html:84:1 (cloudwatchlogs_describe_configuration_templates.Rd:37): Warning: missing </ul> before </div>
cloudwatchlogs_describe_deliveries.html:52:1 (cloudwatchlogs_describe_deliveries.Rd:13): Warning: missing </ul> before </div>
cloudwatchlogs_describe_delivery_destinations.html:53:1 (cloudwatchlogs_describe_delivery_destinations.Rd:14): Warning: missing </ul> before </div>
cloudwatchlogs_describe_delivery_sources.html:53:1 (cloudwatchlogs_describe_delivery_sources.Rd:14): Warning: missing </ul> before </div>
cloudwatchlogs_describe_destinations.html:63:1 (cloudwatchlogs_describe_destinations.Rd:21): Warning: missing </ul> before </div>
cloudwatchlogs_describe_export_tasks.html:69:1 (cloudwatchlogs_describe_export_tasks.Rd:25): Warning: missing </ul> before </div>
cloudwatchlogs_describe_field_indexes.html:53:1 (cloudwatchlogs_describe_field_indexes.Rd:14): Warning: missing </ul> before </div>
cloudwatchlogs_describe_index_policies.html:52:1 (cloudwatchlogs_describe_index_policies.Rd:13): Warning: missing </ul> before </div>
cloudwatchlogs_describe_log_groups.html:116:1 (cloudwatchlogs_describe_log_groups.Rd:61): Warning: missing </ul> before </div>
cloudwatchlogs_describe_log_streams.html:106:1 (cloudwatchlogs_describe_log_streams.Rd:56): Warning: missing </ul> before </div>
cloudwatchlogs_describe_metric_filters.html:82:1 (cloudwatchlogs_describe_metric_filters.Rd:34): Warning: missing </ul> before </div>
cloudwatchlogs_describe_queries.html:73:1 (cloudwatchlogs_describe_queries.Rd:28): Warning: missing </ul> before </div>
cloudwatchlogs_describe_query_definitions.html:67:1 (cloudwatchlogs_describe_query_definitions.Rd:24): Warning: missing </ul> before </div>
cloudwatchlogs_describe_resource_policies.html:52:1 (cloudwatchlogs_describe_resource_policies.Rd:13): Warning: missing </ul> before </div>
cloudwatchlogs_describe_subscription_filters.html:68:1 (cloudwatchlogs_describe_subscription_filters.Rd:24): Warning: missing </ul> before </div>
cloudwatchlogs_disassociate_kms_key.html:86:1 (cloudwatchlogs_disassociate_kms_key.Rd:41): Warning: missing </ul> before </div>
cloudwatchlogs_filter_log_events.html:136:1 (cloudwatchlogs_filter_log_events.Rd:78): Warning: missing </ul> before </div>
cloudwatchlogs_get_data_protection_policy.html:49:1 (cloudwatchlogs_get_data_protection_policy.Rd:11): Warning: missing </ul> before </div>
cloudwatchlogs_get_delivery.html:48:1 (cloudwatchlogs_get_delivery.Rd:10): Warning: missing </ul> before </div>
cloudwatchlogs_get_delivery_destination.html:48:1 (cloudwatchlogs_get_delivery_destination.Rd:10): Warning: missing </ul> before </div>
cloudwatchlogs_get_delivery_destination_policy.html:50:1 (cloudwatchlogs_get_delivery_destination_policy.Rd:12): Warning: missing </ul> before </div>
cloudwatchlogs_get_delivery_source.html:48:1 (cloudwatchlogs_get_delivery_source.Rd:10): Warning: missing </ul> before </div>
cloudwatchlogs_get_integration.html:51:1 (cloudwatchlogs_get_integration.Rd:13): Warning: missing </ul> before </div>
cloudwatchlogs_get_log_anomaly_detector.html:51:1 (cloudwatchlogs_get_log_anomaly_detector.Rd:13): Warning: missing </ul> before </div>
cloudwatchlogs_get_log_events.html:115:1 (cloudwatchlogs_get_log_events.Rd:61): Warning: missing </ul> before </div>
cloudwatchlogs_get_log_group_fields.html:74:1 (cloudwatchlogs_get_log_group_fields.Rd:32): Warning: missing </ul> before </div>
cloudwatchlogs_get_log_record.html:61:1 (cloudwatchlogs_get_log_record.Rd:21): Warning: missing </ul> before </div>
cloudwatchlogs_get_query_results.html:48:1 (cloudwatchlogs_get_query_results.Rd:10): Warning: missing </ul> before </div>
cloudwatchlogs_get_transformer.html:51:1 (cloudwatchlogs_get_transformer.Rd:13): Warning: missing </ul> before </div>
cloudwatchlogs_list_anomalies.html:67:1 (cloudwatchlogs_list_anomalies.Rd:24): Warning: missing </ul> before </div>
cloudwatchlogs_list_integrations.html:64:1 (cloudwatchlogs_list_integrations.Rd:22): Warning: missing </ul> before </div>
cloudwatchlogs_list_log_anomaly_detectors.html:61:1 (cloudwatchlogs_list_log_anomaly_detectors.Rd:20): Warning: missing </ul> before </div>
cloudwatchlogs_list_log_groups_for_query.html:61:1 (cloudwatchlogs_list_log_groups_for_query.Rd:20): Warning: missing </ul> before </div>
cloudwatchlogs_list_tags_for_resource.html:56:1 (cloudwatchlogs_list_tags_for_resource.Rd:18): Warning: missing </ul> before </div>
cloudwatchlogs_list_tags_log_group.html:48:1 (cloudwatchlogs_list_tags_log_group.Rd:10): Warning: missing </ul> before </div>
cloudwatchlogs_put_account_policy.html:210:1 (cloudwatchlogs_put_account_policy.Rd:138): Warning: missing </ul> before </div>
cloudwatchlogs_put_data_protection_policy.html:92:1 (cloudwatchlogs_put_data_protection_policy.Rd:47): Warning: missing </ul> before </div>
cloudwatchlogs_put_delivery_destination.html:69:1 (cloudwatchlogs_put_delivery_destination.Rd:25): Warning: missing </ul> before </div>
cloudwatchlogs_put_delivery_destination_policy.html:57:1 (cloudwatchlogs_put_delivery_destination_policy.Rd:17): Warning: missing </ul> before </div>
cloudwatchlogs_put_delivery_source.html:101:1 (cloudwatchlogs_put_delivery_source.Rd:38): Warning: missing </ul> before </div>
cloudwatchlogs_put_destination.html:69:1 (cloudwatchlogs_put_destination.Rd:25): Warning: missing </ul> before </div>
cloudwatchlogs_put_destination_policy.html:72:1 (cloudwatchlogs_put_destination_policy.Rd:30): Warning: missing </ul> before </div>
cloudwatchlogs_put_index_policy.html:63:1 (cloudwatchlogs_put_index_policy.Rd:23): Warning: missing </ul> before </div>
cloudwatchlogs_put_integration.html:63:1 (cloudwatchlogs_put_integration.Rd:21): Warning: missing </ul> before </div>
cloudwatchlogs_put_log_events.html:77:1 (cloudwatchlogs_put_log_events.Rd:31): Warning: missing </ul> before </div>
cloudwatchlogs_put_metric_filter.html:78:1 (cloudwatchlogs_put_metric_filter.Rd:32): Warning: missing </ul> before </div>
cloudwatchlogs_put_query_definition.html:97:1 (cloudwatchlogs_put_query_definition.Rd:49): Warning: missing </ul> before </div>
cloudwatchlogs_put_resource_policy.html:73:1 (cloudwatchlogs_put_resource_policy.Rd:33): Warning: missing </ul> before </div>
cloudwatchlogs_put_retention_policy.html:52:1 (cloudwatchlogs_put_retention_policy.Rd:12): Warning: missing </ul> before </div>
cloudwatchlogs_put_subscription_filter.html:123:1 (cloudwatchlogs_put_subscription_filter.Rd:64): Warning: missing </ul> before </div>
cloudwatchlogs_put_transformer.html:55:1 (cloudwatchlogs_put_transformer.Rd:15): Warning: missing </ul> before </div>
cloudwatchlogs_start_live_tail.html:94:1 (cloudwatchlogs_start_live_tail.Rd:50): Warning: missing </ul> before </div>
cloudwatchlogs_start_query.html:121:1 (cloudwatchlogs_start_query.Rd:69): Warning: missing </ul> before </div>
cloudwatchlogs_stop_query.html:49:1 (cloudwatchlogs_stop_query.Rd:11): Warning: missing </ul> before </div>
cloudwatchlogs_tag_log_group.html:52:1 (cloudwatchlogs_tag_log_group.Rd:12): Warning: missing </ul> before </div>
cloudwatchlogs_tag_resource.html:61:1 (cloudwatchlogs_tag_resource.Rd:21): Warning: missing </ul> before </div>
cloudwatchlogs_test_metric_filter.html:53:1 (cloudwatchlogs_test_metric_filter.Rd:13): Warning: missing </ul> before </div>
cloudwatchlogs_test_transformer.html:56:1 (cloudwatchlogs_test_transformer.Rd:16): Warning: missing </ul> before </div>
cloudwatchlogs_untag_log_group.html:52:1 (cloudwatchlogs_untag_log_group.Rd:12): Warning: missing </ul> before </div>
cloudwatchlogs_untag_resource.html:60:1 (cloudwatchlogs_untag_resource.Rd:20): Warning: missing </ul> before </div>
cloudwatchlogs_update_anomaly.html:89:1 (cloudwatchlogs_update_anomaly.Rd:41): Warning: missing </ul> before </div>
cloudwatchlogs_update_delivery_configuration.html:70:1 (cloudwatchlogs_update_delivery_configuration.Rd:26): Warning: missing </ul> before </div>
cloudwatchlogs_update_log_anomaly_detector.html:77:1 (cloudwatchlogs_update_log_anomaly_detector.Rd:32): Warning: missing </ul> before </div>
cloudwatchobservabilityaccessmanager_create_link.html:102:1 (cloudwatchobservabilityaccessmanager_create_link.Rd:50): Warning: missing </ul> before </div>
cloudwatchobservabilityaccessmanager_create_sink.html:60:1 (cloudwatchobservabilityaccessmanager_create_sink.Rd:21): Warning: missing </ul> before </div>
cloudwatchobservabilityaccessmanager_delete_link.html:48:1 (cloudwatchobservabilityaccessmanager_delete_link.Rd:11): Warning: missing </ul> before </div>
cloudwatchobservabilityaccessmanager_delete_sink.html:48:1 (cloudwatchobservabilityaccessmanager_delete_sink.Rd:11): Warning: missing </ul> before </div>
cloudwatchobservabilityaccessmanager_get_link.html:48:1 (cloudwatchobservabilityaccessmanager_get_link.Rd:11): Warning: missing </ul> before </div>
cloudwatchobservabilityaccessmanager_get_sink.html:48:1 (cloudwatchobservabilityaccessmanager_get_sink.Rd:11): Warning: missing </ul> before </div>
cloudwatchobservabilityaccessmanager_get_sink_policy.html:48:1 (cloudwatchobservabilityaccessmanager_get_sink_policy.Rd:11): Warning: missing </ul> before </div>
cloudwatchobservabilityaccessmanager_list_attached_links.html:62:1 (cloudwatchobservabilityaccessmanager_list_attached_links.Rd:21): Warning: missing </ul> before </div>
cloudwatchobservabilityaccessmanager_list_links.html:57:1 (cloudwatchobservabilityaccessmanager_list_links.Rd:18): Warning: missing </ul> before </div>
cloudwatchobservabilityaccessmanager_list_sinks.html:57:1 (cloudwatchobservabilityaccessmanager_list_sinks.Rd:18): Warning: missing </ul> before </div>
cloudwatchobservabilityaccessmanager_list_tags_for_resource.html:61:1 (cloudwatchobservabilityaccessmanager_list_tags_for_resource.Rd:24): Warning: missing </ul> before </div>
cloudwatchobservabilityaccessmanager_put_sink_policy.html:60:1 (cloudwatchobservabilityaccessmanager_put_sink_policy.Rd:21): Warning: missing </ul> before </div>
cloudwatchobservabilityaccessmanager_tag_resource.html:60:1 (cloudwatchobservabilityaccessmanager_tag_resource.Rd:21): Warning: missing </ul> before </div>
cloudwatchobservabilityaccessmanager_untag_resource.html:60:1 (cloudwatchobservabilityaccessmanager_untag_resource.Rd:21): Warning: missing </ul> before </div>
cloudwatchobservabilityaccessmanager_update_link.html:66:1 (cloudwatchobservabilityaccessmanager_update_link.Rd:25): Warning: missing </ul> before </div>
cloudwatchrum_batch_create_rum_metric_definitions.html:76:1 (cloudwatchrum_batch_create_rum_metric_definitions.Rd:32): Warning: missing </ul> before </div>
cloudwatchrum_batch_delete_rum_metric_definitions.html:76:1 (cloudwatchrum_batch_delete_rum_metric_definitions.Rd:32): Warning: missing </ul> before </div>
cloudwatchrum_batch_get_rum_metric_definitions.html:81:1 (cloudwatchrum_batch_get_rum_metric_definitions.Rd:35): Warning: missing </ul> before </div>
cloudwatchrum_create_app_monitor.html:106:1 (cloudwatchrum_create_app_monitor.Rd:58): Warning: missing </ul> before </div>
cloudwatchrum_delete_app_monitor.html:48:1 (cloudwatchrum_delete_app_monitor.Rd:10): Warning: missing </ul> before </div>
cloudwatchrum_delete_rum_metrics_destination.html:66:1 (cloudwatchrum_delete_rum_metrics_destination.Rd:24): Warning: missing </ul> before </div>
cloudwatchrum_get_app_monitor.html:48:1 (cloudwatchrum_get_app_monitor.Rd:10): Warning: missing </ul> before </div>
cloudwatchrum_get_app_monitor_data.html:76:1 (cloudwatchrum_get_app_monitor_data.Rd:30): Warning: missing </ul> before </div>
cloudwatchrum_list_app_monitors.html:54:1 (cloudwatchrum_list_app_monitors.Rd:14): Warning: missing </ul> before </div>
cloudwatchrum_list_rum_metrics_destinations.html:67:1 (cloudwatchrum_list_rum_metrics_destinations.Rd:25): Warning: missing </ul> before </div>
cloudwatchrum_list_tags_for_resource.html:48:1 (cloudwatchrum_list_tags_for_resource.Rd:10): Warning: missing </ul> before </div>
cloudwatchrum_put_rum_events.html:73:1 (cloudwatchrum_put_rum_events.Rd:27): Warning: missing </ul> before </div>
cloudwatchrum_put_rum_metrics_destination.html:83:1 (cloudwatchrum_put_rum_metrics_destination.Rd:39): Warning: missing </ul> before </div>
cloudwatchrum_tag_resource.html:53:1 (cloudwatchrum_tag_resource.Rd:13): Warning: missing </ul> before </div>
cloudwatchrum_untag_resource.html:52:1 (cloudwatchrum_untag_resource.Rd:12): Warning: missing </ul> before </div>
cloudwatchrum_update_app_monitor.html:83:1 (cloudwatchrum_update_app_monitor.Rd:37): Warning: missing </ul> before </div>
cloudwatchrum_update_rum_metric_definition.html:81:1 (cloudwatchrum_update_rum_metric_definition.Rd:35): Warning: missing </ul> before </div>
configservice_associate_resource_types.html:55:1 (configservice_associate_resource_types.Rd:15): Warning: missing </ul> before </div>
configservice_batch_get_aggregate_resource_config.html:56:1 (configservice_batch_get_aggregate_resource_config.Rd:16): Warning: missing </ul> before </div>
configservice_batch_get_resource_config.html:49:1 (configservice_batch_get_resource_config.Rd:11): Warning: missing </ul> before </div>
configservice_delete_aggregation_authorization.html:56:1 (configservice_delete_aggregation_authorization.Rd:16): Warning: missing </ul> before </div>
configservice_delete_config_rule.html:48:1 (configservice_delete_config_rule.Rd:10): Warning: missing </ul> before </div>
configservice_delete_configuration_aggregator.html:49:1 (configservice_delete_configuration_aggregator.Rd:11): Warning: missing </ul> before </div>
configservice_delete_configuration_recorder.html:52:1 (configservice_delete_configuration_recorder.Rd:14): Warning: missing </ul> before </div>
configservice_delete_conformance_pack.html:50:1 (configservice_delete_conformance_pack.Rd:12): Warning: missing </ul> before </div>
configservice_delete_delivery_channel.html:48:1 (configservice_delete_delivery_channel.Rd:10): Warning: missing </ul> before </div>
configservice_delete_evaluation_results.html:49:1 (configservice_delete_evaluation_results.Rd:11): Warning: missing </ul> before </div>
configservice_delete_organization_config_rule.html:49:1 (configservice_delete_organization_config_rule.Rd:11): Warning: missing </ul> before </div>
configservice_delete_organization_conformance_pack.html:52:1 (configservice_delete_organization_conformance_pack.Rd:14): Warning: missing </ul> before </div>
configservice_delete_pending_aggregation_request.html:56:1 (configservice_delete_pending_aggregation_request.Rd:16): Warning: missing </ul> before </div>
configservice_delete_remediation_configuration.html:56:1 (configservice_delete_remediation_configuration.Rd:16): Warning: missing </ul> before </div>
configservice_delete_remediation_exceptions.html:56:1 (configservice_delete_remediation_exceptions.Rd:16): Warning: missing </ul> before </div>
configservice_delete_resource_config.html:53:1 (configservice_delete_resource_config.Rd:13): Warning: missing </ul> before </div>
configservice_delete_retention_configuration.html:48:1 (configservice_delete_retention_configuration.Rd:10): Warning: missing </ul> before </div>
configservice_delete_service_linked_configuration_recorder.html:49:1 (configservice_delete_service_linked_configuration_recorder.Rd:11): Warning: missing </ul> before </div>
configservice_delete_stored_query.html:49:1 (configservice_delete_stored_query.Rd:11): Warning: missing </ul> before </div>
configservice_deliver_config_snapshot.html:50:1 (configservice_deliver_config_snapshot.Rd:12): Warning: missing </ul> before </div>
configservice_descri_aggreg_compli_by_confor_packs.html:71:1 (configservice_descri_aggreg_compli_by_confor_packs.Rd:27): Warning: missing </ul> before </div>
configservice_describ_configu_aggrega_sources_status.html:79:1 (configservice_describ_configu_aggrega_sources_status.Rd:28): Warning: missing </ul> before </div>
configservice_describ_organiz_conform_pack_statuse.html:66:1 (configservice_describ_organiz_conform_pack_statuse.Rd:24): Warning: missing </ul> before </div>
configservice_describe_aggregate_compliance_by_config_rules.html:68:1 (configservice_describe_aggregate_compliance_by_config_rules.Rd:24): Warning: missing </ul> before </div>
configservice_describe_aggregation_authorizations.html:58:1 (configservice_describe_aggregation_authorizations.Rd:18): Warning: missing </ul> before </div>
configservice_describe_compliance_by_config_rule.html:61:1 (configservice_describe_compliance_by_config_rule.Rd:19): Warning: missing </ul> before </div>
configservice_describe_compliance_by_resource.html:79:1 (configservice_describe_compliance_by_resource.Rd:33): Warning: missing </ul> before </div>
configservice_describe_config_rule_evaluation_status.html:69:1 (configservice_describe_config_rule_evaluation_status.Rd:27): Warning: missing </ul> before </div>
configservice_describe_config_rules.html:65:1 (configservice_describe_config_rules.Rd:23): Warning: missing </ul> before </div>
configservice_describe_configuration_aggregators.html:62:1 (configservice_describe_configuration_aggregators.Rd:20): Warning: missing </ul> before </div>
configservice_describe_configuration_recorder_status.html:70:1 (configservice_describe_configuration_recorder_status.Rd:28): Warning: missing </ul> before </div>
configservice_describe_configuration_recorders.html:63:1 (configservice_describe_configuration_recorders.Rd:21): Warning: missing </ul> before </div>
configservice_describe_conformance_pack_compliance.html:67:1 (configservice_describe_conformance_pack_compliance.Rd:23): Warning: missing </ul> before </div>
configservice_describe_conformance_pack_status.html:61:1 (configservice_describe_conformance_pack_status.Rd:19): Warning: missing </ul> before </div>
configservice_describe_conformance_packs.html:63:1 (configservice_describe_conformance_packs.Rd:21): Warning: missing </ul> before </div>
configservice_describe_delivery_channel_status.html:48:1 (configservice_describe_delivery_channel_status.Rd:10): Warning: missing </ul> before </div>
configservice_describe_delivery_channels.html:48:1 (configservice_describe_delivery_channels.Rd:10): Warning: missing </ul> before </div>
configservice_describe_organization_config_rule_statuses.html:65:1 (configservice_describe_organization_config_rule_statuses.Rd:23): Warning: missing </ul> before </div>
configservice_describe_organization_config_rules.html:65:1 (configservice_describe_organization_config_rules.Rd:23): Warning: missing </ul> before </div>
configservice_describe_organization_conformance_packs.html:63:1 (configservice_describe_organization_conformance_packs.Rd:21): Warning: missing </ul> before </div>
configservice_describe_pending_aggregation_requests.html:57:1 (configservice_describe_pending_aggregation_requests.Rd:17): Warning: missing </ul> before </div>
configservice_describe_remediation_configurations.html:49:1 (configservice_describe_remediation_configurations.Rd:11): Warning: missing </ul> before </div>
configservice_describe_remediation_exceptions.html:69:1 (configservice_describe_remediation_exceptions.Rd:25): Warning: missing </ul> before </div>
configservice_describe_remediation_execution_status.html:70:1 (configservice_describe_remediation_execution_status.Rd:26): Warning: missing </ul> before </div>
configservice_describe_retention_configurations.html:61:1 (configservice_describe_retention_configurations.Rd:21): Warning: missing </ul> before </div>
configservice_disassociate_resource_types.html:58:1 (configservice_disassociate_resource_types.Rd:18): Warning: missing </ul> before </div>
configservice_get_aggre_compl_detai_by_confi_rule.html:88:1 (configservice_get_aggre_compl_detai_by_confi_rule.Rd:38): Warning: missing </ul> before </div>
configservice_get_aggreg_confor_pack_compli_summar.html:76:1 (configservice_get_aggreg_confor_pack_compli_summar.Rd:30): Warning: missing </ul> before </div>
configservice_get_aggregate_config_rule_compliance_summary.html:75:1 (configservice_get_aggregate_config_rule_compliance_summary.Rd:29): Warning: missing </ul> before </div>
configservice_get_aggregate_discovered_resource_counts.html:74:1 (configservice_get_aggregate_discovered_resource_counts.Rd:28): Warning: missing </ul> before </div>
configservice_get_aggregate_resource_config.html:56:1 (configservice_get_aggregate_resource_config.Rd:16): Warning: missing </ul> before </div>
configservice_get_compliance_details_by_config_rule.html:72:1 (configservice_get_compliance_details_by_config_rule.Rd:28): Warning: missing </ul> before </div>
configservice_get_compliance_details_by_resource.html:82:1 (configservice_get_compliance_details_by_resource.Rd:36): Warning: missing </ul> before </div>
configservice_get_compliance_summary_by_resource_type.html:55:1 (configservice_get_compliance_summary_by_resource_type.Rd:17): Warning: missing </ul> before </div>
configservice_get_conformance_pack_compliance_details.html:68:1 (configservice_get_conformance_pack_compliance_details.Rd:24): Warning: missing </ul> before </div>
configservice_get_conformance_pack_compliance_summary.html:62:1 (configservice_get_conformance_pack_compliance_summary.Rd:20): Warning: missing </ul> before </div>
configservice_get_custom_rule_policy.html:49:1 (configservice_get_custom_rule_policy.Rd:11): Warning: missing </ul> before </div>
configservice_get_discovered_resource_counts.html:75:1 (configservice_get_discovered_resource_counts.Rd:33): Warning: missing </ul> before </div>
configservice_get_organi_confor_pack_detail_status.html:70:1 (configservice_get_organi_confor_pack_detail_status.Rd:26): Warning: missing </ul> before </div>
configservice_get_organization_config_rule_detailed_status.html:70:1 (configservice_get_organization_config_rule_detailed_status.Rd:26): Warning: missing </ul> before </div>
configservice_get_organization_custom_rule_policy.html:49:1 (configservice_get_organization_custom_rule_policy.Rd:11): Warning: missing </ul> before </div>
configservice_get_resource_config_history.html:89:1 (configservice_get_resource_config_history.Rd:39): Warning: missing </ul> before </div>
configservice_get_resource_evaluation_summary.html:50:1 (configservice_get_resource_evaluation_summary.Rd:12): Warning: missing </ul> before </div>
configservice_get_stored_query.html:48:1 (configservice_get_stored_query.Rd:10): Warning: missing </ul> before </div>
configservice_list_aggregate_discovered_resources.html:74:1 (configservice_list_aggregate_discovered_resources.Rd:28): Warning: missing </ul> before </div>
configservice_list_configuration_recorders.html:63:1 (configservice_list_configuration_recorders.Rd:21): Warning: missing </ul> before </div>
configservice_list_conformance_pack_compliance_scores.html:92:1 (configservice_list_conformance_pack_compliance_scores.Rd:46): Warning: missing </ul> before </div>
configservice_list_discovered_resources.html:85:1 (configservice_list_discovered_resources.Rd:37): Warning: missing </ul> before </div>
configservice_list_resource_evaluations.html:63:1 (configservice_list_resource_evaluations.Rd:21): Warning: missing </ul> before </div>
configservice_list_stored_queries.html:54:1 (configservice_list_stored_queries.Rd:14): Warning: missing </ul> before </div>
configservice_list_tags_for_resource.html:91:1 (configservice_list_tags_for_resource.Rd:32): Warning: missing </ul> before </div>
configservice_put_aggregation_authorization.html:61:1 (configservice_put_aggregation_authorization.Rd:19): Warning: missing </ul> before </div>
configservice_put_config_rule.html:53:1 (configservice_put_config_rule.Rd:13): Warning: missing </ul> before </div>
configservice_put_configuration_aggregator.html:72:1 (configservice_put_configuration_aggregator.Rd:26): Warning: missing </ul> before </div>
configservice_put_configuration_recorder.html:54:1 (configservice_put_configuration_recorder.Rd:14): Warning: missing </ul> before </div>
configservice_put_conformance_pack.html:102:1 (configservice_put_conformance_pack.Rd:52): Warning: missing </ul> before </div>
configservice_put_delivery_channel.html:50:1 (configservice_put_delivery_channel.Rd:12): Warning: missing </ul> before </div>
configservice_put_evaluations.html:68:1 (configservice_put_evaluations.Rd:26): Warning: missing </ul> before </div>
configservice_put_external_evaluation.html:52:1 (configservice_put_external_evaluation.Rd:12): Warning: missing </ul> before </div>
configservice_put_organization_config_rule.html:89:1 (configservice_put_organization_config_rule.Rd:43): Warning: missing </ul> before </div>
configservice_put_organization_conformance_pack.html:96:1 (configservice_put_organization_conformance_pack.Rd:46): Warning: missing </ul> before </div>
configservice_put_remediation_configurations.html:49:1 (configservice_put_remediation_configurations.Rd:11): Warning: missing </ul> before </div>
configservice_put_remediation_exceptions.html:69:1 (configservice_put_remediation_exceptions.Rd:25): Warning: missing </ul> before </div>
configservice_put_resource_config.html:88:1 (configservice_put_resource_config.Rd:40): Warning: missing </ul> before </div>
configservice_put_retention_configuration.html:52:1 (configservice_put_retention_configuration.Rd:14): Warning: missing </ul> before </div>
configservice_put_service_linked_configuration_recorder.html:59:1 (configservice_put_service_linked_configuration_recorder.Rd:19): Warning: missing </ul> before </div>
configservice_put_stored_query.html:57:1 (configservice_put_stored_query.Rd:17): Warning: missing </ul> before </div>
configservice_select_aggregate_resource_config.html:75:1 (configservice_select_aggregate_resource_config.Rd:29): Warning: missing </ul> before </div>
configservice_select_resource_config.html:63:1 (configservice_select_resource_config.Rd:21): Warning: missing </ul> before </div>
configservice_start_config_rules_evaluation.html:49:1 (configservice_start_config_rules_evaluation.Rd:11): Warning: missing </ul> before </div>
configservice_start_configuration_recorder.html:49:1 (configservice_start_configuration_recorder.Rd:11): Warning: missing </ul> before </div>
configservice_start_remediation_execution.html:55:1 (configservice_start_remediation_execution.Rd:15): Warning: missing </ul> before </div>
configservice_start_resource_evaluation.html:84:1 (configservice_start_resource_evaluation.Rd:38): Warning: missing </ul> before </div>
configservice_stop_configuration_recorder.html:49:1 (configservice_stop_configuration_recorder.Rd:11): Warning: missing </ul> before </div>
configservice_tag_resource.html:81:1 (configservice_tag_resource.Rd:24): Warning: missing </ul> before </div>
configservice_untag_resource.html:80:1 (configservice_untag_resource.Rd:23): Warning: missing </ul> before </div>
controltower_create_landing_zone.html:57:1 (controltower_create_landing_zone.Rd:15): Warning: missing </ul> before </div>
controltower_delete_landing_zone.html:48:1 (controltower_delete_landing_zone.Rd:10): Warning: missing </ul> before </div>
controltower_disable_baseline.html:49:1 (controltower_disable_baseline.Rd:11): Warning: missing </ul> before </div>
controltower_disable_control.html:56:1 (controltower_disable_control.Rd:16): Warning: missing </ul> before </div>
controltower_enable_baseline.html:73:1 (controltower_enable_baseline.Rd:27): Warning: missing </ul> before </div>
controltower_enable_control.html:70:1 (controltower_enable_control.Rd:26): Warning: missing </ul> before </div>
controltower_get_baseline.html:49:1 (controltower_get_baseline.Rd:11): Warning: missing </ul> before </div>
controltower_get_baseline_operation.html:51:1 (controltower_get_baseline_operation.Rd:13): Warning: missing </ul> before </div>
controltower_get_control_operation.html:50:1 (controltower_get_control_operation.Rd:12): Warning: missing </ul> before </div>
controltower_get_enabled_baseline.html:50:1 (controltower_get_enabled_baseline.Rd:12): Warning: missing </ul> before </div>
controltower_get_enabled_control.html:48:1 (controltower_get_enabled_control.Rd:10): Warning: missing </ul> before </div>
controltower_get_landing_zone.html:48:1 (controltower_get_landing_zone.Rd:10): Warning: missing </ul> before </div>
controltower_get_landing_zone_operation.html:48:1 (controltower_get_landing_zone_operation.Rd:10): Warning: missing </ul> before </div>
controltower_list_baselines.html:52:1 (controltower_list_baselines.Rd:12): Warning: missing </ul> before </div>
controltower_list_control_operations.html:62:1 (controltower_list_control_operations.Rd:20): Warning: missing </ul> before </div>
controltower_list_enabled_baselines.html:68:1 (controltower_list_enabled_baselines.Rd:24): Warning: missing </ul> before </div>
controltower_list_enabled_controls.html:70:1 (controltower_list_enabled_controls.Rd:26): Warning: missing </ul> before </div>
controltower_list_landing_zone_operations.html:63:1 (controltower_list_landing_zone_operations.Rd:21): Warning: missing </ul> before </div>
controltower_list_landing_zones.html:54:1 (controltower_list_landing_zones.Rd:14): Warning: missing </ul> before </div>
controltower_list_tags_for_resource.html:48:1 (controltower_list_tags_for_resource.Rd:10): Warning: missing </ul> before </div>
controltower_reset_enabled_baseline.html:49:1 (controltower_reset_enabled_baseline.Rd:11): Warning: missing </ul> before </div>
controltower_reset_enabled_control.html:48:1 (controltower_reset_enabled_control.Rd:10): Warning: missing </ul> before </div>
controltower_reset_landing_zone.html:48:1 (controltower_reset_landing_zone.Rd:10): Warning: missing </ul> before </div>
controltower_tag_resource.html:52:1 (controltower_tag_resource.Rd:12): Warning: missing </ul> before </div>
controltower_untag_resource.html:52:1 (controltower_untag_resource.Rd:12): Warning: missing </ul> before </div>
controltower_update_enabled_baseline.html:61:1 (controltower_update_enabled_baseline.Rd:19): Warning: missing </ul> before </div>
controltower_update_enabled_control.html:53:1 (controltower_update_enabled_control.Rd:13): Warning: missing </ul> before </div>
controltower_update_landing_zone.html:60:1 (controltower_update_landing_zone.Rd:18): Warning: missing </ul> before </div>
finspace_create_environment.html:109:1 (finspace_create_environment.Rd:47): Warning: missing </ul> before </div>
finspace_create_kx_changeset.html:117:1 (finspace_create_kx_changeset.Rd:57): Warning: missing </ul> before </div>
finspace_create_kx_cluster.html:219:1 (finspace_create_kx_cluster.Rd:125): Warning: missing </ul> before </div>
finspace_create_kx_database.html:71:1 (finspace_create_kx_database.Rd:25): Warning: missing </ul> before </div>
finspace_create_kx_dataview.html:140:1 (finspace_create_kx_dataview.Rd:71): Warning: missing </ul> before </div>
finspace_create_kx_environment.html:71:1 (finspace_create_kx_environment.Rd:25): Warning: missing </ul> before </div>
finspace_create_kx_scaling_group.html:119:1 (finspace_create_kx_scaling_group.Rd:52): Warning: missing </ul> before </div>
finspace_create_kx_user.html:72:1 (finspace_create_kx_user.Rd:26): Warning: missing </ul> before </div>
finspace_create_kx_volume.html:99:1 (finspace_create_kx_volume.Rd:45): Warning: missing </ul> before </div>
finspace_delete_environment.html:48:1 (finspace_delete_environment.Rd:10): Warning: missing </ul> before </div>
finspace_delete_kx_cluster.html:56:1 (finspace_delete_kx_cluster.Rd:14): Warning: missing </ul> before </div>
finspace_delete_kx_cluster_node.html:56:1 (finspace_delete_kx_cluster_node.Rd:14): Warning: missing </ul> before </div>
finspace_delete_kx_database.html:56:1 (finspace_delete_kx_database.Rd:14): Warning: missing </ul> before </div>
finspace_delete_kx_dataview.html:66:1 (finspace_delete_kx_dataview.Rd:22): Warning: missing </ul> before </div>
finspace_delete_kx_environment.html:52:1 (finspace_delete_kx_environment.Rd:12): Warning: missing </ul> before </div>
finspace_delete_kx_scaling_group.html:61:1 (finspace_delete_kx_scaling_group.Rd:19): Warning: missing </ul> before </div>
finspace_delete_kx_user.html:56:1 (finspace_delete_kx_user.Rd:14): Warning: missing </ul> before </div>
finspace_delete_kx_volume.html:57:1 (finspace_delete_kx_volume.Rd:15): Warning: missing </ul> before </div>
finspace_get_environment.html:48:1 (finspace_get_environment.Rd:10): Warning: missing </ul> before </div>
finspace_get_kx_changeset.html:57:1 (finspace_get_kx_changeset.Rd:15): Warning: missing </ul> before </div>
finspace_get_kx_cluster.html:52:1 (finspace_get_kx_cluster.Rd:12): Warning: missing </ul> before </div>
finspace_get_kx_connection_string.html:58:1 (finspace_get_kx_connection_string.Rd:16): Warning: missing </ul> before </div>
finspace_get_kx_database.html:52:1 (finspace_get_kx_database.Rd:12): Warning: missing </ul> before </div>
finspace_get_kx_dataview.html:57:1 (finspace_get_kx_dataview.Rd:15): Warning: missing </ul> before </div>
finspace_get_kx_environment.html:48:1 (finspace_get_kx_environment.Rd:10): Warning: missing </ul> before </div>
finspace_get_kx_scaling_group.html:52:1 (finspace_get_kx_scaling_group.Rd:12): Warning: missing </ul> before </div>
finspace_get_kx_user.html:52:1 (finspace_get_kx_user.Rd:12): Warning: missing </ul> before </div>
finspace_get_kx_volume.html:53:1 (finspace_get_kx_volume.Rd:13): Warning: missing </ul> before </div>
finspace_list_environments.html:55:1 (finspace_list_environments.Rd:15): Warning: missing </ul> before </div>
finspace_list_kx_changesets.html:65:1 (finspace_list_kx_changesets.Rd:21): Warning: missing </ul> before </div>
finspace_list_kx_cluster_nodes.html:65:1 (finspace_list_kx_cluster_nodes.Rd:21): Warning: missing </ul> before </div>
finspace_list_kx_clusters.html:104:1 (finspace_list_kx_clusters.Rd:49): Warning: missing </ul> before </div>
finspace_list_kx_databases.html:56:1 (finspace_list_kx_databases.Rd:14): Warning: missing </ul> before </div>
finspace_list_kx_dataviews.html:66:1 (finspace_list_kx_dataviews.Rd:22): Warning: missing </ul> before </div>
finspace_list_kx_environments.html:52:1 (finspace_list_kx_environments.Rd:12): Warning: missing </ul> before </div>
finspace_list_kx_scaling_groups.html:61:1 (finspace_list_kx_scaling_groups.Rd:19): Warning: missing </ul> before </div>
finspace_list_kx_users.html:56:1 (finspace_list_kx_users.Rd:14): Warning: missing </ul> before </div>
finspace_list_kx_volumes.html:67:1 (finspace_list_kx_volumes.Rd:23): Warning: missing </ul> before </div>
finspace_list_tags_for_resource.html:48:1 (finspace_list_tags_for_resource.Rd:10): Warning: missing </ul> before </div>
finspace_tag_resource.html:52:1 (finspace_tag_resource.Rd:12): Warning: missing </ul> before </div>
finspace_untag_resource.html:53:1 (finspace_untag_resource.Rd:13): Warning: missing </ul> before </div>
finspace_update_environment.html:80:1 (finspace_update_environment.Rd:30): Warning: missing </ul> before </div>
finspace_update_kx_cluster_code_configuration.html:88:1 (finspace_update_kx_cluster_code_configuration.Rd:38): Warning: missing </ul> before </div>
finspace_update_kx_cluster_databases.html:72:1 (finspace_update_kx_cluster_databases.Rd:26): Warning: missing </ul> before </div>
finspace_update_kx_database.html:65:1 (finspace_update_kx_database.Rd:21): Warning: missing </ul> before </div>
finspace_update_kx_dataview.html:85:1 (finspace_update_kx_dataview.Rd:35): Warning: missing </ul> before </div>
finspace_update_kx_environment.html:65:1 (finspace_update_kx_environment.Rd:21): Warning: missing </ul> before </div>
finspace_update_kx_environment_network.html:68:1 (finspace_update_kx_environment_network.Rd:24): Warning: missing </ul> before </div>
finspace_update_kx_user.html:60:1 (finspace_update_kx_user.Rd:16): Warning: missing </ul> before </div>
finspace_update_kx_volume.html:72:1 (finspace_update_kx_volume.Rd:26): Warning: missing </ul> before </div>
health_describe_affected_accounts_for_organization.html:72:1 (health_describe_affected_accounts_for_organization.Rd:30): Warning: missing </ul> before </div>
health_describe_affected_entities.html:73:1 (health_describe_affected_entities.Rd:29): Warning: missing </ul> before </div>
health_describe_affected_entities_for_organization.html:79:1 (health_describe_affected_entities_for_organization.Rd:33): Warning: missing </ul> before </div>
health_describe_entity_aggregates.html:50:1 (health_describe_entity_aggregates.Rd:12): Warning: missing </ul> before </div>
health_describe_entity_aggregates_for_organization.html:58:1 (health_describe_entity_aggregates_for_organization.Rd:18): Warning: missing </ul> before </div>
health_describe_event_aggregates.html:71:1 (health_describe_event_aggregates.Rd:27): Warning: missing </ul> before </div>
health_describe_event_details.html:54:1 (health_describe_event_details.Rd:14): Warning: missing </ul> before </div>
health_describe_event_details_for_organization.html:58:1 (health_describe_event_details_for_organization.Rd:18): Warning: missing </ul> before </div>
health_describe_event_types.html:74:1 (health_describe_event_types.Rd:30): Warning: missing </ul> before </div>
health_describe_events.html:71:1 (health_describe_events.Rd:27): Warning: missing </ul> before </div>
health_describe_events_for_organization.html:72:1 (health_describe_events_for_organization.Rd:28): Warning: missing </ul> before </div>
licensemanager_accept_grant.html:48:1 (licensemanager_accept_grant.Rd:10): Warning: missing </ul> before </div>
licensemanager_check_in_license.html:52:1 (licensemanager_check_in_license.Rd:12): Warning: missing </ul> before </div>
licensemanager_checkout_borrow_license.html:78:1 (licensemanager_checkout_borrow_license.Rd:30): Warning: missing </ul> before </div>
licensemanager_checkout_license.html:81:1 (licensemanager_checkout_license.Rd:31): Warning: missing </ul> before </div>
licensemanager_create_grant.html:91:1 (licensemanager_create_grant.Rd:36): Warning: missing </ul> before </div>
licensemanager_create_grant_version.html:86:1 (licensemanager_create_grant_version.Rd:34): Warning: missing </ul> before </div>
licensemanager_create_license.html:104:1 (licensemanager_create_license.Rd:46): Warning: missing </ul> before </div>
licensemanager_create_license_configuration.html:118:1 (licensemanager_create_license_configuration.Rd:55): Warning: missing </ul> before </div>
licensemanager_create_license_conversion_task_for_resource.html:65:1 (licensemanager_create_license_conversion_task_for_resource.Rd:23): Warning: missing </ul> before </div>
licensemanager_create_license_manager_report_generator.html:93:1 (licensemanager_create_license_manager_report_generator.Rd:38): Warning: missing </ul> before </div>
licensemanager_create_license_version.html:109:1 (licensemanager_create_license_version.Rd:49): Warning: missing </ul> before </div>
licensemanager_create_token.html:74:1 (licensemanager_create_token.Rd:28): Warning: missing </ul> before </div>
licensemanager_delete_grant.html:56:1 (licensemanager_delete_grant.Rd:14): Warning: missing </ul> before </div>
licensemanager_delete_license.html:52:1 (licensemanager_delete_license.Rd:12): Warning: missing </ul> before </div>
licensemanager_delete_license_configuration.html:48:1 (licensemanager_delete_license_configuration.Rd:10): Warning: missing </ul> before </div>
licensemanager_delete_license_manager_report_generator.html:50:1 (licensemanager_delete_license_manager_report_generator.Rd:12): Warning: missing </ul> before </div>
licensemanager_delete_token.html:48:1 (licensemanager_delete_token.Rd:10): Warning: missing </ul> before </div>
licensemanager_extend_license_consumption.html:57:1 (licensemanager_extend_license_consumption.Rd:17): Warning: missing </ul> before </div>
licensemanager_get_access_token.html:52:1 (licensemanager_get_access_token.Rd:12): Warning: missing </ul> before </div>
licensemanager_get_grant.html:52:1 (licensemanager_get_grant.Rd:12): Warning: missing </ul> before </div>
licensemanager_get_license.html:52:1 (licensemanager_get_license.Rd:12): Warning: missing </ul> before </div>
licensemanager_get_license_configuration.html:48:1 (licensemanager_get_license_configuration.Rd:10): Warning: missing </ul> before </div>
licensemanager_get_license_conversion_task.html:48:1 (licensemanager_get_license_conversion_task.Rd:10): Warning: missing </ul> before </div>
licensemanager_get_license_manager_report_generator.html:50:1 (licensemanager_get_license_manager_report_generator.Rd:12): Warning: missing </ul> before </div>
licensemanager_get_license_usage.html:48:1 (licensemanager_get_license_usage.Rd:10): Warning: missing </ul> before </div>
licensemanager_list_associations_for_license_configuration.html:60:1 (licensemanager_list_associations_for_license_configuration.Rd:18): Warning: missing </ul> before </div>
licensemanager_list_distributed_grants.html:83:1 (licensemanager_list_distributed_grants.Rd:28): Warning: missing </ul> before </div>
licensemanager_list_failur_for_licens_config_operat.html:60:1 (licensemanager_list_failur_for_licens_config_operat.Rd:18): Warning: missing </ul> before </div>
licensemanager_list_license_configurations.html:84:1 (licensemanager_list_license_configurations.Rd:33): Warning: missing </ul> before </div>
licensemanager_list_license_conversion_tasks.html:61:1 (licensemanager_list_license_conversion_tasks.Rd:19): Warning: missing </ul> before </div>
licensemanager_list_license_manager_report_generators.html:66:1 (licensemanager_list_license_manager_report_generators.Rd:21): Warning: missing </ul> before </div>
licensemanager_list_license_specifications_for_resource.html:61:1 (licensemanager_list_license_specifications_for_resource.Rd:19): Warning: missing </ul> before </div>
licensemanager_list_license_versions.html:60:1 (licensemanager_list_license_versions.Rd:18): Warning: missing </ul> before </div>
licensemanager_list_licenses.html:80:1 (licensemanager_list_licenses.Rd:27): Warning: missing </ul> before </div>
licensemanager_list_received_grants.html:83:1 (licensemanager_list_received_grants.Rd:28): Warning: missing </ul> before </div>
licensemanager_list_received_grants_for_organization.html:74:1 (licensemanager_list_received_grants_for_organization.Rd:25): Warning: missing </ul> before </div>
licensemanager_list_received_licenses.html:83:1 (licensemanager_list_received_licenses.Rd:28): Warning: missing </ul> before </div>
licensemanager_list_received_licenses_for_organization.html:69:1 (licensemanager_list_received_licenses_for_organization.Rd:22): Warning: missing </ul> before </div>
licensemanager_list_resource_inventory.html:91:1 (licensemanager_list_resource_inventory.Rd:36): Warning: missing </ul> before </div>
licensemanager_list_tags_for_resource.html:48:1 (licensemanager_list_tags_for_resource.Rd:10): Warning: missing </ul> before </div>
licensemanager_list_tokens.html:71:1 (licensemanager_list_tokens.Rd:24): Warning: missing </ul> before </div>
licensemanager_list_usage_for_license_configuration.html:83:1 (licensemanager_list_usage_for_license_configuration.Rd:32): Warning: missing </ul> before </div>
licensemanager_reject_grant.html:48:1 (licensemanager_reject_grant.Rd:10): Warning: missing </ul> before </div>
licensemanager_tag_resource.html:52:1 (licensemanager_tag_resource.Rd:12): Warning: missing </ul> before </div>
licensemanager_untag_resource.html:52:1 (licensemanager_untag_resource.Rd:12): Warning: missing </ul> before </div>
licensemanager_update_license_configuration.html:91:1 (licensemanager_update_license_configuration.Rd:37): Warning: missing </ul> before </div>
licensemanager_update_license_manager_report_generator.html:92:1 (licensemanager_update_license_manager_report_generator.Rd:37): Warning: missing </ul> before </div>
licensemanager_update_license_specifications_for_resource.html:61:1 (licensemanager_update_license_specifications_for_resource.Rd:19): Warning: missing </ul> before </div>
licensemanager_update_service_settings.html:67:1 (licensemanager_update_service_settings.Rd:23): Warning: missing </ul> before </div>
licensemanagerlinuxsubscriptions_de_su_pr.html:52:1 (licensemanagerlinuxsubscriptions_de_su_pr.Rd:14): Warning: missing </ul> before </div>
licensemanagerlinuxsubscriptions_get_reg_sub_pro.html:52:1 (licensemanagerlinuxsubscriptions_get_reg_sub_pro.Rd:14): Warning: missing </ul> before </div>
licensemanagerlinuxsubscriptions_lis_lin_sub_ins.html:113:1 (licensemanagerlinuxsubscriptions_lis_lin_sub_ins.Rd:45): Warning: missing </ul> before </div>
licensemanagerlinuxsubscriptions_lis_reg_sub_pro.html:63:1 (licensemanagerlinuxsubscriptions_lis_reg_sub_pro.Rd:21): Warning: missing </ul> before </div>
licensemanagerlinuxsubscriptions_list_linux_subscriptions.html:87:1 (licensemanagerlinuxsubscriptions_list_linux_subscriptions.Rd:35): Warning: missing </ul> before </div>
licensemanagerlinuxsubscriptions_list_tags_for_resource.html:50:1 (licensemanagerlinuxsubscriptions_list_tags_for_resource.Rd:12): Warning: missing </ul> before </div>
licensemanagerlinuxsubscriptions_re_su_pr.html:65:1 (licensemanagerlinuxsubscriptions_re_su_pr.Rd:23): Warning: missing </ul> before </div>
licensemanagerlinuxsubscriptions_tag_resource.html:54:1 (licensemanagerlinuxsubscriptions_tag_resource.Rd:14): Warning: missing </ul> before </div>
licensemanagerlinuxsubscriptions_untag_resource.html:54:1 (licensemanagerlinuxsubscriptions_untag_resource.Rd:14): Warning: missing </ul> before </div>
licensemanagerlinuxsubscriptions_update_service_settings.html:64:1 (licensemanagerlinuxsubscriptions_update_service_settings.Rd:22): Warning: missing </ul> before </div>
licensemanagerusersubscriptions_associate_user.html:72:1 (licensemanagerusersubscriptions_associate_user.Rd:26): Warning: missing </ul> before </div>
licensemanagerusersubscriptions_cre_lic_ser_end.html:68:1 (licensemanagerusersubscriptions_cre_lic_ser_end.Rd:26): Warning: missing </ul> before </div>
licensemanagerusersubscriptions_del_lic_ser_end.html:56:1 (licensemanagerusersubscriptions_del_lic_ser_end.Rd:16): Warning: missing </ul> before </div>
licensemanagerusersubscriptions_deregister_identity_provider.html:66:1 (licensemanagerusersubscriptions_deregister_identity_provider.Rd:24): Warning: missing </ul> before </div>
licensemanagerusersubscriptions_disassociate_user.html:74:1 (licensemanagerusersubscriptions_disassociate_user.Rd:28): Warning: missing </ul> before </div>
licensemanagerusersubscriptions_lis_lic_ser_end.html:67:1 (licensemanagerusersubscriptions_lis_lic_ser_end.Rd:22): Warning: missing </ul> before </div>
licensemanagerusersubscriptions_list_identity_providers.html:71:1 (licensemanagerusersubscriptions_list_identity_providers.Rd:24): Warning: missing </ul> before </div>
licensemanagerusersubscriptions_list_instances.html:70:1 (licensemanagerusersubscriptions_list_instances.Rd:23): Warning: missing </ul> before </div>
licensemanagerusersubscriptions_list_product_subscriptions.html:87:1 (licensemanagerusersubscriptions_list_product_subscriptions.Rd:34): Warning: missing </ul> before </div>
licensemanagerusersubscriptions_list_tags_for_resource.html:49:1 (licensemanagerusersubscriptions_list_tags_for_resource.Rd:11): Warning: missing </ul> before </div>
licensemanagerusersubscriptions_list_user_associations.html:83:1 (licensemanagerusersubscriptions_list_user_associations.Rd:30): Warning: missing </ul> before </div>
licensemanagerusersubscriptions_register_identity_provider.html:69:1 (licensemanagerusersubscriptions_register_identity_provider.Rd:25): Warning: missing </ul> before </div>
licensemanagerusersubscriptions_start_product_subscription.html:75:1 (licensemanagerusersubscriptions_start_product_subscription.Rd:29): Warning: missing </ul> before </div>
licensemanagerusersubscriptions_stop_product_subscription.html:75:1 (licensemanagerusersubscriptions_stop_product_subscription.Rd:29): Warning: missing </ul> before </div>
licensemanagerusersubscriptions_tag_resource.html:52:1 (licensemanagerusersubscriptions_tag_resource.Rd:12): Warning: missing </ul> before </div>
licensemanagerusersubscriptions_untag_resource.html:53:1 (licensemanagerusersubscriptions_untag_resource.Rd:13): Warning: missing </ul> before </div>
licensemanagerusersubscriptions_upd_ide_pro_set.html:82:1 (licensemanagerusersubscriptions_upd_ide_pro_set.Rd:32): Warning: missing </ul> before </div>
managedgrafana_associate_license.html:60:1 (managedgrafana_associate_license.Rd:18): Warning: missing </ul> before </div>
managedgrafana_create_workspace.html:187:1 (managedgrafana_create_workspace.Rd:117): Warning: missing </ul> before </div>
managedgrafana_create_workspace_api_key.html:68:1 (managedgrafana_create_workspace_api_key.Rd:24): Warning: missing </ul> before </div>
managedgrafana_create_workspace_service_account.html:61:1 (managedgrafana_create_workspace_service_account.Rd:19): Warning: missing </ul> before </div>
managedgrafana_create_workspace_service_account_token.html:67:1 (managedgrafana_create_workspace_service_account_token.Rd:23): Warning: missing </ul> before </div>
managedgrafana_delete_workspace.html:48:1 (managedgrafana_delete_workspace.Rd:10): Warning: missing </ul> before </div>
managedgrafana_delete_workspace_api_key.html:52:1 (managedgrafana_delete_workspace_api_key.Rd:12): Warning: missing </ul> before </div>
managedgrafana_delete_workspace_service_account.html:52:1 (managedgrafana_delete_workspace_service_account.Rd:12): Warning: missing </ul> before </div>
managedgrafana_delete_workspace_service_account_token.html:60:1 (managedgrafana_delete_workspace_service_account_token.Rd:18): Warning: missing </ul> before </div>
managedgrafana_describe_workspace.html:48:1 (managedgrafana_describe_workspace.Rd:10): Warning: missing </ul> before </div>
managedgrafana_describe_workspace_authentication.html:49:1 (managedgrafana_describe_workspace_authentication.Rd:11): Warning: missing </ul> before </div>
managedgrafana_describe_workspace_configuration.html:48:1 (managedgrafana_describe_workspace_configuration.Rd:10): Warning: missing </ul> before </div>
managedgrafana_disassociate_license.html:52:1 (managedgrafana_disassociate_license.Rd:12): Warning: missing </ul> before </div>
managedgrafana_list_permissions.html:81:1 (managedgrafana_list_permissions.Rd:33): Warning: missing </ul> before </div>
managedgrafana_list_tags_for_resource.html:50:1 (managedgrafana_list_tags_for_resource.Rd:12): Warning: missing </ul> before </div>
managedgrafana_list_versions.html:64:1 (managedgrafana_list_versions.Rd:22): Warning: missing </ul> before </div>
managedgrafana_list_workspace_service_account_tokens.html:68:1 (managedgrafana_list_workspace_service_account_tokens.Rd:24): Warning: missing </ul> before </div>
managedgrafana_list_workspace_service_accounts.html:63:1 (managedgrafana_list_workspace_service_accounts.Rd:21): Warning: missing </ul> before </div>
managedgrafana_list_workspaces.html:55:1 (managedgrafana_list_workspaces.Rd:15): Warning: missing </ul> before </div>
managedgrafana_tag_resource.html:55:1 (managedgrafana_tag_resource.Rd:15): Warning: missing </ul> before </div>
managedgrafana_untag_resource.html:53:1 (managedgrafana_untag_resource.Rd:13): Warning: missing </ul> before </div>
managedgrafana_update_permissions.html:53:1 (managedgrafana_update_permissions.Rd:13): Warning: missing </ul> before </div>
managedgrafana_update_workspace.html:177:1 (managedgrafana_update_workspace.Rd:111): Warning: missing </ul> before </div>
managedgrafana_update_workspace_authentication.html:66:1 (managedgrafana_update_workspace_authentication.Rd:24): Warning: missing </ul> before </div>
managedgrafana_update_workspace_configuration.html:69:1 (managedgrafana_update_workspace_configuration.Rd:27): Warning: missing </ul> before </div>
opsworks_assign_instance.html:53:1 (opsworks_assign_instance.Rd:13): Warning: missing </ul> before </div>
opsworks_assign_volume.html:53:1 (opsworks_assign_volume.Rd:13): Warning: missing </ul> before </div>
opsworks_associate_elastic_ip.html:53:1 (opsworks_associate_elastic_ip.Rd:13): Warning: missing </ul> before </div>
opsworks_attach_elastic_load_balancer.html:53:1 (opsworks_attach_elastic_load_balancer.Rd:13): Warning: missing </ul> before </div>
opsworks_clone_stack.html:365:1 (opsworks_clone_stack.Rd:229): Warning: missing </ul> before </div>
opsworks_create_app.html:124:1 (opsworks_create_app.Rd:64): Warning: missing </ul> before </div>
opsworks_create_deployment.html:89:1 (opsworks_create_deployment.Rd:39): Warning: missing </ul> before </div>
opsworks_create_instance.html:239:1 (opsworks_create_instance.Rd:144): Warning: missing </ul> before </div>
opsworks_create_layer.html:169:1 (opsworks_create_layer.Rd:97): Warning: missing </ul> before </div>
opsworks_create_stack.html:361:1 (opsworks_create_stack.Rd:231): Warning: missing </ul> before </div>
opsworks_create_user_profile.html:70:1 (opsworks_create_user_profile.Rd:26): Warning: missing </ul> before </div>
opsworks_delete_app.html:48:1 (opsworks_delete_app.Rd:10): Warning: missing </ul> before </div>
opsworks_delete_instance.html:61:1 (opsworks_delete_instance.Rd:19): Warning: missing </ul> before </div>
opsworks_delete_layer.html:48:1 (opsworks_delete_layer.Rd:10): Warning: missing </ul> before </div>
opsworks_delete_stack.html:48:1 (opsworks_delete_stack.Rd:10): Warning: missing </ul> before </div>
opsworks_delete_user_profile.html:48:1 (opsworks_delete_user_profile.Rd:10): Warning: missing </ul> before </div>
opsworks_deregister_ecs_cluster.html:48:1 (opsworks_deregister_ecs_cluster.Rd:10): Warning: missing </ul> before </div>
opsworks_deregister_elastic_ip.html:48:1 (opsworks_deregister_elastic_ip.Rd:10): Warning: missing </ul> before </div>
opsworks_deregister_instance.html:48:1 (opsworks_deregister_instance.Rd:10): Warning: missing </ul> before </div>
opsworks_deregister_rds_db_instance.html:48:1 (opsworks_deregister_rds_db_instance.Rd:10): Warning: missing </ul> before </div>
opsworks_deregister_volume.html:50:1 (opsworks_deregister_volume.Rd:12): Warning: missing </ul> before </div>
opsworks_describe_agent_versions.html:52:1 (opsworks_describe_agent_versions.Rd:12): Warning: missing </ul> before </div>
opsworks_describe_apps.html:57:1 (opsworks_describe_apps.Rd:17): Warning: missing </ul> before </div>
opsworks_describe_commands.html:67:1 (opsworks_describe_commands.Rd:25): Warning: missing </ul> before </div>
opsworks_describe_deployments.html:64:1 (opsworks_describe_deployments.Rd:22): Warning: missing </ul> before </div>
opsworks_describe_ecs_clusters.html:76:1 (opsworks_describe_ecs_clusters.Rd:32): Warning: missing </ul> before </div>
opsworks_describe_elastic_ips.html:65:1 (opsworks_describe_elastic_ips.Rd:23): Warning: missing </ul> before </div>
opsworks_describe_elastic_load_balancers.html:54:1 (opsworks_describe_elastic_load_balancers.Rd:14): Warning: missing </ul> before </div>
opsworks_describe_instances.html:63:1 (opsworks_describe_instances.Rd:21): Warning: missing </ul> before </div>
opsworks_describe_layers.html:54:1 (opsworks_describe_layers.Rd:14): Warning: missing </ul> before </div>
opsworks_describe_load_based_auto_scaling.html:48:1 (opsworks_describe_load_based_auto_scaling.Rd:10): Warning: missing </ul> before </div>
opsworks_describe_permissions.html:53:1 (opsworks_describe_permissions.Rd:13): Warning: missing </ul> before </div>
opsworks_describe_raid_arrays.html:65:1 (opsworks_describe_raid_arrays.Rd:23): Warning: missing </ul> before </div>
opsworks_describe_rds_db_instances.html:53:1 (opsworks_describe_rds_db_instances.Rd:13): Warning: missing </ul> before </div>
opsworks_describe_service_errors.html:67:1 (opsworks_describe_service_errors.Rd:25): Warning: missing </ul> before </div>
opsworks_describe_stack_provisioning_parameters.html:48:1 (opsworks_describe_stack_provisioning_parameters.Rd:10): Warning: missing </ul> before </div>
opsworks_describe_stack_summary.html:49:1 (opsworks_describe_stack_summary.Rd:11): Warning: missing </ul> before </div>
opsworks_describe_stacks.html:56:1 (opsworks_describe_stacks.Rd:18): Warning: missing </ul> before </div>
opsworks_describe_time_based_auto_scaling.html:48:1 (opsworks_describe_time_based_auto_scaling.Rd:10): Warning: missing </ul> before </div>
opsworks_describe_user_profiles.html:49:1 (opsworks_describe_user_profiles.Rd:11): Warning: missing </ul> before </div>
opsworks_describe_volumes.html:73:1 (opsworks_describe_volumes.Rd:29): Warning: missing </ul> before </div>
opsworks_detach_elastic_load_balancer.html:53:1 (opsworks_detach_elastic_load_balancer.Rd:13): Warning: missing </ul> before </div>
opsworks_disassociate_elastic_ip.html:48:1 (opsworks_disassociate_elastic_ip.Rd:10): Warning: missing </ul> before </div>
opsworks_get_hostname_suggestion.html:49:1 (opsworks_get_hostname_suggestion.Rd:11): Warning: missing </ul> before </div>
opsworks_grant_access.html:55:1 (opsworks_grant_access.Rd:15): Warning: missing </ul> before </div>
opsworks_list_tags.html:58:1 (opsworks_list_tags.Rd:16): Warning: missing </ul> before </div>
opsworks_reboot_instance.html:48:1 (opsworks_reboot_instance.Rd:10): Warning: missing </ul> before </div>
opsworks_register_ecs_cluster.html:52:1 (opsworks_register_ecs_cluster.Rd:12): Warning: missing </ul> before </div>
opsworks_register_elastic_ip.html:52:1 (opsworks_register_elastic_ip.Rd:12): Warning: missing </ul> before </div>
opsworks_register_instance.html:92:1 (opsworks_register_instance.Rd:37): Warning: missing </ul> before </div>
opsworks_register_rds_db_instance.html:65:1 (opsworks_register_rds_db_instance.Rd:21): Warning: missing </ul> before </div>
opsworks_register_volume.html:52:1 (opsworks_register_volume.Rd:12): Warning: missing </ul> before </div>
opsworks_set_load_based_auto_scaling.html:69:1 (opsworks_set_load_based_auto_scaling.Rd:25): Warning: missing </ul> before </div>
opsworks_set_permission.html:92:1 (opsworks_set_permission.Rd:35): Warning: missing </ul> before </div>
opsworks_set_time_based_auto_scaling.html:53:1 (opsworks_set_time_based_auto_scaling.Rd:13): Warning: missing </ul> before </div>
opsworks_start_instance.html:48:1 (opsworks_start_instance.Rd:10): Warning: missing </ul> before </div>
opsworks_start_stack.html:48:1 (opsworks_start_stack.Rd:10): Warning: missing </ul> before </div>
opsworks_stop_instance.html:58:1 (opsworks_stop_instance.Rd:18): Warning: missing </ul> before </div>
opsworks_stop_stack.html:48:1 (opsworks_stop_stack.Rd:10): Warning: missing </ul> before </div>
opsworks_tag_resource.html:77:1 (opsworks_tag_resource.Rd:26): Warning: missing </ul> before </div>
opsworks_unassign_instance.html:49:1 (opsworks_unassign_instance.Rd:11): Warning: missing </ul> before </div>
opsworks_unassign_volume.html:48:1 (opsworks_unassign_volume.Rd:10): Warning: missing </ul> before </div>
opsworks_untag_resource.html:52:1 (opsworks_untag_resource.Rd:12): Warning: missing </ul> before </div>
opsworks_update_app.html:115:1 (opsworks_update_app.Rd:57): Warning: missing </ul> before </div>
opsworks_update_elastic_ip.html:52:1 (opsworks_update_elastic_ip.Rd:12): Warning: missing </ul> before </div>
opsworks_update_instance.html:195:1 (opsworks_update_instance.Rd:114): Warning: missing </ul> before </div>
opsworks_update_layer.html:156:1 (opsworks_update_layer.Rd:87): Warning: missing </ul> before </div>
opsworks_update_my_user_profile.html:48:1 (opsworks_update_my_user_profile.Rd:10): Warning: missing </ul> before </div>
opsworks_update_rds_db_instance.html:60:1 (opsworks_update_rds_db_instance.Rd:18): Warning: missing </ul> before </div>
opsworks_update_stack.html:296:1 (opsworks_update_stack.Rd:178): Warning: missing </ul> before </div>
opsworks_update_user_profile.html:70:1 (opsworks_update_user_profile.Rd:26): Warning: missing </ul> before </div>
opsworks_update_volume.html:56:1 (opsworks_update_volume.Rd:14): Warning: missing </ul> before </div>
opsworkscm_associate_node.html:79:1 (opsworkscm_associate_node.Rd:29): Warning: missing </ul> before </div>
opsworkscm_create_backup.html:81:1 (opsworkscm_create_backup.Rd:28): Warning: missing </ul> before </div>
opsworkscm_create_server.html:325:1 (opsworkscm_create_server.Rd:208): Warning: missing </ul> before </div>
opsworkscm_delete_backup.html:50:1 (opsworkscm_delete_backup.Rd:12): Warning: missing </ul> before </div>
opsworkscm_delete_server.html:49:1 (opsworkscm_delete_server.Rd:11): Warning: missing </ul> before </div>
opsworkscm_describe_backups.html:67:1 (opsworkscm_describe_backups.Rd:23): Warning: missing </ul> before </div>
opsworkscm_describe_events.html:68:1 (opsworkscm_describe_events.Rd:26): Warning: missing </ul> before </div>
opsworkscm_describe_node_association_status.html:57:1 (opsworkscm_describe_node_association_status.Rd:17): Warning: missing </ul> before </div>
opsworkscm_describe_servers.html:63:1 (opsworkscm_describe_servers.Rd:21): Warning: missing </ul> before </div>
opsworkscm_disassociate_node.html:68:1 (opsworkscm_disassociate_node.Rd:23): Warning: missing </ul> before </div>
opsworkscm_export_server_engine_attribute.html:88:1 (opsworkscm_export_server_engine_attribute.Rd:37): Warning: missing </ul> before </div>
opsworkscm_list_tags_for_resource.html:78:1 (opsworkscm_list_tags_for_resource.Rd:36): Warning: missing </ul> before </div>
opsworkscm_restore_server.html:71:1 (opsworkscm_restore_server.Rd:27): Warning: missing </ul> before </div>
opsworkscm_start_maintenance.html:65:1 (opsworkscm_start_maintenance.Rd:22): Warning: missing </ul> before </div>
opsworkscm_tag_resource.html:80:1 (opsworkscm_tag_resource.Rd:29): Warning: missing </ul> before </div>
opsworkscm_untag_resource.html:54:1 (opsworkscm_untag_resource.Rd:14): Warning: missing </ul> before </div>
opsworkscm_update_server.html:69:1 (opsworkscm_update_server.Rd:25): Warning: missing </ul> before </div>
opsworkscm_update_server_engine_attributes.html:60:1 (opsworkscm_update_server_engine_attributes.Rd:18): Warning: missing </ul> before </div>
organizations_accept_handshake.html:53:1 (organizations_accept_handshake.Rd:15): Warning: missing </ul> before </div>
organizations_attach_policy.html:82:1 (organizations_attach_policy.Rd:35): Warning: missing </ul> before </div>
organizations_cancel_handshake.html:55:1 (organizations_cancel_handshake.Rd:17): Warning: missing </ul> before </div>
organizations_close_account.html:49:1 (organizations_close_account.Rd:11): Warning: missing </ul> before </div>
organizations_create_account.html:153:1 (organizations_create_account.Rd:85): Warning: missing </ul> before </div>
organizations_create_gov_cloud_account.html:171:1 (organizations_create_gov_cloud_account.Rd:103): Warning: missing </ul> before </div>
organizations_create_organization.html:68:1 (organizations_create_organization.Rd:25): Warning: missing </ul> before </div>
organizations_create_organizational_unit.html:81:1 (organizations_create_organizational_unit.Rd:34): Warning: missing </ul> before </div>
organizations_create_policy.html:108:1 (organizations_create_policy.Rd:47): Warning: missing </ul> before </div>
organizations_decline_handshake.html:55:1 (organizations_decline_handshake.Rd:17): Warning: missing </ul> before </div>
organizations_delete_organizational_unit.html:57:1 (organizations_delete_organizational_unit.Rd:19): Warning: missing </ul> before </div>
organizations_delete_policy.html:55:1 (organizations_delete_policy.Rd:17): Warning: missing </ul> before </div>
organizations_deregister_delegated_administrator.html:61:1 (organizations_deregister_delegated_administrator.Rd:21): Warning: missing </ul> before </div>
organizations_describe_account.html:55:1 (organizations_describe_account.Rd:17): Warning: missing </ul> before </div>
organizations_describe_create_account_status.html:58:1 (organizations_describe_create_account_status.Rd:20): Warning: missing </ul> before </div>
organizations_describe_effective_policy.html:74:1 (organizations_describe_effective_policy.Rd:23): Warning: missing </ul> before </div>
organizations_describe_handshake.html:58:1 (organizations_describe_handshake.Rd:20): Warning: missing </ul> before </div>
organizations_describe_organizational_unit.html:57:1 (organizations_describe_organizational_unit.Rd:19): Warning: missing </ul> before </div>
organizations_describe_policy.html:56:1 (organizations_describe_policy.Rd:18): Warning: missing </ul> before </div>
organizations_detach_policy.html:83:1 (organizations_detach_policy.Rd:36): Warning: missing </ul> before </div>
organizations_disable_aws_service_access.html:52:1 (organizations_disable_aws_service_access.Rd:14): Warning: missing </ul> before </div>
organizations_disable_policy_type.html:83:1 (organizations_disable_policy_type.Rd:28): Warning: missing </ul> before </div>
organizations_enable_aws_service_access.html:54:1 (organizations_enable_aws_service_access.Rd:16): Warning: missing </ul> before </div>
organizations_enable_policy_type.html:83:1 (organizations_enable_policy_type.Rd:28): Warning: missing </ul> before </div>
organizations_invite_account_to_organization.html:91:1 (organizations_invite_account_to_organization.Rd:49): Warning: missing </ul> before </div>
organizations_list_accounts.html:65:1 (organizations_list_accounts.Rd:25): Warning: missing </ul> before </div>
organizations_list_accounts_for_parent.html:75:1 (organizations_list_accounts_for_parent.Rd:33): Warning: missing </ul> before </div>
organizations_list_aws_service_access_for_organization.html:69:1 (organizations_list_aws_service_access_for_organization.Rd:29): Warning: missing </ul> before </div>
organizations_list_children.html:96:1 (organizations_list_children.Rd:47): Warning: missing </ul> before </div>
organizations_list_create_account_status.html:75:1 (organizations_list_create_account_status.Rd:33): Warning: missing </ul> before </div>
organizations_list_delegated_administrators.html:78:1 (organizations_list_delegated_administrators.Rd:36): Warning: missing </ul> before </div>
organizations_list_delegated_services_for_account.html:75:1 (organizations_list_delegated_services_for_account.Rd:33): Warning: missing </ul> before </div>
organizations_list_handshakes_for_account.html:80:1 (organizations_list_handshakes_for_account.Rd:38): Warning: missing </ul> before </div>
organizations_list_handshakes_for_organization.html:80:1 (organizations_list_handshakes_for_organization.Rd:38): Warning: missing </ul> before </div>
organizations_list_organizational_units_for_parent.html:91:1 (organizations_list_organizational_units_for_parent.Rd:44): Warning: missing </ul> before </div>
organizations_list_parents.html:86:1 (organizations_list_parents.Rd:39): Warning: missing </ul> before </div>
organizations_list_policies.html:95:1 (organizations_list_policies.Rd:38): Warning: missing </ul> before </div>
organizations_list_policies_for_target.html:124:1 (organizations_list_policies_for_target.Rd:58): Warning: missing </ul> before </div>
organizations_list_roots.html:65:1 (organizations_list_roots.Rd:25): Warning: missing </ul> before </div>
organizations_list_tags_for_resource.html:76:1 (organizations_list_tags_for_resource.Rd:27): Warning: missing </ul> before </div>
organizations_list_targets_for_policy.html:79:1 (organizations_list_targets_for_policy.Rd:37): Warning: missing </ul> before </div>
organizations_move_account.html:94:1 (organizations_move_account.Rd:42): Warning: missing </ul> before </div>
organizations_put_resource_policy.html:64:1 (organizations_put_resource_policy.Rd:24): Warning: missing </ul> before </div>
organizations_register_delegated_administrator.html:55:1 (organizations_register_delegated_administrator.Rd:15): Warning: missing </ul> before </div>
organizations_remove_account_from_organization.html:52:1 (organizations_remove_account_from_organization.Rd:14): Warning: missing </ul> before </div>
organizations_tag_resource.html:78:1 (organizations_tag_resource.Rd:29): Warning: missing </ul> before </div>
organizations_untag_resource.html:72:1 (organizations_untag_resource.Rd:23): Warning: missing </ul> before </div>
organizations_update_organizational_unit.html:65:1 (organizations_update_organizational_unit.Rd:25): Warning: missing </ul> before </div>
organizations_update_policy.html:80:1 (organizations_update_policy.Rd:36): Warning: missing </ul> before </div>
pi_create_performance_analysis_report.html:78:1 (pi_create_performance_analysis_report.Rd:32): Warning: missing </ul> before </div>
pi_delete_performance_analysis_report.html:68:1 (pi_delete_performance_analysis_report.Rd:26): Warning: missing </ul> before </div>
pi_describe_dimension_keys.html:203:1 (pi_describe_dimension_keys.Rd:117): Warning: missing </ul> before </div>
pi_get_dimension_key_details.html:139:1 (pi_get_dimension_key_details.Rd:66): Warning: missing </ul> before </div>
pi_get_performance_analysis_report.html:82:1 (pi_get_performance_analysis_report.Rd:36): Warning: missing </ul> before </div>
pi_get_resource_metadata.html:57:1 (pi_get_resource_metadata.Rd:17): Warning: missing </ul> before </div>
pi_get_resource_metrics.html:151:1 (pi_get_resource_metrics.Rd:81): Warning: missing </ul> before </div>
pi_list_available_resource_dimensions.html:92:1 (pi_list_available_resource_dimensions.Rd:44): Warning: missing </ul> before </div>
pi_list_available_resource_metrics.html:98:1 (pi_list_available_resource_metrics.Rd:43): Warning: missing </ul> before </div>
pi_list_performance_analysis_reports.html:82:1 (pi_list_performance_analysis_reports.Rd:36): Warning: missing </ul> before </div>
pi_list_tags_for_resource.html:56:1 (pi_list_tags_for_resource.Rd:16): Warning: missing </ul> before </div>
pi_tag_resource.html:60:1 (pi_tag_resource.Rd:18): Warning: missing </ul> before </div>
pi_untag_resource.html:61:1 (pi_untag_resource.Rd:19): Warning: missing </ul> before </div>
prometheusservice_create_alert_manager_definition.html:66:1 (prometheusservice_create_alert_manager_definition.Rd:24): Warning: missing </ul> before </div>
prometheusservice_create_logging_configuration.html:63:1 (prometheusservice_create_logging_configuration.Rd:21): Warning: missing </ul> before </div>
prometheusservice_create_rule_groups_namespace.html:78:1 (prometheusservice_create_rule_groups_namespace.Rd:32): Warning: missing </ul> before </div>
prometheusservice_create_scraper.html:85:1 (prometheusservice_create_scraper.Rd:35): Warning: missing </ul> before </div>
prometheusservice_create_workspace.html:73:1 (prometheusservice_create_workspace.Rd:29): Warning: missing </ul> before </div>
prometheusservice_delete_alert_manager_definition.html:56:1 (prometheusservice_delete_alert_manager_definition.Rd:16): Warning: missing </ul> before </div>
prometheusservice_delete_logging_configuration.html:53:1 (prometheusservice_delete_logging_configuration.Rd:13): Warning: missing </ul> before </div>
prometheusservice_delete_rule_groups_namespace.html:63:1 (prometheusservice_delete_rule_groups_namespace.Rd:21): Warning: missing </ul> before </div>
prometheusservice_delete_scraper.html:54:1 (prometheusservice_delete_scraper.Rd:14): Warning: missing </ul> before </div>
prometheusservice_delete_workspace.html:53:1 (prometheusservice_delete_workspace.Rd:13): Warning: missing </ul> before </div>
prometheusservice_describe_alert_manager_definition.html:49:1 (prometheusservice_describe_alert_manager_definition.Rd:11): Warning: missing </ul> before </div>
prometheusservice_describe_logging_configuration.html:49:1 (prometheusservice_describe_logging_configuration.Rd:11): Warning: missing </ul> before </div>
prometheusservice_describe_rule_groups_namespace.html:52:1 (prometheusservice_describe_rule_groups_namespace.Rd:12): Warning: missing </ul> before </div>
prometheusservice_describe_scraper.html:49:1 (prometheusservice_describe_scraper.Rd:11): Warning: missing </ul> before </div>
prometheusservice_describe_workspace.html:48:1 (prometheusservice_describe_workspace.Rd:10): Warning: missing </ul> before </div>
prometheusservice_list_rule_groups_namespaces.html:74:1 (prometheusservice_list_rule_groups_namespaces.Rd:30): Warning: missing </ul> before </div>
prometheusservice_list_scrapers.html:81:1 (prometheusservice_list_scrapers.Rd:39): Warning: missing </ul> before </div>
prometheusservice_list_tags_for_resource.html:50:1 (prometheusservice_list_tags_for_resource.Rd:12): Warning: missing </ul> before </div>
prometheusservice_list_workspaces.html:73:1 (prometheusservice_list_workspaces.Rd:31): Warning: missing </ul> before </div>
prometheusservice_put_alert_manager_definition.html:65:1 (prometheusservice_put_alert_manager_definition.Rd:23): Warning: missing </ul> before </div>
prometheusservice_put_rule_groups_namespace.html:71:1 (prometheusservice_put_rule_groups_namespace.Rd:27): Warning: missing </ul> before </div>
prometheusservice_tag_resource.html:55:1 (prometheusservice_tag_resource.Rd:15): Warning: missing </ul> before </div>
prometheusservice_untag_resource.html:53:1 (prometheusservice_untag_resource.Rd:13): Warning: missing </ul> before </div>
prometheusservice_update_logging_configuration.html:63:1 (prometheusservice_update_logging_configuration.Rd:21): Warning: missing </ul> before </div>
prometheusservice_update_scraper.html:80:1 (prometheusservice_update_scraper.Rd:32): Warning: missing </ul> before </div>
prometheusservice_update_workspace_alias.html:64:1 (prometheusservice_update_workspace_alias.Rd:22): Warning: missing </ul> before </div>
resiliencehub_accept_resource_grouping_recommendations.html:58:1 (resiliencehub_accept_resource_grouping_recommendations.Rd:18): Warning: missing </ul> before </div>
resiliencehub_add_draft_app_version_resource_mappings.html:60:1 (resiliencehub_add_draft_app_version_resource_mappings.Rd:20): Warning: missing </ul> before </div>
resiliencehub_batch_update_recommendation_status.html:58:1 (resiliencehub_batch_update_recommendation_status.Rd:18): Warning: missing </ul> before </div>
resiliencehub_create_app.html:104:1 (resiliencehub_create_app.Rd:50): Warning: missing </ul> before </div>
resiliencehub_create_app_version_app_component.html:83:1 (resiliencehub_create_app_version_app_component.Rd:35): Warning: missing </ul> before </div>
resiliencehub_create_app_version_resource.html:104:1 (resiliencehub_create_app_version_resource.Rd:48): Warning: missing </ul> before </div>
resiliencehub_create_recommendation_template.html:115:1 (resiliencehub_create_recommendation_template.Rd:63): Warning: missing </ul> before </div>
resiliencehub_create_resiliency_policy.html:86:1 (resiliencehub_create_resiliency_policy.Rd:36): Warning: missing </ul> before </div>
resiliencehub_delete_app.html:62:1 (resiliencehub_delete_app.Rd:20): Warning: missing </ul> before </div>
resiliencehub_delete_app_assessment.html:58:1 (resiliencehub_delete_app_assessment.Rd:18): Warning: missing </ul> before </div>
resiliencehub_delete_app_input_source.html:82:1 (resiliencehub_delete_app_input_source.Rd:36): Warning: missing </ul> before </div>
resiliencehub_delete_app_version_app_component.html:62:1 (resiliencehub_delete_app_version_app_component.Rd:20): Warning: missing </ul> before </div>
resiliencehub_delete_app_version_resource.html:86:1 (resiliencehub_delete_app_version_resource.Rd:36): Warning: missing </ul> before </div>
resiliencehub_delete_recommendation_template.html:57:1 (resiliencehub_delete_recommendation_template.Rd:17): Warning: missing </ul> before </div>
resiliencehub_delete_resiliency_policy.html:58:1 (resiliencehub_delete_resiliency_policy.Rd:18): Warning: missing </ul> before </div>
resiliencehub_descr_draft_app_versi_resou_impor_statu.html:52:1 (resiliencehub_descr_draft_app_versi_resou_impor_statu.Rd:14): Warning: missing </ul> before </div>
resiliencehub_descri_app_versio_resour_resolu_status.html:65:1 (resiliencehub_descri_app_versio_resour_resolu_status.Rd:23): Warning: missing </ul> before </div>
resiliencehub_describe_app.html:52:1 (resiliencehub_describe_app.Rd:14): Warning: missing </ul> before </div>
resiliencehub_describe_app_assessment.html:52:1 (resiliencehub_describe_app_assessment.Rd:14): Warning: missing </ul> before </div>
resiliencehub_describe_app_version.html:56:1 (resiliencehub_describe_app_version.Rd:16): Warning: missing </ul> before </div>
resiliencehub_describe_app_version_app_component.html:60:1 (resiliencehub_describe_app_version_app_component.Rd:18): Warning: missing </ul> before </div>
resiliencehub_describe_app_version_resource.html:84:1 (resiliencehub_describe_app_version_resource.Rd:34): Warning: missing </ul> before </div>
resiliencehub_describe_app_version_template.html:56:1 (resiliencehub_describe_app_version_template.Rd:16): Warning: missing </ul> before </div>
resiliencehub_describe_metrics_export.html:48:1 (resiliencehub_describe_metrics_export.Rd:10): Warning: missing </ul> before </div>
resiliencehub_describe_resiliency_policy.html:53:1 (resiliencehub_describe_resiliency_policy.Rd:15): Warning: missing </ul> before </div>
resiliencehub_describe_resource_grouping_recommendation_task.html:60:1 (resiliencehub_describe_resource_grouping_recommendation_task.Rd:20): Warning: missing </ul> before </div>
resiliencehub_import_resources_to_draft_app_version.html:77:1 (resiliencehub_import_resources_to_draft_app_version.Rd:31): Warning: missing </ul> before </div>
resiliencehub_list_alarm_recommendations.html:66:1 (resiliencehub_list_alarm_recommendations.Rd:24): Warning: missing </ul> before </div>
resiliencehub_list_app_assessment_compliance_drifts.html:64:1 (resiliencehub_list_app_assessment_compliance_drifts.Rd:22): Warning: missing </ul> before </div>
resiliencehub_list_app_assessment_resource_drifts.html:66:1 (resiliencehub_list_app_assessment_resource_drifts.Rd:24): Warning: missing </ul> before </div>
resiliencehub_list_app_assessments.html:93:1 (resiliencehub_list_app_assessments.Rd:41): Warning: missing </ul> before </div>
resiliencehub_list_app_component_compliances.html:66:1 (resiliencehub_list_app_component_compliances.Rd:24): Warning: missing </ul> before </div>
resiliencehub_list_app_component_recommendations.html:66:1 (resiliencehub_list_app_component_recommendations.Rd:24): Warning: missing </ul> before </div>
resiliencehub_list_app_input_sources.html:70:1 (resiliencehub_list_app_input_sources.Rd:26): Warning: missing </ul> before </div>
resiliencehub_list_app_version_app_components.html:70:1 (resiliencehub_list_app_version_app_components.Rd:26): Warning: missing </ul> before </div>
resiliencehub_list_app_version_resource_mappings.html:72:1 (resiliencehub_list_app_version_resource_mappings.Rd:28): Warning: missing </ul> before </div>
resiliencehub_list_app_version_resources.html:76:1 (resiliencehub_list_app_version_resources.Rd:30): Warning: missing </ul> before </div>
resiliencehub_list_app_versions.html:76:1 (resiliencehub_list_app_versions.Rd:30): Warning: missing </ul> before </div>
resiliencehub_list_apps.html:99:1 (resiliencehub_list_apps.Rd:47): Warning: missing </ul> before </div>
resiliencehub_list_metrics.html:79:1 (resiliencehub_list_metrics.Rd:31): Warning: missing </ul> before </div>
resiliencehub_list_recommendation_templates.html:87:1 (resiliencehub_list_recommendation_templates.Rd:37): Warning: missing </ul> before </div>
resiliencehub_list_resiliency_policies.html:62:1 (resiliencehub_list_resiliency_policies.Rd:20): Warning: missing </ul> before </div>
resiliencehub_list_resource_grouping_recommendations.html:66:1 (resiliencehub_list_resource_grouping_recommendations.Rd:24): Warning: missing </ul> before </div>
resiliencehub_list_sop_recommendations.html:67:1 (resiliencehub_list_sop_recommendations.Rd:25): Warning: missing </ul> before </div>
resiliencehub_list_suggested_resiliency_policies.html:58:1 (resiliencehub_list_suggested_resiliency_policies.Rd:18): Warning: missing </ul> before </div>
resiliencehub_list_tags_for_resource.html:49:1 (resiliencehub_list_tags_for_resource.Rd:11): Warning: missing </ul> before </div>
resiliencehub_list_test_recommendations.html:66:1 (resiliencehub_list_test_recommendations.Rd:24): Warning: missing </ul> before </div>
resiliencehub_list_unsupported_app_version_resources.html:76:1 (resiliencehub_list_unsupported_app_version_resources.Rd:30): Warning: missing </ul> before </div>
resiliencehub_publish_app_version.html:56:1 (resiliencehub_publish_app_version.Rd:16): Warning: missing </ul> before </div>
resiliencehub_put_draft_app_version_template.html:322:1 (resiliencehub_put_draft_app_version_template.Rd:219): Warning: missing </ul> before </div>
resiliencehub_reject_resource_grouping_recommendations.html:57:1 (resiliencehub_reject_resource_grouping_recommendations.Rd:17): Warning: missing </ul> before </div>
resiliencehub_remove_draft_app_version_resource_mappings.html:92:1 (resiliencehub_remove_draft_app_version_resource_mappings.Rd:42): Warning: missing </ul> before </div>
resiliencehub_resolve_app_version_resources.html:56:1 (resiliencehub_resolve_app_version_resources.Rd:16): Warning: missing </ul> before </div>
resiliencehub_start_app_assessment.html:77:1 (resiliencehub_start_app_assessment.Rd:31): Warning: missing </ul> before </div>
resiliencehub_start_metrics_export.html:55:1 (resiliencehub_start_metrics_export.Rd:15): Warning: missing </ul> before </div>
resiliencehub_start_resource_grouping_recommendation_task.html:52:1 (resiliencehub_start_resource_grouping_recommendation_task.Rd:14): Warning: missing </ul> before </div>
resiliencehub_tag_resource.html:53:1 (resiliencehub_tag_resource.Rd:13): Warning: missing </ul> before </div>
resiliencehub_untag_resource.html:52:1 (resiliencehub_untag_resource.Rd:12): Warning: missing </ul> before </div>
resiliencehub_update_app.html:92:1 (resiliencehub_update_app.Rd:42): Warning: missing </ul> before </div>
resiliencehub_update_app_version.html:65:1 (resiliencehub_update_app_version.Rd:25): Warning: missing </ul> before </div>
resiliencehub_update_app_version_app_component.html:77:1 (resiliencehub_update_app_version_app_component.Rd:31): Warning: missing </ul> before </div>
resiliencehub_update_app_version_resource.html:104:1 (resiliencehub_update_app_version_resource.Rd:48): Warning: missing </ul> before </div>
resiliencehub_update_resiliency_policy.html:82:1 (resiliencehub_update_resiliency_policy.Rd:34): Warning: missing </ul> before </div>
resourcegroups_cancel_tag_sync_task.html:48:1 (resourcegroups_cancel_tag_sync_task.Rd:10): Warning: missing </ul> before </div>
resourcegroups_create_group.html:108:1 (resourcegroups_create_group.Rd:56): Warning: missing </ul> before </div>
resourcegroups_delete_group.html:53:1 (resourcegroups_delete_group.Rd:13): Warning: missing </ul> before </div>
resourcegroups_get_group.html:53:1 (resourcegroups_get_group.Rd:13): Warning: missing </ul> before </div>
resourcegroups_get_group_configuration.html:50:1 (resourcegroups_get_group_configuration.Rd:12): Warning: missing </ul> before </div>
resourcegroups_get_group_query.html:54:1 (resourcegroups_get_group_query.Rd:14): Warning: missing </ul> before </div>
resourcegroups_get_tag_sync_task.html:48:1 (resourcegroups_get_tag_sync_task.Rd:10): Warning: missing </ul> before </div>
resourcegroups_get_tags.html:50:1 (resourcegroups_get_tags.Rd:12): Warning: missing </ul> before </div>
resourcegroups_group_resources.html:54:1 (resourcegroups_group_resources.Rd:14): Warning: missing </ul> before </div>
resourcegroups_list_group_resources.html:116:1 (resourcegroups_list_group_resources.Rd:67): Warning: missing </ul> before </div>
resourcegroups_list_grouping_statuses.html:73:1 (resourcegroups_list_grouping_statuses.Rd:29): Warning: missing </ul> before </div>
resourcegroups_list_groups.html:109:1 (resourcegroups_list_groups.Rd:47): Warning: missing </ul> before </div>
resourcegroups_list_tag_sync_tasks.html:65:1 (resourcegroups_list_tag_sync_tasks.Rd:23): Warning: missing </ul> before </div>
resourcegroups_put_group_configuration.html:63:1 (resourcegroups_put_group_configuration.Rd:23): Warning: missing </ul> before </div>
resourcegroups_search_resources.html:76:1 (resourcegroups_search_resources.Rd:34): Warning: missing </ul> before </div>
resourcegroups_start_tag_sync_task.html:67:1 (resourcegroups_start_tag_sync_task.Rd:23): Warning: missing </ul> before </div>
resourcegroups_tag.html:55:1 (resourcegroups_tag.Rd:15): Warning: missing </ul> before </div>
resourcegroups_ungroup_resources.html:54:1 (resourcegroups_ungroup_resources.Rd:14): Warning: missing </ul> before </div>
resourcegroups_untag.html:54:1 (resourcegroups_untag.Rd:14): Warning: missing </ul> before </div>
resourcegroups_update_account_settings.html:54:1 (resourcegroups_update_account_settings.Rd:16): Warning: missing </ul> before </div>
resourcegroups_update_group.html:81:1 (resourcegroups_update_group.Rd:33): Warning: missing </ul> before </div>
resourcegroups_update_group_query.html:65:1 (resourcegroups_update_group_query.Rd:23): Warning: missing </ul> before </div>
resourcegroupstaggingapi_get_compliance_summary.html:119:1 (resourcegroupstaggingapi_get_compliance_summary.Rd:62): Warning: missing </ul> before </div>
resourcegroupstaggingapi_get_resources.html:198:1 (resourcegroupstaggingapi_get_resources.Rd:128): Warning: missing </ul> before </div>
resourcegroupstaggingapi_get_tag_keys.html:51:1 (resourcegroupstaggingapi_get_tag_keys.Rd:13): Warning: missing </ul> before </div>
resourcegroupstaggingapi_get_tag_values.html:57:1 (resourcegroupstaggingapi_get_tag_values.Rd:17): Warning: missing </ul> before </div>
resourcegroupstaggingapi_start_report_creation.html:56:1 (resourcegroupstaggingapi_start_report_creation.Rd:18): Warning: missing </ul> before </div>
resourcegroupstaggingapi_tag_resources.html:58:1 (resourcegroupstaggingapi_tag_resources.Rd:18): Warning: missing </ul> before </div>
resourcegroupstaggingapi_untag_resources.html:58:1 (resourcegroupstaggingapi_untag_resources.Rd:18): Warning: missing </ul> before </div>
servicecatalog_accept_portfolio_share.html:87:1 (servicecatalog_accept_portfolio_share.Rd:33): Warning: missing </ul> before </div>
servicecatalog_associ_servic_action_with_provis_artifa.html:83:1 (servicecatalog_associ_servic_action_with_provis_artifa.Rd:32): Warning: missing </ul> before </div>
servicecatalog_associate_budget_with_resource.html:52:1 (servicecatalog_associate_budget_with_resource.Rd:12): Warning: missing </ul> before </div>
servicecatalog_associate_principal_with_portfolio.html:141:1 (servicecatalog_associate_principal_with_portfolio.Rd:79): Warning: missing </ul> before </div>
servicecatalog_associate_product_with_portfolio.html:74:1 (servicecatalog_associate_product_with_portfolio.Rd:25): Warning: missing </ul> before </div>
servicecatalog_associate_tag_option_with_resource.html:53:1 (servicecatalog_associate_tag_option_with_resource.Rd:13): Warning: missing </ul> before </div>
servicecatalog_batch_assoc_servi_actio_with_provi_artif.html:65:1 (servicecatalog_batch_assoc_servi_actio_with_provi_artif.Rd:20): Warning: missing </ul> before </div>
servicecatalog_batch_disas_servi_actio_from_provi_artif.html:66:1 (servicecatalog_batch_disas_servi_actio_from_provi_artif.Rd:21): Warning: missing </ul> before </div>
servicecatalog_copy_product.html:97:1 (servicecatalog_copy_product.Rd:42): Warning: missing </ul> before </div>
servicecatalog_create_constraint.html:170:1 (servicecatalog_create_constraint.Rd:104): Warning: missing </ul> before </div>
servicecatalog_create_portfolio.html:86:1 (servicecatalog_create_portfolio.Rd:33): Warning: missing </ul> before </div>
servicecatalog_create_portfolio_share.html:102:1 (servicecatalog_create_portfolio_share.Rd:49): Warning: missing </ul> before </div>
servicecatalog_create_product.html:135:1 (servicecatalog_create_product.Rd:63): Warning: missing </ul> before </div>
servicecatalog_create_provisioned_product_plan.html:122:1 (servicecatalog_create_provisioned_product_plan.Rd:59): Warning: missing </ul> before </div>
servicecatalog_create_provisioning_artifact.html:77:1 (servicecatalog_create_provisioning_artifact.Rd:28): Warning: missing </ul> before </div>
servicecatalog_create_service_action.html:115:1 (servicecatalog_create_service_action.Rd:62): Warning: missing </ul> before </div>
servicecatalog_create_tag_option.html:52:1 (servicecatalog_create_tag_option.Rd:12): Warning: missing </ul> before </div>
servicecatalog_delete_constraint.html:61:1 (servicecatalog_delete_constraint.Rd:16): Warning: missing </ul> before </div>
servicecatalog_delete_portfolio.html:61:1 (servicecatalog_delete_portfolio.Rd:16): Warning: missing </ul> before </div>
servicecatalog_delete_portfolio_share.html:75:1 (servicecatalog_delete_portfolio_share.Rd:26): Warning: missing </ul> before </div>
servicecatalog_delete_product.html:61:1 (servicecatalog_delete_product.Rd:16): Warning: missing </ul> before </div>
servicecatalog_delete_provisioned_product_plan.html:70:1 (servicecatalog_delete_provisioned_product_plan.Rd:23): Warning: missing </ul> before </div>
servicecatalog_delete_provisioning_artifact.html:70:1 (servicecatalog_delete_provisioning_artifact.Rd:23): Warning: missing </ul> before </div>
servicecatalog_delete_service_action.html:72:1 (servicecatalog_delete_service_action.Rd:25): Warning: missing </ul> before </div>
servicecatalog_delete_tag_option.html:48:1 (servicecatalog_delete_tag_option.Rd:10): Warning: missing </ul> before </div>
servicecatalog_describe_constraint.html:61:1 (servicecatalog_describe_constraint.Rd:16): Warning: missing </ul> before </div>
servicecatalog_describe_copy_product_status.html:65:1 (servicecatalog_describe_copy_product_status.Rd:20): Warning: missing </ul> before </div>
servicecatalog_describe_portfolio.html:61:1 (servicecatalog_describe_portfolio.Rd:16): Warning: missing </ul> before </div>
servicecatalog_describe_portfolio_share_status.html:49:1 (servicecatalog_describe_portfolio_share_status.Rd:11): Warning: missing </ul> before </div>
servicecatalog_describe_portfolio_shares.html:80:1 (servicecatalog_describe_portfolio_shares.Rd:36): Warning: missing </ul> before </div>
servicecatalog_describe_product.html:65:1 (servicecatalog_describe_product.Rd:18): Warning: missing </ul> before </div>
servicecatalog_describe_product_as_admin.html:81:1 (servicecatalog_describe_product_as_admin.Rd:32): Warning: missing </ul> before </div>
servicecatalog_describe_product_view.html:61:1 (servicecatalog_describe_product_view.Rd:16): Warning: missing </ul> before </div>
servicecatalog_describe_provisioned_product.html:77:1 (servicecatalog_describe_provisioned_product.Rd:30): Warning: missing </ul> before </div>
servicecatalog_describe_provisioned_product_plan.html:75:1 (servicecatalog_describe_provisioned_product_plan.Rd:26): Warning: missing </ul> before </div>
servicecatalog_describe_provisioning_artifact.html:91:1 (servicecatalog_describe_provisioning_artifact.Rd:36): Warning: missing </ul> before </div>
servicecatalog_describe_provisioning_parameters.html:97:1 (servicecatalog_describe_provisioning_parameters.Rd:42): Warning: missing </ul> before </div>
servicecatalog_describe_record.html:76:1 (servicecatalog_describe_record.Rd:27): Warning: missing </ul> before </div>
servicecatalog_describe_service_action.html:61:1 (servicecatalog_describe_service_action.Rd:16): Warning: missing </ul> before </div>
servicecatalog_describe_service_action_execution_parameters.html:71:1 (servicecatalog_describe_service_action_execution_parameters.Rd:24): Warning: missing </ul> before </div>
servicecatalog_describe_tag_option.html:48:1 (servicecatalog_describe_tag_option.Rd:10): Warning: missing </ul> before </div>
servicecatalog_disass_servic_action_from_provis_artifa.html:84:1 (servicecatalog_disass_servic_action_from_provis_artifa.Rd:33): Warning: missing </ul> before </div>
servicecatalog_disassociate_budget_from_resource.html:53:1 (servicecatalog_disassociate_budget_from_resource.Rd:13): Warning: missing </ul> before </div>
servicecatalog_disassociate_principal_from_portfolio.html:79:1 (servicecatalog_disassociate_principal_from_portfolio.Rd:30): Warning: missing </ul> before </div>
servicecatalog_disassociate_product_from_portfolio.html:69:1 (servicecatalog_disassociate_product_from_portfolio.Rd:22): Warning: missing </ul> before </div>
servicecatalog_disassociate_tag_option_from_resource.html:52:1 (servicecatalog_disassociate_tag_option_from_resource.Rd:12): Warning: missing </ul> before </div>
servicecatalog_execute_provisioned_product_plan.html:72:1 (servicecatalog_execute_provisioned_product_plan.Rd:25): Warning: missing </ul> before </div>
servicecatalog_execute_provisioned_product_service_action.html:84:1 (servicecatalog_execute_provisioned_product_service_action.Rd:33): Warning: missing </ul> before </div>
servicecatalog_get_provisioned_product_outputs.html:90:1 (servicecatalog_get_provisioned_product_outputs.Rd:37): Warning: missing </ul> before </div>
servicecatalog_import_as_provisioned_product.html:91:1 (servicecatalog_import_as_provisioned_product.Rd:38): Warning: missing </ul> before </div>
servicecatalog_list_accepted_portfolio_shares.html:92:1 (servicecatalog_list_accepted_portfolio_shares.Rd:36): Warning: missing </ul> before </div>
servicecatalog_list_budgets_for_resource.html:75:1 (servicecatalog_list_budgets_for_resource.Rd:26): Warning: missing </ul> before </div>
servicecatalog_list_constraints_for_portfolio.html:80:1 (servicecatalog_list_constraints_for_portfolio.Rd:29): Warning: missing </ul> before </div>
servicecatalog_list_launch_paths.html:75:1 (servicecatalog_list_launch_paths.Rd:26): Warning: missing </ul> before </div>
servicecatalog_list_organization_portfolio_access.html:94:1 (servicecatalog_list_organization_portfolio_access.Rd:36): Warning: missing </ul> before </div>
servicecatalog_list_portfolio_access.html:82:1 (servicecatalog_list_portfolio_access.Rd:31): Warning: missing </ul> before </div>
servicecatalog_list_portfolios.html:70:1 (servicecatalog_list_portfolios.Rd:23): Warning: missing </ul> before </div>
servicecatalog_list_portfolios_for_product.html:75:1 (servicecatalog_list_portfolios_for_product.Rd:26): Warning: missing </ul> before </div>
servicecatalog_list_principals_for_portfolio.html:76:1 (servicecatalog_list_principals_for_portfolio.Rd:27): Warning: missing </ul> before </div>
servicecatalog_list_provis_artifa_for_servic_action.html:76:1 (servicecatalog_list_provis_artifa_for_servic_action.Rd:27): Warning: missing </ul> before </div>
servicecatalog_list_provisioned_product_plans.html:81:1 (servicecatalog_list_provisioned_product_plans.Rd:30): Warning: missing </ul> before </div>
servicecatalog_list_provisioning_artifacts.html:62:1 (servicecatalog_list_provisioning_artifacts.Rd:17): Warning: missing </ul> before </div>
servicecatalog_list_record_history.html:80:1 (servicecatalog_list_record_history.Rd:29): Warning: missing </ul> before </div>
servicecatalog_list_resources_for_tag_option.html:75:1 (servicecatalog_list_resources_for_tag_option.Rd:26): Warning: missing </ul> before </div>
servicecatalog_list_servic_action_for_provis_artifa.html:82:1 (servicecatalog_list_servic_action_for_provis_artifa.Rd:31): Warning: missing </ul> before </div>
servicecatalog_list_service_actions.html:70:1 (servicecatalog_list_service_actions.Rd:23): Warning: missing </ul> before </div>
servicecatalog_list_stack_instances_for_provisioned_product.html:76:1 (servicecatalog_list_stack_instances_for_provisioned_product.Rd:27): Warning: missing </ul> before </div>
servicecatalog_list_tag_options.html:62:1 (servicecatalog_list_tag_options.Rd:20): Warning: missing </ul> before </div>
servicecatalog_notif_termi_provi_produ_engin_workf_resul.html:72:1 (servicecatalog_notif_termi_provi_produ_engin_workf_resul.Rd:26): Warning: missing </ul> before </div>
servicecatalog_notif_updat_provi_produ_engin_workf_resul.html:77:1 (servicecatalog_notif_updat_provi_produ_engin_workf_resul.Rd:29): Warning: missing </ul> before </div>
servicecatalog_notify_provis_produc_engine_workfl_result.html:83:1 (servicecatalog_notify_provis_produc_engine_workfl_result.Rd:33): Warning: missing </ul> before </div>
servicecatalog_provision_product.html:130:1 (servicecatalog_provision_product.Rd:63): Warning: missing </ul> before </div>
servicecatalog_reject_portfolio_share.html:87:1 (servicecatalog_reject_portfolio_share.Rd:33): Warning: missing </ul> before </div>
servicecatalog_scan_provisioned_products.html:75:1 (servicecatalog_scan_provisioned_products.Rd:26): Warning: missing </ul> before </div>
servicecatalog_search_products.html:86:1 (servicecatalog_search_products.Rd:33): Warning: missing </ul> before </div>
servicecatalog_search_products_as_admin.html:97:1 (servicecatalog_search_products_as_admin.Rd:40): Warning: missing </ul> before </div>
servicecatalog_search_provisioned_products.html:101:1 (servicecatalog_search_provisioned_products.Rd:46): Warning: missing </ul> before </div>
servicecatalog_terminate_provisioned_product.html:95:1 (servicecatalog_terminate_provisioned_product.Rd:42): Warning: missing </ul> before </div>
servicecatalog_update_constraint.html:135:1 (servicecatalog_update_constraint.Rd:86): Warning: missing </ul> before </div>
servicecatalog_update_portfolio.html:89:1 (servicecatalog_update_portfolio.Rd:34): Warning: missing </ul> before </div>
servicecatalog_update_portfolio_share.html:89:1 (servicecatalog_update_portfolio_share.Rd:37): Warning: missing </ul> before </div>
servicecatalog_update_product.html:126:1 (servicecatalog_update_product.Rd:56): Warning: missing </ul> before </div>
servicecatalog_update_provisioned_product.html:130:1 (servicecatalog_update_provisioned_product.Rd:63): Warning: missing </ul> before </div>
servicecatalog_update_provisioned_product_properties.html:109:1 (servicecatalog_update_provisioned_product_properties.Rd:60): Warning: missing </ul> before </div>
servicecatalog_update_provisioning_artifact.html:102:1 (servicecatalog_update_provisioning_artifact.Rd:47): Warning: missing </ul> before </div>
servicecatalog_update_service_action.html:79:1 (servicecatalog_update_service_action.Rd:28): Warning: missing </ul> before </div>
servicecatalog_update_tag_option.html:56:1 (servicecatalog_update_tag_option.Rd:14): Warning: missing </ul> before </div>
servicequotas_delet_servi_quota_incre_reque_from_templ.html:67:1 (servicequotas_delet_servi_quota_incre_reque_from_templ.Rd:25): Warning: missing </ul> before </div>
servicequotas_get_aws_default_service_quota.html:58:1 (servicequotas_get_aws_default_service_quota.Rd:18): Warning: missing </ul> before </div>
servicequotas_get_requested_service_quota_change.html:48:1 (servicequotas_get_requested_service_quota_change.Rd:10): Warning: missing </ul> before </div>
servicequotas_get_servi_quota_incre_reque_from_templ.html:67:1 (servicequotas_get_servi_quota_incre_reque_from_templ.Rd:25): Warning: missing </ul> before </div>
servicequotas_get_service_quota.html:64:1 (servicequotas_get_service_quota.Rd:22): Warning: missing </ul> before </div>
servicequotas_list_aws_default_service_quotas.html:77:1 (servicequotas_list_aws_default_service_quotas.Rd:35): Warning: missing </ul> before </div>
servicequotas_list_reque_servi_quota_chang_histo_by_quota.html:97:1 (servicequotas_list_reque_servi_quota_chang_histo_by_quota.Rd:49): Warning: missing </ul> before </div>
servicequotas_list_requested_service_quota_change_history.html:89:1 (servicequotas_list_requested_service_quota_change_history.Rd:43): Warning: missing </ul> before </div>
servicequotas_list_servi_quota_incre_reque_in_templ.html:82:1 (servicequotas_list_servi_quota_incre_reque_in_templ.Rd:38): Warning: missing </ul> before </div>
servicequotas_list_service_quotas.html:90:1 (servicequotas_list_service_quotas.Rd:44): Warning: missing </ul> before </div>
servicequotas_list_services.html:67:1 (servicequotas_list_services.Rd:27): Warning: missing </ul> before </div>
servicequotas_list_tags_for_resource.html:54:1 (servicequotas_list_tags_for_resource.Rd:16): Warning: missing </ul> before </div>
servicequotas_put_servi_quota_incre_reque_into_templ.html:71:1 (servicequotas_put_servi_quota_incre_reque_into_templ.Rd:27): Warning: missing </ul> before </div>
servicequotas_request_service_quota_increase.html:73:1 (servicequotas_request_service_quota_increase.Rd:29): Warning: missing </ul> before </div>
servicequotas_tag_resource.html:58:1 (servicequotas_tag_resource.Rd:18): Warning: missing </ul> before </div>
servicequotas_untag_resource.html:58:1 (servicequotas_untag_resource.Rd:18): Warning: missing </ul> before </div>
ssm_add_tags_to_resource.html:89:1 (ssm_add_tags_to_resource.Rd:47): Warning: missing </ul> before </div>
ssm_associate_ops_item_related_item.html:74:1 (ssm_associate_ops_item_related_item.Rd:30): Warning: missing </ul> before </div>
ssm_cancel_command.html:54:1 (ssm_cancel_command.Rd:14): Warning: missing </ul> before </div>
ssm_cancel_maintenance_window_execution.html:49:1 (ssm_cancel_maintenance_window_execution.Rd:11): Warning: missing </ul> before </div>
ssm_create_activation.html:129:1 (ssm_create_activation.Rd:74): Warning: missing </ul> before </div>
ssm_create_association.html:277:1 (ssm_create_association.Rd:195): Warning: missing </ul> before </div>
ssm_create_association_batch.html:49:1 (ssm_create_association_batch.Rd:11): Warning: missing </ul> before </div>
ssm_create_document.html:176:1 (ssm_create_document.Rd:95): Warning: missing </ul> before </div>
ssm_create_maintenance_window.html:156:1 (ssm_create_maintenance_window.Rd:89): Warning: missing </ul> before </div>
ssm_create_ops_item.html:198:1 (ssm_create_ops_item.Rd:123): Warning: missing </ul> before </div>
ssm_create_ops_metadata.html:72:1 (ssm_create_ops_metadata.Rd:25): Warning: missing </ul> before </div>
ssm_create_patch_baseline.html:169:1 (ssm_create_patch_baseline.Rd:102): Warning: missing </ul> before </div>
ssm_create_resource_data_sync.html:75:1 (ssm_create_resource_data_sync.Rd:31): Warning: missing </ul> before </div>
ssm_delete_activation.html:48:1 (ssm_delete_activation.Rd:10): Warning: missing </ul> before </div>
ssm_delete_association.html:66:1 (ssm_delete_association.Rd:24): Warning: missing </ul> before </div>
ssm_delete_document.html:72:1 (ssm_delete_document.Rd:28): Warning: missing </ul> before </div>
ssm_delete_inventory.html:83:1 (ssm_delete_inventory.Rd:39): Warning: missing </ul> before </div>
ssm_delete_maintenance_window.html:48:1 (ssm_delete_maintenance_window.Rd:10): Warning: missing </ul> before </div>
ssm_delete_ops_item.html:48:1 (ssm_delete_ops_item.Rd:10): Warning: missing </ul> before </div>
ssm_delete_ops_metadata.html:48:1 (ssm_delete_ops_metadata.Rd:10): Warning: missing </ul> before </div>
ssm_delete_parameter.html:51:1 (ssm_delete_parameter.Rd:13): Warning: missing </ul> before </div>
ssm_delete_parameters.html:52:1 (ssm_delete_parameters.Rd:14): Warning: missing </ul> before </div>
ssm_delete_patch_baseline.html:48:1 (ssm_delete_patch_baseline.Rd:10): Warning: missing </ul> before </div>
ssm_delete_resource_data_sync.html:52:1 (ssm_delete_resource_data_sync.Rd:12): Warning: missing </ul> before </div>
ssm_delete_resource_policy.html:58:1 (ssm_delete_resource_policy.Rd:16): Warning: missing </ul> before </div>
ssm_deregister_managed_instance.html:50:1 (ssm_deregister_managed_instance.Rd:12): Warning: missing </ul> before </div>
ssm_deregister_patch_baseline_for_patch_group.html:53:1 (ssm_deregister_patch_baseline_for_patch_group.Rd:13): Warning: missing </ul> before </div>
ssm_deregister_target_from_maintenance_window.html:62:1 (ssm_deregister_target_from_maintenance_window.Rd:20): Warning: missing </ul> before </div>
ssm_deregister_task_from_maintenance_window.html:52:1 (ssm_deregister_task_from_maintenance_window.Rd:12): Warning: missing </ul> before </div>
ssm_describe_activations.html:62:1 (ssm_describe_activations.Rd:20): Warning: missing </ul> before </div>
ssm_describe_association.html:70:1 (ssm_describe_association.Rd:26): Warning: missing </ul> before </div>
ssm_describe_association_execution_targets.html:81:1 (ssm_describe_association_execution_targets.Rd:35): Warning: missing </ul> before </div>
ssm_describe_association_executions.html:75:1 (ssm_describe_association_executions.Rd:31): Warning: missing </ul> before </div>
ssm_describe_automation_executions.html:63:1 (ssm_describe_automation_executions.Rd:21): Warning: missing </ul> before </div>
ssm_describe_automation_step_executions.html:77:1 (ssm_describe_automation_step_executions.Rd:31): Warning: missing </ul> before </div>
ssm_describe_available_patches.html:173:1 (ssm_describe_available_patches.Rd:95): Warning: missing </ul> before </div>
ssm_describe_document.html:60:1 (ssm_describe_document.Rd:18): Warning: missing </ul> before </div>
ssm_describe_document_permission.html:70:1 (ssm_describe_document_permission.Rd:26): Warning: missing </ul> before </div>
ssm_describe_effective_instance_associations.html:63:1 (ssm_describe_effective_instance_associations.Rd:21): Warning: missing </ul> before </div>
ssm_describe_effective_patches_for_patch_baseline.html:62:1 (ssm_describe_effective_patches_for_patch_baseline.Rd:20): Warning: missing </ul> before </div>
ssm_describe_instance_associations_status.html:63:1 (ssm_describe_instance_associations_status.Rd:21): Warning: missing </ul> before </div>
ssm_describe_instance_information.html:79:1 (ssm_describe_instance_information.Rd:35): Warning: missing </ul> before </div>
ssm_describe_instance_patch_states.html:62:1 (ssm_describe_instance_patch_states.Rd:20): Warning: missing </ul> before </div>
ssm_describe_instance_patch_states_for_patch_group.html:80:1 (ssm_describe_instance_patch_states_for_patch_group.Rd:29): Warning: missing </ul> before </div>
ssm_describe_instance_patches.html:99:1 (ssm_describe_instance_patches.Rd:46): Warning: missing </ul> before </div>
ssm_describe_instance_properties.html:69:1 (ssm_describe_instance_properties.Rd:25): Warning: missing </ul> before </div>
ssm_describe_inventory_deletions.html:65:1 (ssm_describe_inventory_deletions.Rd:23): Warning: missing </ul> before </div>
ssm_describe_maintenance_window_execution_task_invocations.html:78:1 (ssm_describe_maintenance_window_execution_task_invocations.Rd:32): Warning: missing </ul> before </div>
ssm_describe_maintenance_window_execution_tasks.html:72:1 (ssm_describe_maintenance_window_execution_tasks.Rd:28): Warning: missing </ul> before </div>
ssm_describe_maintenance_window_executions.html:80:1 (ssm_describe_maintenance_window_executions.Rd:31): Warning: missing </ul> before </div>
ssm_describe_maintenance_window_schedule.html:81:1 (ssm_describe_maintenance_window_schedule.Rd:33): Warning: missing </ul> before </div>
ssm_describe_maintenance_window_targets.html:70:1 (ssm_describe_maintenance_window_targets.Rd:26): Warning: missing </ul> before </div>
ssm_describe_maintenance_window_tasks.html:70:1 (ssm_describe_maintenance_window_tasks.Rd:26): Warning: missing </ul> before </div>
ssm_describe_maintenance_windows.html:65:1 (ssm_describe_maintenance_windows.Rd:23): Warning: missing </ul> before </div>
ssm_describe_maintenance_windows_for_target.html:70:1 (ssm_describe_maintenance_windows_for_target.Rd:26): Warning: missing </ul> before </div>
ssm_describe_ops_items.html:144:1 (ssm_describe_ops_items.Rd:73): Warning: missing </ul> before </div>
ssm_describe_parameters.html:86:1 (ssm_describe_parameters.Rd:40): Warning: missing </ul> before </div>
ssm_describe_patch_baselines.html:83:1 (ssm_describe_patch_baselines.Rd:34): Warning: missing </ul> before </div>
ssm_describe_patch_group_state.html:49:1 (ssm_describe_patch_group_state.Rd:11): Warning: missing </ul> before </div>
ssm_describe_patch_groups.html:73:1 (ssm_describe_patch_groups.Rd:26): Warning: missing </ul> before </div>
ssm_describe_patch_properties.html:77:1 (ssm_describe_patch_properties.Rd:31): Warning: missing </ul> before </div>
ssm_describe_sessions.html:71:1 (ssm_describe_sessions.Rd:27): Warning: missing </ul> before </div>
ssm_disassociate_ops_item_related_item.html:54:1 (ssm_disassociate_ops_item_related_item.Rd:14): Warning: missing </ul> before </div>
ssm_get_automation_execution.html:50:1 (ssm_get_automation_execution.Rd:12): Warning: missing </ul> before </div>
ssm_get_calendar_state.html:58:1 (ssm_get_calendar_state.Rd:18): Warning: missing </ul> before </div>
ssm_get_command_invocation.html:71:1 (ssm_get_command_invocation.Rd:29): Warning: missing </ul> before </div>
ssm_get_connection_status.html:50:1 (ssm_get_connection_status.Rd:12): Warning: missing </ul> before </div>
ssm_get_default_patch_baseline.html:48:1 (ssm_get_default_patch_baseline.Rd:10): Warning: missing </ul> before </div>
ssm_get_deployable_patch_snapshot_for_instance.html:63:1 (ssm_get_deployable_patch_snapshot_for_instance.Rd:21): Warning: missing </ul> before </div>
ssm_get_document.html:69:1 (ssm_get_document.Rd:25): Warning: missing </ul> before </div>
ssm_get_execution_preview.html:50:1 (ssm_get_execution_preview.Rd:12): Warning: missing </ul> before </div>
ssm_get_inventory.html:77:1 (ssm_get_inventory.Rd:31): Warning: missing </ul> before </div>
ssm_get_inventory_schema.html:77:1 (ssm_get_inventory_schema.Rd:31): Warning: missing </ul> before </div>
ssm_get_maintenance_window.html:49:1 (ssm_get_maintenance_window.Rd:11): Warning: missing </ul> before </div>
ssm_get_maintenance_window_execution.html:48:1 (ssm_get_maintenance_window_execution.Rd:10): Warning: missing </ul> before </div>
ssm_get_maintenance_window_execution_task.html:54:1 (ssm_get_maintenance_window_execution_task.Rd:14): Warning: missing </ul> before </div>
ssm_get_maintenance_window_execution_task_invocation.html:61:1 (ssm_get_maintenance_window_execution_task_invocation.Rd:19): Warning: missing </ul> before </div>
ssm_get_maintenance_window_task.html:52:1 (ssm_get_maintenance_window_task.Rd:12): Warning: missing </ul> before </div>
ssm_get_ops_item.html:52:1 (ssm_get_ops_item.Rd:12): Warning: missing </ul> before </div>
ssm_get_ops_metadata.html:60:1 (ssm_get_ops_metadata.Rd:18): Warning: missing </ul> before </div>
ssm_get_ops_summary.html:80:1 (ssm_get_ops_summary.Rd:32): Warning: missing </ul> before </div>
ssm_get_parameter.html:62:1 (ssm_get_parameter.Rd:22): Warning: missing </ul> before </div>
ssm_get_parameter_history.html:71:1 (ssm_get_parameter_history.Rd:27): Warning: missing </ul> before </div>
ssm_get_parameters.html:66:1 (ssm_get_parameters.Rd:26): Warning: missing </ul> before </div>
ssm_get_parameters_by_path.html:98:1 (ssm_get_parameters_by_path.Rd:50): Warning: missing </ul> before </div>
ssm_get_patch_baseline.html:55:1 (ssm_get_patch_baseline.Rd:17): Warning: missing </ul> before </div>
ssm_get_patch_baseline_for_patch_group.html:54:1 (ssm_get_patch_baseline_for_patch_group.Rd:14): Warning: missing </ul> before </div>
ssm_get_resource_policies.html:60:1 (ssm_get_resource_policies.Rd:18): Warning: missing </ul> before </div>
ssm_get_service_setting.html:83:1 (ssm_get_service_setting.Rd:24): Warning: missing </ul> before </div>
ssm_label_parameter_version.html:62:1 (ssm_label_parameter_version.Rd:20): Warning: missing </ul> before </div>
ssm_list_association_versions.html:63:1 (ssm_list_association_versions.Rd:21): Warning: missing </ul> before </div>
ssm_list_associations.html:70:1 (ssm_list_associations.Rd:28): Warning: missing </ul> before </div>
ssm_list_command_invocations.html:80:1 (ssm_list_command_invocations.Rd:32): Warning: missing </ul> before </div>
ssm_list_commands.html:78:1 (ssm_list_commands.Rd:32): Warning: missing </ul> before </div>
ssm_list_compliance_items.html:77:1 (ssm_list_compliance_items.Rd:31): Warning: missing </ul> before </div>
ssm_list_compliance_summaries.html:65:1 (ssm_list_compliance_summaries.Rd:23): Warning: missing </ul> before </div>
ssm_list_document_metadata_history.html:75:1 (ssm_list_document_metadata_history.Rd:29): Warning: missing </ul> before </div>
ssm_list_document_versions.html:59:1 (ssm_list_document_versions.Rd:17): Warning: missing </ul> before </div>
ssm_list_documents.html:79:1 (ssm_list_documents.Rd:35): Warning: missing </ul> before </div>
ssm_list_inventory_entries.html:74:1 (ssm_list_inventory_entries.Rd:28): Warning: missing </ul> before </div>
ssm_list_nodes.html:72:1 (ssm_list_nodes.Rd:28): Warning: missing </ul> before </div>
ssm_list_nodes_summary.html:80:1 (ssm_list_nodes_summary.Rd:34): Warning: missing </ul> before </div>
ssm_list_ops_item_events.html:61:1 (ssm_list_ops_item_events.Rd:19): Warning: missing </ul> before </div>
ssm_list_ops_item_related_items.html:71:1 (ssm_list_ops_item_related_items.Rd:27): Warning: missing </ul> before </div>
ssm_list_ops_metadata.html:61:1 (ssm_list_ops_metadata.Rd:19): Warning: missing </ul> before </div>
ssm_list_resource_compliance_summaries.html:64:1 (ssm_list_resource_compliance_summaries.Rd:22): Warning: missing </ul> before </div>
ssm_list_resource_data_sync.html:66:1 (ssm_list_resource_data_sync.Rd:24): Warning: missing </ul> before </div>
ssm_list_tags_for_resource.html:52:1 (ssm_list_tags_for_resource.Rd:12): Warning: missing </ul> before </div>
ssm_modify_document_permission.html:78:1 (ssm_modify_document_permission.Rd:32): Warning: missing </ul> before </div>
ssm_put_compliance_items.html:101:1 (ssm_put_compliance_items.Rd:51): Warning: missing </ul> before </div>
ssm_put_inventory.html:52:1 (ssm_put_inventory.Rd:12): Warning: missing </ul> before </div>
ssm_put_parameter.html:338:1 (ssm_put_parameter.Rd:238): Warning: missing </ul> before </div>
ssm_put_resource_policy.html:68:1 (ssm_put_resource_policy.Rd:24): Warning: missing </ul> before </div>
ssm_register_default_patch_baseline.html:48:1 (ssm_register_default_patch_baseline.Rd:10): Warning: missing </ul> before </div>
ssm_register_patch_baseline_for_patch_group.html:52:1 (ssm_register_patch_baseline_for_patch_group.Rd:12): Warning: missing </ul> before </div>
ssm_register_target_with_maintenance_window.html:120:1 (ssm_register_target_with_maintenance_window.Rd:70): Warning: missing </ul> before </div>
ssm_register_task_with_maintenance_window.html:219:1 (ssm_register_task_with_maintenance_window.Rd:141): Warning: missing </ul> before </div>
ssm_remove_tags_from_resource.html:82:1 (ssm_remove_tags_from_resource.Rd:40): Warning: missing </ul> before </div>
ssm_reset_service_setting.html:83:1 (ssm_reset_service_setting.Rd:24): Warning: missing </ul> before </div>
ssm_resume_session.html:48:1 (ssm_resume_session.Rd:10): Warning: missing </ul> before </div>
ssm_send_automation_signal.html:74:1 (ssm_send_automation_signal.Rd:32): Warning: missing </ul> before </div>
ssm_send_command.html:205:1 (ssm_send_command.Rd:133): Warning: missing </ul> before </div>
ssm_start_associations_once.html:48:1 (ssm_start_associations_once.Rd:10): Warning: missing </ul> before </div>
ssm_start_automation_execution.html:178:1 (ssm_start_automation_execution.Rd:109): Warning: missing </ul> before </div>
ssm_start_change_request_execution.html:150:1 (ssm_start_change_request_execution.Rd:87): Warning: missing </ul> before </div>
ssm_start_execution_preview.html:65:1 (ssm_start_execution_preview.Rd:23): Warning: missing </ul> before </div>
ssm_start_session.html:77:1 (ssm_start_session.Rd:33): Warning: missing </ul> before </div>
ssm_stop_automation_execution.html:53:1 (ssm_stop_automation_execution.Rd:13): Warning: missing </ul> before </div>
ssm_terminate_session.html:49:1 (ssm_terminate_session.Rd:11): Warning: missing </ul> before </div>
ssm_unlabel_parameter_version.html:61:1 (ssm_unlabel_parameter_version.Rd:19): Warning: missing </ul> before </div>
ssm_update_association.html:278:1 (ssm_update_association.Rd:196): Warning: missing </ul> before </div>
ssm_update_association_status.html:57:1 (ssm_update_association_status.Rd:15): Warning: missing </ul> before </div>
ssm_update_document.html:99:1 (ssm_update_document.Rd:47): Warning: missing </ul> before </div>
ssm_update_document_default_version.html:54:1 (ssm_update_document_default_version.Rd:14): Warning: missing </ul> before </div>
ssm_update_document_metadata.html:58:1 (ssm_update_document_metadata.Rd:16): Warning: missing </ul> before </div>
ssm_update_maintenance_window.html:137:1 (ssm_update_maintenance_window.Rd:75): Warning: missing </ul> before </div>
ssm_update_maintenance_window_target.html:85:1 (ssm_update_maintenance_window_target.Rd:35): Warning: missing </ul> before </div>
ssm_update_maintenance_window_task.html:231:1 (ssm_update_maintenance_window_task.Rd:153): Warning: missing </ul> before </div>
ssm_update_managed_instance_role.html:60:1 (ssm_update_managed_instance_role.Rd:20): Warning: missing </ul> before </div>
ssm_update_ops_item.html:162:1 (ssm_update_ops_item.Rd:94): Warning: missing </ul> before </div>
ssm_update_ops_metadata.html:61:1 (ssm_update_ops_metadata.Rd:19): Warning: missing </ul> before </div>
ssm_update_patch_baseline.html:147:1 (ssm_update_patch_baseline.Rd:87): Warning: missing </ul> before </div>
ssm_update_resource_data_sync.html:57:1 (ssm_update_resource_data_sync.Rd:15): Warning: missing </ul> before </div>
ssm_update_service_setting.html:133:1 (ssm_update_service_setting.Rd:53): Warning: missing </ul> before </div>
ssmcontacts_accept_page.html:85:1 (ssmcontacts_accept_page.Rd:37): Warning: missing </ul> before </div>
ssmcontacts_activate_contact_channel.html:52:1 (ssmcontacts_activate_contact_channel.Rd:12): Warning: missing </ul> before </div>
ssmcontacts_create_contact.html:83:1 (ssmcontacts_create_contact.Rd:35): Warning: missing </ul> before </div>
ssmcontacts_create_contact_channel.html:106:1 (ssmcontacts_create_contact_channel.Rd:44): Warning: missing </ul> before </div>
ssmcontacts_create_rotation.html:95:1 (ssmcontacts_create_rotation.Rd:45): Warning: missing </ul> before </div>
ssmcontacts_create_rotation_override.html:76:1 (ssmcontacts_create_rotation_override.Rd:30): Warning: missing </ul> before </div>
ssmcontacts_deactivate_contact_channel.html:50:1 (ssmcontacts_deactivate_contact_channel.Rd:12): Warning: missing </ul> before </div>
ssmcontacts_delete_contact.html:48:1 (ssmcontacts_delete_contact.Rd:10): Warning: missing </ul> before </div>
ssmcontacts_delete_contact_channel.html:49:1 (ssmcontacts_delete_contact_channel.Rd:11): Warning: missing </ul> before </div>
ssmcontacts_delete_rotation.html:48:1 (ssmcontacts_delete_rotation.Rd:10): Warning: missing </ul> before </div>
ssmcontacts_delete_rotation_override.html:53:1 (ssmcontacts_delete_rotation_override.Rd:13): Warning: missing </ul> before </div>
ssmcontacts_describe_engagement.html:50:1 (ssmcontacts_describe_engagement.Rd:12): Warning: missing </ul> before </div>
ssmcontacts_describe_page.html:48:1 (ssmcontacts_describe_page.Rd:10): Warning: missing </ul> before </div>
ssmcontacts_get_contact.html:48:1 (ssmcontacts_get_contact.Rd:10): Warning: missing </ul> before </div>
ssmcontacts_get_contact_channel.html:49:1 (ssmcontacts_get_contact_channel.Rd:11): Warning: missing </ul> before </div>
ssmcontacts_get_contact_policy.html:49:1 (ssmcontacts_get_contact_policy.Rd:11): Warning: missing </ul> before </div>
ssmcontacts_get_rotation.html:49:1 (ssmcontacts_get_rotation.Rd:11): Warning: missing </ul> before </div>
ssmcontacts_get_rotation_override.html:54:1 (ssmcontacts_get_rotation_override.Rd:14): Warning: missing </ul> before </div>
ssmcontacts_list_contact_channels.html:60:1 (ssmcontacts_list_contact_channels.Rd:18): Warning: missing </ul> before </div>
ssmcontacts_list_contacts.html:67:1 (ssmcontacts_list_contacts.Rd:23): Warning: missing </ul> before </div>
ssmcontacts_list_engagements.html:66:1 (ssmcontacts_list_engagements.Rd:22): Warning: missing </ul> before </div>
ssmcontacts_list_page_receipts.html:58:1 (ssmcontacts_list_page_receipts.Rd:16): Warning: missing </ul> before </div>
ssmcontacts_list_page_resolutions.html:53:1 (ssmcontacts_list_page_resolutions.Rd:13): Warning: missing </ul> before </div>
ssmcontacts_list_pages_by_contact.html:62:1 (ssmcontacts_list_pages_by_contact.Rd:20): Warning: missing </ul> before </div>
ssmcontacts_list_pages_by_engagement.html:62:1 (ssmcontacts_list_pages_by_engagement.Rd:20): Warning: missing </ul> before </div>
ssmcontacts_list_preview_rotation_shifts.html:98:1 (ssmcontacts_list_preview_rotation_shifts.Rd:44): Warning: missing </ul> before </div>
ssmcontacts_list_rotation_overrides.html:76:1 (ssmcontacts_list_rotation_overrides.Rd:30): Warning: missing </ul> before </div>
ssmcontacts_list_rotation_shifts.html:75:1 (ssmcontacts_list_rotation_shifts.Rd:29): Warning: missing </ul> before </div>
ssmcontacts_list_rotations.html:65:1 (ssmcontacts_list_rotations.Rd:23): Warning: missing </ul> before </div>
ssmcontacts_list_tags_for_resource.html:48:1 (ssmcontacts_list_tags_for_resource.Rd:10): Warning: missing </ul> before </div>
ssmcontacts_put_contact_policy.html:52:1 (ssmcontacts_put_contact_policy.Rd:12): Warning: missing </ul> before </div>
ssmcontacts_send_activation_code.html:48:1 (ssmcontacts_send_activation_code.Rd:10): Warning: missing </ul> before </div>
ssmcontacts_start_engagement.html:90:1 (ssmcontacts_start_engagement.Rd:38): Warning: missing </ul> before </div>
ssmcontacts_stop_engagement.html:53:1 (ssmcontacts_stop_engagement.Rd:13): Warning: missing </ul> before </div>
ssmcontacts_tag_resource.html:52:1 (ssmcontacts_tag_resource.Rd:12): Warning: missing </ul> before </div>
ssmcontacts_untag_resource.html:52:1 (ssmcontacts_untag_resource.Rd:12): Warning: missing </ul> before </div>
ssmcontacts_update_contact.html:59:1 (ssmcontacts_update_contact.Rd:17): Warning: missing </ul> before </div>
ssmcontacts_update_contact_channel.html:62:1 (ssmcontacts_update_contact_channel.Rd:20): Warning: missing </ul> before </div>
ssmcontacts_update_rotation.html:83:1 (ssmcontacts_update_rotation.Rd:37): Warning: missing </ul> before </div>
ssmincidents_batch_get_incident_findings.html:54:1 (ssmincidents_batch_get_incident_findings.Rd:14): Warning: missing </ul> before </div>
ssmincidents_create_replication_set.html:59:1 (ssmincidents_create_replication_set.Rd:17): Warning: missing </ul> before </div>
ssmincidents_create_response_plan.html:95:1 (ssmincidents_create_response_plan.Rd:41): Warning: missing </ul> before </div>
ssmincidents_create_timeline_event.html:89:1 (ssmincidents_create_timeline_event.Rd:41): Warning: missing </ul> before </div>
ssmincidents_delete_incident_record.html:48:1 (ssmincidents_delete_incident_record.Rd:10): Warning: missing </ul> before </div>
ssmincidents_delete_replication_set.html:48:1 (ssmincidents_delete_replication_set.Rd:10): Warning: missing </ul> before </div>
ssmincidents_delete_resource_policy.html:54:1 (ssmincidents_delete_resource_policy.Rd:14): Warning: missing </ul> before </div>
ssmincidents_delete_response_plan.html:48:1 (ssmincidents_delete_response_plan.Rd:10): Warning: missing </ul> before </div>
ssmincidents_delete_timeline_event.html:55:1 (ssmincidents_delete_timeline_event.Rd:15): Warning: missing </ul> before </div>
ssmincidents_get_incident_record.html:48:1 (ssmincidents_get_incident_record.Rd:10): Warning: missing </ul> before </div>
ssmincidents_get_replication_set.html:49:1 (ssmincidents_get_replication_set.Rd:11): Warning: missing </ul> before </div>
ssmincidents_get_resource_policies.html:63:1 (ssmincidents_get_resource_policies.Rd:21): Warning: missing </ul> before </div>
ssmincidents_get_response_plan.html:48:1 (ssmincidents_get_response_plan.Rd:10): Warning: missing </ul> before </div>
ssmincidents_get_timeline_event.html:54:1 (ssmincidents_get_timeline_event.Rd:14): Warning: missing </ul> before </div>
ssmincidents_list_incident_findings.html:63:1 (ssmincidents_list_incident_findings.Rd:21): Warning: missing </ul> before </div>
ssmincidents_list_incident_records.html:94:1 (ssmincidents_list_incident_records.Rd:36): Warning: missing </ul> before </div>
ssmincidents_list_related_items.html:62:1 (ssmincidents_list_related_items.Rd:20): Warning: missing </ul> before </div>
ssmincidents_list_replication_sets.html:53:1 (ssmincidents_list_replication_sets.Rd:13): Warning: missing </ul> before </div>
ssmincidents_list_response_plans.html:53:1 (ssmincidents_list_response_plans.Rd:13): Warning: missing </ul> before </div>
ssmincidents_list_tags_for_resource.html:49:1 (ssmincidents_list_tags_for_resource.Rd:11): Warning: missing </ul> before </div>
ssmincidents_list_timeline_events.html:108:1 (ssmincidents_list_timeline_events.Rd:46): Warning: missing </ul> before </div>
ssmincidents_put_resource_policy.html:53:1 (ssmincidents_put_resource_policy.Rd:13): Warning: missing </ul> before </div>
ssmincidents_start_incident.html:103:1 (ssmincidents_start_incident.Rd:44): Warning: missing </ul> before </div>
ssmincidents_tag_resource.html:53:1 (ssmincidents_tag_resource.Rd:13): Warning: missing </ul> before </div>
ssmincidents_untag_resource.html:53:1 (ssmincidents_untag_resource.Rd:13): Warning: missing </ul> before </div>
ssmincidents_update_deletion_protection.html:62:1 (ssmincidents_update_deletion_protection.Rd:20): Warning: missing </ul> before </div>
ssmincidents_update_incident_record.html:112:1 (ssmincidents_update_incident_record.Rd:49): Warning: missing </ul> before </div>
ssmincidents_update_related_items.html:63:1 (ssmincidents_update_related_items.Rd:21): Warning: missing </ul> before </div>
ssmincidents_update_replication_set.html:57:1 (ssmincidents_update_replication_set.Rd:15): Warning: missing </ul> before </div>
ssmincidents_update_response_plan.html:147:1 (ssmincidents_update_response_plan.Rd:74): Warning: missing </ul> before </div>
ssmincidents_update_timeline_event.html:96:1 (ssmincidents_update_timeline_event.Rd:46): Warning: missing </ul> before </div>
ssmsap_delete_resource_permission.html:60:1 (ssmsap_delete_resource_permission.Rd:18): Warning: missing </ul> before </div>
ssmsap_deregister_application.html:48:1 (ssmsap_deregister_application.Rd:10): Warning: missing </ul> before </div>
ssmsap_get_application.html:60:1 (ssmsap_get_application.Rd:18): Warning: missing </ul> before </div>
ssmsap_get_component.html:53:1 (ssmsap_get_component.Rd:13): Warning: missing </ul> before </div>
ssmsap_get_database.html:66:1 (ssmsap_get_database.Rd:22): Warning: missing </ul> before </div>
ssmsap_get_operation.html:48:1 (ssmsap_get_operation.Rd:10): Warning: missing </ul> before </div>
ssmsap_get_resource_permission.html:51:1 (ssmsap_get_resource_permission.Rd:12): Warning: missing </ul> before </div>
ssmsap_list_applications.html:58:1 (ssmsap_list_applications.Rd:16): Warning: missing </ul> before </div>
ssmsap_list_components.html:65:1 (ssmsap_list_components.Rd:23): Warning: missing </ul> before </div>
ssmsap_list_databases.html:69:1 (ssmsap_list_databases.Rd:25): Warning: missing </ul> before </div>
ssmsap_list_operation_events.html:74:1 (ssmsap_list_operation_events.Rd:30): Warning: missing </ul> before </div>
ssmsap_list_operations.html:68:1 (ssmsap_list_operations.Rd:24): Warning: missing </ul> before </div>
ssmsap_list_tags_for_resource.html:49:1 (ssmsap_list_tags_for_resource.Rd:11): Warning: missing </ul> before </div>
ssmsap_put_resource_permission.html:56:1 (ssmsap_put_resource_permission.Rd:14): Warning: missing </ul> before </div>
ssmsap_register_application.html:94:1 (ssmsap_register_application.Rd:40): Warning: missing </ul> before </div>
ssmsap_start_application.html:48:1 (ssmsap_start_application.Rd:10): Warning: missing </ul> before </div>
ssmsap_start_application_refresh.html:48:1 (ssmsap_start_application_refresh.Rd:10): Warning: missing </ul> before </div>
ssmsap_stop_application.html:65:1 (ssmsap_stop_application.Rd:23): Warning: missing </ul> before </div>
ssmsap_tag_resource.html:52:1 (ssmsap_tag_resource.Rd:12): Warning: missing </ul> before </div>
ssmsap_untag_resource.html:53:1 (ssmsap_untag_resource.Rd:13): Warning: missing </ul> before </div>
ssmsap_update_application_settings.html:72:1 (ssmsap_update_application_settings.Rd:26): Warning: missing </ul> before </div>
support_add_attachments_to_set.html:62:1 (support_add_attachments_to_set.Rd:22): Warning: missing </ul> before </div>
support_add_communication_to_case.html:71:1 (support_add_communication_to_case.Rd:27): Warning: missing </ul> before </div>
support_create_case.html:118:1 (support_create_case.Rd:64): Warning: missing </ul> before </div>
support_describe_attachment.html:49:1 (support_describe_attachment.Rd:11): Warning: missing </ul> before </div>
support_describe_cases.html:103:1 (support_describe_cases.Rd:49): Warning: missing </ul> before </div>
support_describe_communications.html:75:1 (support_describe_communications.Rd:29): Warning: missing </ul> before </div>
support_describe_create_case_options.html:76:1 (support_describe_create_case_options.Rd:32): Warning: missing </ul> before </div>
support_describe_services.html:58:1 (support_describe_services.Rd:18): Warning: missing </ul> before </div>
support_describe_severity_levels.html:53:1 (support_describe_severity_levels.Rd:15): Warning: missing </ul> before </div>
support_describe_supported_languages.html:63:1 (support_describe_supported_languages.Rd:21): Warning: missing </ul> before </div>
support_describe_trusted_advisor_check_refresh_statuses.html:52:1 (support_describe_trusted_advisor_check_refresh_statuses.Rd:14): Warning: missing </ul> before </div>
support_describe_trusted_advisor_check_result.html:93:1 (support_describe_trusted_advisor_check_result.Rd:30): Warning: missing </ul> before </div>
support_describe_trusted_advisor_check_summaries.html:49:1 (support_describe_trusted_advisor_check_summaries.Rd:11): Warning: missing </ul> before </div>
support_describe_trusted_advisor_checks.html:89:1 (support_describe_trusted_advisor_checks.Rd:28): Warning: missing </ul> before </div>
support_refresh_trusted_advisor_check.html:51:1 (support_refresh_trusted_advisor_check.Rd:13): Warning: missing </ul> before </div>
support_resolve_case.html:50:1 (support_resolve_case.Rd:12): Warning: missing </ul> before </div>
supportapp_create_slack_channel_configuration.html:127:1 (supportapp_create_slack_channel_configuration.Rd:61): Warning: missing </ul> before </div>
supportapp_delete_slack_channel_configuration.html:55:1 (supportapp_delete_slack_channel_configuration.Rd:15): Warning: missing </ul> before </div>
supportapp_delete_slack_workspace_configuration.html:50:1 (supportapp_delete_slack_workspace_configuration.Rd:12): Warning: missing </ul> before </div>
supportapp_list_slack_channel_configurations.html:53:1 (supportapp_list_slack_channel_configurations.Rd:15): Warning: missing </ul> before </div>
supportapp_list_slack_workspace_configurations.html:53:1 (supportapp_list_slack_workspace_configurations.Rd:15): Warning: missing </ul> before </div>
supportapp_put_account_alias.html:49:1 (supportapp_put_account_alias.Rd:11): Warning: missing </ul> before </div>
supportapp_register_slack_workspace_for_organization.html:50:1 (supportapp_register_slack_workspace_for_organization.Rd:12): Warning: missing </ul> before </div>
supportapp_update_slack_channel_configuration.html:127:1 (supportapp_update_slack_channel_configuration.Rd:61): Warning: missing </ul> before </div>
synthetics_associate_resource.html:54:1 (synthetics_associate_resource.Rd:14): Warning: missing </ul> before </div>
synthetics_create_canary.html:187:1 (synthetics_create_canary.Rd:108): Warning: missing </ul> before </div>
synthetics_create_group.html:61:1 (synthetics_create_group.Rd:21): Warning: missing </ul> before </div>
synthetics_delete_canary.html:61:1 (synthetics_delete_canary.Rd:21): Warning: missing </ul> before </div>
synthetics_delete_group.html:49:1 (synthetics_delete_group.Rd:11): Warning: missing </ul> before </div>
synthetics_describe_canaries.html:71:1 (synthetics_describe_canaries.Rd:29): Warning: missing </ul> before </div>
synthetics_describe_canaries_last_run.html:76:1 (synthetics_describe_canaries_last_run.Rd:34): Warning: missing </ul> before </div>
synthetics_describe_runtime_versions.html:58:1 (synthetics_describe_runtime_versions.Rd:18): Warning: missing </ul> before </div>
synthetics_disassociate_resource.html:53:1 (synthetics_disassociate_resource.Rd:13): Warning: missing </ul> before </div>
synthetics_get_canary.html:48:1 (synthetics_get_canary.Rd:10): Warning: missing </ul> before </div>
synthetics_get_canary_runs.html:61:1 (synthetics_get_canary_runs.Rd:19): Warning: missing </ul> before </div>
synthetics_get_group.html:49:1 (synthetics_get_group.Rd:11): Warning: missing </ul> before </div>
synthetics_list_associated_groups.html:66:1 (synthetics_list_associated_groups.Rd:24): Warning: missing </ul> before </div>
synthetics_list_group_resources.html:67:1 (synthetics_list_group_resources.Rd:25): Warning: missing </ul> before </div>
synthetics_list_groups.html:57:1 (synthetics_list_groups.Rd:17): Warning: missing </ul> before </div>
synthetics_list_tags_for_resource.html:54:1 (synthetics_list_tags_for_resource.Rd:16): Warning: missing </ul> before </div>
synthetics_start_canary.html:49:1 (synthetics_start_canary.Rd:11): Warning: missing </ul> before </div>
synthetics_stop_canary.html:50:1 (synthetics_stop_canary.Rd:12): Warning: missing </ul> before </div>
synthetics_tag_resource.html:59:1 (synthetics_tag_resource.Rd:19): Warning: missing </ul> before </div>
synthetics_untag_resource.html:58:1 (synthetics_untag_resource.Rd:18): Warning: missing </ul> before </div>
synthetics_update_canary.html:168:1 (synthetics_update_canary.Rd:91): Warning: missing </ul> before </div>
Flavors: r-devel-linux-x86_64-debian-clang, r-devel-linux-x86_64-debian-gcc
Version: 0.9.0
Check: installed package size
Result: NOTE
installed size is 7.5Mb
sub-directories of 1Mb or more:
R 3.1Mb
help 4.2Mb
Flavors: r-oldrel-macos-arm64, r-oldrel-macos-x86_64, r-oldrel-windows-x86_64