Last updated on 2025-10-22 09:50:44 CEST.
Flavor | Version | Tinstall | Tcheck | Ttotal | Status | Flags |
---|---|---|---|---|---|---|
r-devel-linux-x86_64-debian-clang | 0.2.0 | 17.72 | 141.07 | 158.79 | NOTE | |
r-devel-linux-x86_64-debian-gcc | 0.2.0 | 14.28 | 99.05 | 113.33 | NOTE | |
r-devel-linux-x86_64-fedora-clang | 0.2.0 | 38.00 | 205.21 | 243.21 | OK | |
r-devel-linux-x86_64-fedora-gcc | 0.2.0 | 38.00 | 184.91 | 222.91 | OK | |
r-devel-windows-x86_64 | 0.2.0 | 19.00 | 133.00 | 152.00 | OK | |
r-patched-linux-x86_64 | 0.2.0 | 16.44 | 130.90 | 147.34 | OK | |
r-release-linux-x86_64 | 0.2.0 | 17.48 | 130.93 | 148.41 | OK | |
r-release-macos-arm64 | 0.2.0 | 10.00 | 79.00 | 89.00 | OK | |
r-release-macos-x86_64 | 0.2.0 | 17.00 | 103.00 | 120.00 | OK | |
r-release-windows-x86_64 | 0.2.0 | 22.00 | 130.00 | 152.00 | OK | |
r-oldrel-macos-arm64 | 0.2.0 | 8.00 | 52.00 | 60.00 | OK | |
r-oldrel-macos-x86_64 | 0.2.0 | 11.00 | 73.00 | 84.00 | OK | |
r-oldrel-windows-x86_64 | 0.2.0 | 26.00 | 166.00 | 192.00 | OK |
Version: 0.2.0
Check: CRAN incoming feasibility
Result: NOTE
Maintainer: ‘Pariya Behrouzi <pariya.behrouzi@gmail.com>’
No Authors@R field in DESCRIPTION.
Please add one, modifying
Authors@R: c(person(given = "Willem",
family = "Kruijer",
role = "aut"),
person(given = "Pariya",
family = "Behrouzi",
role = c("aut", "cre"),
email = "pariya.behrouzi@gmail.com"),
person(given = c("Maria", "Xose"),
family = "Rodriguez-Alvarez",
role = "aut"))
as necessary.
Flavors: r-devel-linux-x86_64-debian-clang, r-devel-linux-x86_64-debian-gcc