Last updated on 2025-07-04 09:49:58 CEST.
Flavor | Version | Tinstall | Tcheck | Ttotal | Status | Flags |
---|---|---|---|---|---|---|
r-devel-linux-x86_64-debian-clang | 1.0.2 | 106.40 | 76.84 | 183.24 | NOTE | |
r-devel-linux-x86_64-debian-gcc | 1.0.2 | 74.15 | 56.66 | 130.81 | NOTE | |
r-devel-linux-x86_64-fedora-clang | 1.0.2 | 319.38 | NOTE | |||
r-devel-linux-x86_64-fedora-gcc | 1.0.2 | 278.61 | NOTE | |||
r-devel-windows-x86_64 | 1.0.2 | 117.00 | 100.00 | 217.00 | NOTE | |
r-patched-linux-x86_64 | 1.0.2 | 103.35 | 72.91 | 176.26 | NOTE | |
r-release-linux-x86_64 | 1.0.2 | 105.51 | 73.88 | 179.39 | NOTE | |
r-release-macos-arm64 | 1.0.2 | 75.00 | NOTE | |||
r-release-macos-x86_64 | 1.0.2 | 117.00 | NOTE | |||
r-release-windows-x86_64 | 1.0.2 | 125.00 | 100.00 | 225.00 | NOTE | |
r-oldrel-macos-arm64 | 1.0.2 | 76.00 | NOTE | |||
r-oldrel-macos-x86_64 | 1.0.2 | 85.00 | NOTE | |||
r-oldrel-windows-x86_64 | 1.0.2 | 146.00 | 120.00 | 266.00 | NOTE |
Version: 1.0.2
Check: C++ specification
Result: NOTE
Specified C++11: please drop specification unless essential
Flavors: r-devel-linux-x86_64-debian-clang, r-devel-linux-x86_64-debian-gcc, r-devel-linux-x86_64-fedora-clang, r-devel-linux-x86_64-fedora-gcc, r-devel-windows-x86_64, r-patched-linux-x86_64, r-release-linux-x86_64, r-release-macos-arm64, r-release-macos-x86_64, r-release-windows-x86_64, r-oldrel-macos-arm64, r-oldrel-macos-x86_64, r-oldrel-windows-x86_64
Version: 1.0.2
Check: installed package size
Result: NOTE
installed size is 5.9Mb
sub-directories of 1Mb or more:
libs 5.7Mb
Flavors: r-oldrel-macos-arm64, r-oldrel-macos-x86_64