Last updated on 2025-10-22 09:50:45 CEST.
Flavor | Version | Tinstall | Tcheck | Ttotal | Status | Flags |
---|---|---|---|---|---|---|
r-devel-linux-x86_64-debian-clang | 1.0.3 | 1.89 | 21.15 | 23.04 | NOTE | |
r-devel-linux-x86_64-debian-gcc | 1.0.3 | 1.59 | 17.29 | 18.88 | NOTE | |
r-devel-linux-x86_64-fedora-clang | 1.0.3 | 32.83 | OK | |||
r-devel-linux-x86_64-fedora-gcc | 1.0.3 | 31.07 | OK | |||
r-devel-windows-x86_64 | 1.0.3 | 4.00 | 40.00 | 44.00 | OK | |
r-patched-linux-x86_64 | 1.0.3 | 2.10 | 19.12 | 21.22 | OK | |
r-release-linux-x86_64 | 1.0.3 | 1.87 | 18.69 | 20.56 | OK | |
r-release-macos-arm64 | 1.0.3 | 1.00 | 14.00 | 15.00 | OK | |
r-release-macos-x86_64 | 1.0.3 | 2.00 | 30.00 | 32.00 | OK | |
r-release-windows-x86_64 | 1.0.3 | 5.00 | 40.00 | 45.00 | OK | |
r-oldrel-macos-arm64 | 1.0.3 | 1.00 | 14.00 | 15.00 | OK | |
r-oldrel-macos-x86_64 | 1.0.3 | 2.00 | 19.00 | 21.00 | OK | |
r-oldrel-windows-x86_64 | 1.0.3 | 5.00 | 44.00 | 49.00 | OK |
Version: 1.0.3
Check: HTML version of manual
Result: NOTE
Found the following HTML validation problems:
update_core.html:68:1 (update_core.Rd:24): Warning: missing </ul> before </div>
Flavors: r-devel-linux-x86_64-debian-clang, r-devel-linux-x86_64-debian-gcc