Last updated on 2025-10-22 09:50:45 CEST.
Flavor | Version | Tinstall | Tcheck | Ttotal | Status | Flags |
---|---|---|---|---|---|---|
r-devel-linux-x86_64-debian-clang | 1.0.7 | 10.34 | 90.96 | 101.30 | NOTE | |
r-devel-linux-x86_64-debian-gcc | 1.0.7 | 7.33 | 65.14 | 72.47 | NOTE | |
r-devel-linux-x86_64-fedora-clang | 1.0.7 | 23.00 | 130.72 | 153.72 | OK | |
r-devel-linux-x86_64-fedora-gcc | 1.0.7 | 20.00 | 127.68 | 147.68 | OK | |
r-devel-windows-x86_64 | 1.0.7 | 12.00 | 114.00 | 126.00 | OK | |
r-patched-linux-x86_64 | 1.0.7 | 9.38 | 85.60 | 94.98 | OK | |
r-release-linux-x86_64 | 1.0.7 | 10.98 | 85.63 | 96.61 | OK | |
r-release-macos-arm64 | 1.0.7 | 5.00 | 35.00 | 40.00 | OK | |
r-release-macos-x86_64 | 1.0.7 | 9.00 | 68.00 | 77.00 | OK | |
r-release-windows-x86_64 | 1.0.7 | 13.00 | 106.00 | 119.00 | OK | |
r-oldrel-macos-arm64 | 1.0.7 | 4.00 | 31.00 | 35.00 | OK | |
r-oldrel-macos-x86_64 | 1.0.7 | 7.00 | 54.00 | 61.00 | OK | |
r-oldrel-windows-x86_64 | 1.0.7 | 16.00 | 225.00 | 241.00 | OK |
Version: 1.0.7
Check: HTML version of manual
Result: NOTE
Found the following HTML validation problems:
as.data.frame.html:51:1 (as.data.frame.Rd:12): Warning: missing </ul> before </div>
as.matrix.html:52:1 (as.matrix.Rd:12): Warning: missing </ul> before </div>
Flavors: r-devel-linux-x86_64-debian-clang, r-devel-linux-x86_64-debian-gcc