Last updated on 2025-10-23 09:50:54 CEST.
| Flavor | Version | Tinstall | Tcheck | Ttotal | Status | Flags |
|---|---|---|---|---|---|---|
| r-devel-linux-x86_64-debian-clang | 0.1 | 1.80 | 18.58 | 20.38 | OK | |
| r-devel-linux-x86_64-debian-gcc | 0.1 | 1.55 | 15.76 | 17.31 | OK | |
| r-devel-linux-x86_64-fedora-clang | 0.1 | 28.35 | NOTE | |||
| r-devel-linux-x86_64-fedora-gcc | 0.1 | 27.21 | NOTE | |||
| r-devel-windows-x86_64 | 0.1 | 4.00 | 36.00 | 40.00 | OK | |
| r-patched-linux-x86_64 | 0.1 | 1.89 | 16.38 | 18.27 | OK | |
| r-release-linux-x86_64 | 0.1 | 1.73 | 16.53 | 18.26 | OK | |
| r-release-macos-arm64 | 0.1 | 1.00 | 27.00 | 28.00 | OK | |
| r-release-macos-x86_64 | 0.1 | 2.00 | 26.00 | 28.00 | OK | |
| r-release-windows-x86_64 | 0.1 | 5.00 | 38.00 | 43.00 | OK | |
| r-oldrel-macos-arm64 | 0.1 | 1.00 | 13.00 | 14.00 | OK | |
| r-oldrel-macos-x86_64 | 0.1 | 1.00 | 17.00 | 18.00 | OK | |
| r-oldrel-windows-x86_64 | 0.1 | 5.00 | 42.00 | 47.00 | OK |
Version: 0.1
Check: dependencies in R code
Result: NOTE
Namespaces in Imports field not imported from:
‘tidyverse’ ‘usethis’
All declared Imports should be used.
Flavors: r-devel-linux-x86_64-fedora-clang, r-devel-linux-x86_64-fedora-gcc