CRAN Package Check Results for Package phylometrics

Last updated on 2025-07-03 09:50:49 CEST.

Flavor Version Tinstall Tcheck Ttotal Status Flags
r-devel-linux-x86_64-debian-clang 0.0.1 2.31 22.65 24.96 NOTE
r-devel-linux-x86_64-debian-gcc 0.0.1 1.70 18.63 20.33 NOTE
r-devel-linux-x86_64-fedora-clang 0.0.1 38.43 OK
r-devel-linux-x86_64-fedora-gcc 0.0.1 35.36 OK
r-devel-windows-x86_64 0.0.1 3.00 48.00 51.00 OK
r-patched-linux-x86_64 0.0.1 2.50 21.42 23.92 OK
r-release-linux-x86_64 0.0.1 2.19 21.25 23.44 OK
r-release-macos-arm64 0.0.1 17.00 OK
r-release-macos-x86_64 0.0.1 40.00 OK
r-release-windows-x86_64 0.0.1 4.00 49.00 53.00 OK
r-oldrel-macos-arm64 0.0.1 17.00 OK
r-oldrel-macos-x86_64 0.0.1 30.00 OK
r-oldrel-windows-x86_64 0.0.1 4.00 53.00 57.00 OK

Check Details

Version: 0.0.1
Check: CRAN incoming feasibility
Result: NOTE Maintainer: ‘Xia Hua <xia.hua@anu.edu.au>’ No Authors@R field in DESCRIPTION. Please add one, modifying Authors@R: c(person(given = "Xia", family = "Hua", role = c("aut", "cre"), email = "xia.hua@anu.edu.au"), person(given = "Lindell", family = "Bromham", role = "aut", email = "lindell.bromham@anu.edu.au")) as necessary. Flavors: r-devel-linux-x86_64-debian-clang, r-devel-linux-x86_64-debian-gcc