Last updated on 2025-10-22 09:50:45 CEST.
Flavor | Version | Tinstall | Tcheck | Ttotal | Status | Flags |
---|---|---|---|---|---|---|
r-devel-linux-x86_64-debian-clang | 0.1.1 | 26.84 | 237.08 | 263.92 | NOTE | |
r-devel-linux-x86_64-debian-gcc | 0.1.1 | 17.18 | 163.20 | 180.38 | NOTE | |
r-devel-linux-x86_64-fedora-clang | 0.1.1 | 187.00 | 257.97 | 444.97 | OK | |
r-devel-linux-x86_64-fedora-gcc | 0.1.1 | 66.00 | 338.91 | 404.91 | OK | |
r-devel-windows-x86_64 | 0.1.1 | 27.00 | 201.00 | 228.00 | OK | |
r-patched-linux-x86_64 | 0.1.1 | 23.66 | 225.77 | 249.43 | OK | |
r-release-linux-x86_64 | 0.1.1 | 27.38 | 226.67 | 254.05 | OK | |
r-release-macos-arm64 | 0.1.1 | 12.00 | 95.00 | 107.00 | OK | |
r-release-macos-x86_64 | 0.1.1 | 24.00 | 213.00 | 237.00 | OK | |
r-release-windows-x86_64 | 0.1.1 | 27.00 | 198.00 | 225.00 | OK | |
r-oldrel-macos-arm64 | 0.1.1 | 11.00 | 94.00 | 105.00 | OK | |
r-oldrel-macos-x86_64 | 0.1.1 | 18.00 | 140.00 | 158.00 | OK | |
r-oldrel-windows-x86_64 | 0.1.1 | 36.00 | 257.00 | 293.00 | OK |
Version: 0.1.1
Check: CRAN incoming feasibility
Result: NOTE
Maintainer: ‘Julia Fukuyama <julia.fukuyama@gmail.com>’
No Authors@R field in DESCRIPTION.
Please add one, modifying
Authors@R: person(given = "Julia",
family = "Fukuyama",
role = c("aut", "cre"),
email = "julia.fukuyama@gmail.com")
as necessary.
Flavors: r-devel-linux-x86_64-debian-clang, r-devel-linux-x86_64-debian-gcc
Version: 0.1.1
Check: HTML version of manual
Result: NOTE
Found the following HTML validation problems:
print.psgraphtest.html:51:1 (print.psgraphtest.Rd:12): Warning: missing </ul> before </div>
Flavors: r-devel-linux-x86_64-debian-clang, r-devel-linux-x86_64-debian-gcc