Last updated on 2025-07-04 09:49:59 CEST.
Flavor | Version | Tinstall | Tcheck | Ttotal | Status | Flags |
---|---|---|---|---|---|---|
r-devel-linux-x86_64-debian-clang | 0.2.2 | 65.75 | 64.77 | 130.52 | OK | |
r-devel-linux-x86_64-debian-gcc | 0.2.2 | 53.09 | 51.95 | 105.04 | OK | |
r-devel-linux-x86_64-fedora-clang | 0.2.2 | 193.35 | OK | |||
r-devel-linux-x86_64-fedora-gcc | 0.2.2 | 241.00 | OK | |||
r-devel-windows-x86_64 | 0.2.2 | 57.00 | 97.00 | 154.00 | OK | |
r-patched-linux-x86_64 | 0.2.2 | 73.14 | 64.91 | 138.05 | OK | |
r-release-linux-x86_64 | 0.2.2 | 69.74 | 65.28 | 135.02 | OK | |
r-release-macos-arm64 | 0.2.2 | 72.00 | OK | |||
r-release-macos-x86_64 | 0.2.2 | 136.00 | OK | |||
r-release-windows-x86_64 | 0.2.2 | 60.00 | 100.00 | 160.00 | OK | |
r-oldrel-macos-arm64 | 0.2.2 | 63.00 | NOTE | |||
r-oldrel-macos-x86_64 | 0.2.2 | 109.00 | NOTE | |||
r-oldrel-windows-x86_64 | 0.2.2 | 69.00 | 120.00 | 189.00 | OK |
Version: 0.2.2
Check: installed package size
Result: NOTE
installed size is 25.5Mb
sub-directories of 1Mb or more:
libs 25.3Mb
Flavors: r-oldrel-macos-arm64, r-oldrel-macos-x86_64