Last updated on 2025-10-22 09:50:45 CEST.
Flavor | Version | Tinstall | Tcheck | Ttotal | Status | Flags |
---|---|---|---|---|---|---|
r-devel-linux-x86_64-debian-clang | 1.2.3 | 7.53 | 85.65 | 93.18 | NOTE | |
r-devel-linux-x86_64-debian-gcc | 1.2.3 | 4.83 | 63.26 | 68.09 | NOTE | |
r-devel-linux-x86_64-fedora-clang | 1.2.3 | 17.00 | 124.02 | 141.02 | OK | |
r-devel-linux-x86_64-fedora-gcc | 1.2.3 | 15.00 | 136.40 | 151.40 | OK | |
r-devel-windows-x86_64 | 1.2.3 | 9.00 | 91.00 | 100.00 | OK | |
r-patched-linux-x86_64 | 1.2.3 | 7.21 | 80.38 | 87.59 | OK | |
r-release-linux-x86_64 | 1.2.3 | 6.32 | 81.00 | 87.32 | OK | |
r-release-macos-arm64 | 1.2.3 | 3.00 | 39.00 | 42.00 | OK | |
r-release-macos-x86_64 | 1.2.3 | 5.00 | 66.00 | 71.00 | OK | |
r-release-windows-x86_64 | 1.2.3 | 10.00 | 89.00 | 99.00 | OK | |
r-oldrel-macos-arm64 | 1.2.3 | 3.00 | 35.00 | 38.00 | OK | |
r-oldrel-macos-x86_64 | 1.2.3 | 5.00 | 56.00 | 61.00 | OK | |
r-oldrel-windows-x86_64 | 1.2.3 | 11.00 | 109.00 | 120.00 | OK |
Version: 1.2.3
Check: CRAN incoming feasibility
Result: NOTE
Maintainer: ‘Nan-Hung Hsieh <d99622005@ntu.edu.tw>’
Package CITATION file contains call(s) to old-style personList() or
as.personList(). Please use c() on person objects instead.
Package CITATION file contains call(s) to old-style citEntry(). Please
use bibentry() instead.
Flavors: r-devel-linux-x86_64-debian-clang, r-devel-linux-x86_64-debian-gcc
Version: 1.2.3
Check: HTML version of manual
Result: NOTE
Found the following HTML validation problems:
pksim.html:65:1 (pksim.Rd:18): Warning: missing </ul> before </div>
Flavors: r-devel-linux-x86_64-debian-clang, r-devel-linux-x86_64-debian-gcc