CRAN Package Check Results for Package portes

Last updated on 2025-07-04 09:49:59 CEST.

Flavor Version Tinstall Tcheck Ttotal Status Flags
r-devel-linux-x86_64-debian-clang 6.0 9.67 73.01 82.68 NOTE
r-devel-linux-x86_64-debian-gcc 6.0 6.35 50.97 57.32 NOTE
r-devel-linux-x86_64-fedora-clang 6.0 136.50 OK
r-devel-linux-x86_64-fedora-gcc 6.0 117.08 OK
r-devel-windows-x86_64 6.0 10.00 88.00 98.00 OK
r-patched-linux-x86_64 6.0 9.71 67.05 76.76 OK
r-release-linux-x86_64 6.0 7.93 67.12 75.05 OK
r-release-macos-arm64 6.0 35.00 OK
r-release-macos-x86_64 6.0 63.00 OK
r-release-windows-x86_64 6.0 11.00 87.00 98.00 OK
r-oldrel-macos-arm64 6.0 33.00 OK
r-oldrel-macos-x86_64 6.0 50.00 OK
r-oldrel-windows-x86_64 6.0 16.00 105.00 121.00 OK

Check Details

Version: 6.0
Check: CRAN incoming feasibility
Result: NOTE Maintainer: ‘Esam Mahdi <emahdi2012@gmail.com>’ No Authors@R field in DESCRIPTION. Please add one, modifying Authors@R: person(given = "Esam", family = "Mahdi", role = c("aut", "cre"), email = "emahdi2012@gmail.com") as necessary. Flavors: r-devel-linux-x86_64-debian-clang, r-devel-linux-x86_64-debian-gcc