Last updated on 2025-10-22 09:50:46 CEST.
Flavor | Version | Tinstall | Tcheck | Ttotal | Status | Flags |
---|---|---|---|---|---|---|
r-devel-linux-x86_64-debian-clang | 1.0.3 | 103.97 | 395.13 | 499.10 | OK | |
r-devel-linux-x86_64-debian-gcc | 1.0.3 | 87.88 | 268.28 | 356.16 | OK | |
r-devel-linux-x86_64-fedora-clang | 1.0.3 | 227.00 | 560.95 | 787.95 | OK | |
r-devel-linux-x86_64-fedora-gcc | 1.0.3 | 282.00 | 560.71 | 842.71 | OK | |
r-devel-windows-x86_64 | 1.0.3 | 114.00 | 388.00 | 502.00 | OK | |
r-patched-linux-x86_64 | 1.0.3 | 127.20 | 386.74 | 513.94 | OK | |
r-release-linux-x86_64 | 1.0.3 | 123.03 | 381.67 | 504.70 | OK | |
r-release-macos-arm64 | 1.0.3 | 36.00 | 140.00 | 176.00 | OK | |
r-release-macos-x86_64 | 1.0.3 | 100.00 | 318.00 | 418.00 | OK | |
r-release-windows-x86_64 | 1.0.3 | 128.00 | 388.00 | 516.00 | OK | |
r-oldrel-macos-arm64 | 1.0.3 | 39.00 | 140.00 | 179.00 | NOTE | |
r-oldrel-macos-x86_64 | 1.0.3 | 73.00 | 217.00 | 290.00 | NOTE | |
r-oldrel-windows-x86_64 | 1.0.3 | 144.00 | 512.00 | 656.00 | NOTE |
Version: 1.0.3
Check: installed package size
Result: NOTE
installed size is 39.8Mb
sub-directories of 1Mb or more:
libs 38.6Mb
Flavors: r-oldrel-macos-arm64, r-oldrel-macos-x86_64, r-oldrel-windows-x86_64