Last updated on 2025-10-22 09:50:46 CEST.
Flavor | Version | Tinstall | Tcheck | Ttotal | Status | Flags |
---|---|---|---|---|---|---|
r-devel-linux-x86_64-debian-clang | 1.3.1 | 31.16 | 100.99 | 132.15 | OK | |
r-devel-linux-x86_64-debian-gcc | 1.3.1 | 20.28 | 66.81 | 87.09 | OK | |
r-devel-linux-x86_64-fedora-clang | 1.3.1 | 79.00 | 140.17 | 219.17 | OK | |
r-devel-linux-x86_64-fedora-gcc | 1.3.1 | 71.00 | 140.69 | 211.69 | OK | |
r-devel-windows-x86_64 | 1.3.1 | 39.00 | 112.00 | 151.00 | OK | |
r-patched-linux-x86_64 | 1.3.1 | 31.35 | 90.56 | 121.91 | OK | |
r-release-linux-x86_64 | 1.3.1 | 31.34 | 90.16 | 121.50 | OK | |
r-release-macos-arm64 | 1.3.1 | 14.00 | 47.00 | 61.00 | OK | |
r-release-macos-x86_64 | 1.3.1 | 24.00 | 95.00 | 119.00 | OK | |
r-release-windows-x86_64 | 1.3.1 | 39.00 | 113.00 | 152.00 | OK | |
r-oldrel-macos-arm64 | 1.3.1 | 14.00 | 52.00 | 66.00 | NOTE | |
r-oldrel-macos-x86_64 | 1.3.1 | 29.00 | 104.00 | 133.00 | NOTE | |
r-oldrel-windows-x86_64 | 1.3.1 | 46.00 | 144.00 | 190.00 | OK |
Version: 1.3.1
Check: installed package size
Result: NOTE
installed size is 5.0Mb
sub-directories of 1Mb or more:
libs 3.3Mb
Flavors: r-oldrel-macos-arm64, r-oldrel-macos-x86_64