Last updated on 2025-10-22 09:50:46 CEST.
Flavor | Version | Tinstall | Tcheck | Ttotal | Status | Flags |
---|---|---|---|---|---|---|
r-devel-linux-x86_64-debian-clang | 0.2.5 | 8.79 | 444.58 | 453.37 | NOTE | |
r-devel-linux-x86_64-debian-gcc | 0.2.5 | 6.00 | 299.99 | 305.99 | NOTE | |
r-devel-linux-x86_64-fedora-clang | 0.2.5 | 21.00 | 690.67 | 711.67 | OK | |
r-devel-linux-x86_64-fedora-gcc | 0.2.5 | 18.00 | 700.89 | 718.89 | OK | |
r-devel-windows-x86_64 | 0.2.5 | 10.00 | 458.00 | 468.00 | OK | |
r-patched-linux-x86_64 | 0.2.5 | 5.49 | 429.91 | 435.40 | OK | |
r-release-linux-x86_64 | 0.2.5 | 7.96 | 426.96 | 434.92 | OK | |
r-release-macos-arm64 | 0.2.5 | 3.00 | 188.00 | 191.00 | OK | |
r-release-macos-x86_64 | 0.2.5 | 6.00 | 407.00 | 413.00 | OK | |
r-release-windows-x86_64 | 0.2.5 | 11.00 | 450.00 | 461.00 | OK | |
r-oldrel-macos-arm64 | 0.2.5 | 3.00 | 195.00 | 198.00 | NOTE | |
r-oldrel-macos-x86_64 | 0.2.5 | 6.00 | 496.00 | 502.00 | NOTE | |
r-oldrel-windows-x86_64 | 0.2.5 | 14.00 | 574.00 | 588.00 | NOTE |
Version: 0.2.5
Check: HTML version of manual
Result: NOTE
Found the following HTML validation problems:
optimize_design.html:63:1 (optimize_design.Rd:21): Warning: missing </ul> before </div>
Flavors: r-devel-linux-x86_64-debian-clang, r-devel-linux-x86_64-debian-gcc
Version: 0.2.5
Check: installed package size
Result: NOTE
installed size is 11.0Mb
sub-directories of 1Mb or more:
doc 10.5Mb
Flavors: r-oldrel-macos-arm64, r-oldrel-macos-x86_64, r-oldrel-windows-x86_64