CRAN Package Check Results for Package pqrfe

Last updated on 2025-07-04 09:49:59 CEST.

Flavor Version Tinstall Tcheck Ttotal Status Flags
r-devel-linux-x86_64-debian-clang 1.1 21.05 30.60 51.65 NOTE
r-devel-linux-x86_64-debian-gcc 1.1 14.47 23.96 38.43 NOTE
r-devel-linux-x86_64-fedora-clang 1.1 97.46 NOTE
r-devel-linux-x86_64-fedora-gcc 1.1 83.31 NOTE
r-devel-windows-x86_64 1.1 25.00 70.00 95.00 NOTE
r-patched-linux-x86_64 1.1 21.73 29.10 50.83 NOTE
r-release-linux-x86_64 1.1 21.16 29.08 50.24 NOTE
r-release-macos-arm64 1.1 46.00 NOTE
r-release-macos-x86_64 1.1 44.00 NOTE
r-release-windows-x86_64 1.1 26.00 80.00 106.00 NOTE
r-oldrel-macos-arm64 1.1 27.00 NOTE
r-oldrel-macos-x86_64 1.1 41.00 NOTE
r-oldrel-windows-x86_64 1.1 30.00 82.00 112.00 NOTE

Check Details

Version: 1.1
Check: C++ specification
Result: NOTE Specified C++11: please drop specification unless essential Flavors: r-devel-linux-x86_64-debian-clang, r-devel-linux-x86_64-debian-gcc, r-devel-linux-x86_64-fedora-clang, r-devel-linux-x86_64-fedora-gcc, r-devel-windows-x86_64, r-patched-linux-x86_64, r-release-linux-x86_64, r-release-macos-arm64, r-release-macos-x86_64, r-release-windows-x86_64, r-oldrel-macos-arm64, r-oldrel-macos-x86_64, r-oldrel-windows-x86_64