Last updated on 2025-10-22 09:50:46 CEST.
Flavor | Version | Tinstall | Tcheck | Ttotal | Status | Flags |
---|---|---|---|---|---|---|
r-devel-linux-x86_64-debian-clang | 1.2.0 | 18.77 | 355.65 | 374.42 | NOTE | |
r-devel-linux-x86_64-debian-gcc | 1.2.0 | 13.36 | 237.41 | 250.77 | NOTE | |
r-devel-linux-x86_64-fedora-clang | 1.2.0 | 108.00 | 500.95 | 608.95 | OK | |
r-devel-linux-x86_64-fedora-gcc | 1.2.0 | 42.00 | 558.28 | 600.28 | OK | |
r-devel-windows-x86_64 | 1.2.0 | 19.00 | 320.00 | 339.00 | OK | |
r-patched-linux-x86_64 | 1.1.1 | 19.09 | 327.12 | 346.21 | OK | |
r-release-linux-x86_64 | 1.2.0 | 16.75 | 332.48 | 349.23 | OK | |
r-release-macos-arm64 | 1.2.0 | 7.00 | 153.00 | 160.00 | OK | |
r-release-macos-x86_64 | 1.2.0 | 20.00 | 276.00 | 296.00 | OK | |
r-release-windows-x86_64 | 1.2.0 | 22.00 | 311.00 | 333.00 | OK | |
r-oldrel-macos-arm64 | 1.2.0 | 8.00 | 156.00 | 164.00 | OK | |
r-oldrel-macos-x86_64 | 1.2.0 | 17.00 | 396.00 | 413.00 | OK | |
r-oldrel-windows-x86_64 | 1.2.0 | 24.00 | 396.00 | 420.00 | OK |
Version: 1.2.0
Check: HTML version of manual
Result: NOTE
Found the following HTML validation problems:
inf_conformal-butcher.html:97:1 (inf_conformal-butcher.Rd:73): Warning: missing </ul> before </div>
required_pkgs.cal_object.html:80:1 (required_pkgs.cal_object.Rd:41): Warning: missing </ul> before </div>
required_pkgs.int_conformal_cv.html:62:1 (required_pkgs.int_conformal_cv.Rd:23): Warning: missing </ul> before </div>
Flavors: r-devel-linux-x86_64-debian-clang, r-devel-linux-x86_64-debian-gcc