Last updated on 2025-10-22 09:50:46 CEST.
Flavor | Version | Tinstall | Tcheck | Ttotal | Status | Flags |
---|---|---|---|---|---|---|
r-devel-linux-x86_64-debian-clang | 0.1.1 | 6.10 | 65.90 | 72.00 | NOTE | |
r-devel-linux-x86_64-debian-gcc | 0.1.1 | 4.19 | 47.83 | 52.02 | NOTE | |
r-devel-linux-x86_64-fedora-clang | 0.1.1 | 12.00 | 95.67 | 107.67 | OK | |
r-devel-linux-x86_64-fedora-gcc | 0.1.1 | 12.00 | 100.01 | 112.01 | OK | |
r-devel-windows-x86_64 | 0.1.1 | 8.00 | 75.00 | 83.00 | OK | |
r-patched-linux-x86_64 | 0.1.1 | 5.81 | 61.13 | 66.94 | OK | |
r-release-linux-x86_64 | 0.1.1 | 6.04 | 61.25 | 67.29 | OK | |
r-release-macos-arm64 | 0.1.1 | 3.00 | 32.00 | 35.00 | OK | |
r-release-macos-x86_64 | 0.1.1 | 9.00 | 49.00 | 58.00 | OK | |
r-release-windows-x86_64 | 0.1.1 | 9.00 | 75.00 | 84.00 | OK | |
r-oldrel-macos-arm64 | 0.1.1 | 3.00 | 25.00 | 28.00 | OK | |
r-oldrel-macos-x86_64 | 0.1.1 | 4.00 | 40.00 | 44.00 | OK | |
r-oldrel-windows-x86_64 | 0.1.1 | 11.00 | 93.00 | 104.00 | OK |
Version: 0.1.1
Check: HTML version of manual
Result: NOTE
Found the following HTML validation problems:
col_labels.html:46:1 (col_labels.Rd:10): Warning: missing </ul> before </div>
ddecker.html:50:1 (ddecker.Rd:12): Warning: missing </ul> before </div>
find_col_level.html:46:1 (find_col_level.Rd:10): Warning: missing </ul> before </div>
find_row_level.html:46:1 (find_row_level.Rd:10): Warning: missing </ul> before </div>
fluct.html:58:1 (fluct.Rd:16): Warning: missing </ul> before </div>
flucts.html:46:1 (flucts.Rd:10): Warning: missing </ul> before </div>
hbar.html:58:1 (hbar.Rd:16): Warning: missing </ul> before </div>
hspine.html:58:1 (hspine.Rd:16): Warning: missing </ul> before </div>
mosaic.html:48:1 (mosaic.Rd:11): Warning: missing </ul> before </div>
nested.html:48:1 (nested.Rd:11): Warning: missing </ul> before </div>
row_labels.html:46:1 (row_labels.Rd:10): Warning: missing </ul> before </div>
scale_x_product.html:46:1 (scale_x_product.Rd:10): Warning: missing </ul> before </div>
scale_y_product.html:46:1 (scale_y_product.Rd:10): Warning: missing </ul> before </div>
spine.html:58:1 (spine.Rd:16): Warning: missing </ul> before </div>
stacked.html:50:1 (stacked.Rd:12): Warning: missing </ul> before </div>
tile.html:55:1 (tile.Rd:14): Warning: missing </ul> before </div>
vbar.html:58:1 (vbar.Rd:16): Warning: missing </ul> before </div>
vspine.html:58:1 (vspine.Rd:16): Warning: missing </ul> before </div>
Flavors: r-devel-linux-x86_64-debian-clang, r-devel-linux-x86_64-debian-gcc