Last updated on 2025-10-21 09:48:42 CEST.
Flavor | Version | Tinstall | Tcheck | Ttotal | Status | Flags |
---|---|---|---|---|---|---|
r-devel-linux-x86_64-debian-clang | 1.3.3 | 12.84 | 51.28 | 64.12 | OK | |
r-devel-linux-x86_64-debian-gcc | 1.3.3 | 9.61 | 39.89 | 49.50 | NOTE | |
r-devel-linux-x86_64-fedora-clang | 1.3.3 | 104.51 | OK | |||
r-devel-linux-x86_64-fedora-gcc | 1.3.3 | 123.41 | OK | |||
r-devel-windows-x86_64 | 1.3.3 | 21.00 | 99.00 | 120.00 | OK | |
r-patched-linux-x86_64 | 1.3.3 | 12.95 | 47.93 | 60.88 | OK | |
r-release-linux-x86_64 | 1.3.3 | 13.60 | 48.14 | 61.74 | OK | |
r-release-macos-arm64 | 1.3.3 | 61.00 | OK | |||
r-release-macos-x86_64 | 1.3.3 | 92.00 | OK | |||
r-release-windows-x86_64 | 1.3.3 | 21.00 | 97.00 | 118.00 | OK | |
r-oldrel-macos-arm64 | 1.3.3 | 53.00 | OK | |||
r-oldrel-macos-x86_64 | 1.3.3 | 118.00 | OK | |||
r-oldrel-windows-x86_64 | 1.3.3 | 25.00 | 111.00 | 136.00 | OK |
Version: 1.3.3
Check: HTML version of manual
Result: NOTE
Found the following HTML validation problems:
WorkQueue.html:118:1 (WorkQueue.Rd:73): Warning: <h5> anchor "Usage" already defined
WorkQueue.html:124:1 (WorkQueue.Rd:77): Warning: <h5> anchor "Arguments" already defined
WorkQueue.html:147:1 (WorkQueue.Rd:90): Warning: <h5> anchor "Usage" already defined
WorkQueue.html:153:1 (WorkQueue.Rd:94): Warning: <h5> anchor "Arguments" already defined
resolve.html:55:1 (resolve.Rd:15): Warning: missing </ul> before </div>
Flavor: r-devel-linux-x86_64-debian-gcc