Last updated on 2025-10-22 09:50:46 CEST.
Flavor | Version | Tinstall | Tcheck | Ttotal | Status | Flags |
---|---|---|---|---|---|---|
r-devel-linux-x86_64-debian-clang | 1.0.1 | 11.96 | 160.37 | 172.33 | NOTE | |
r-devel-linux-x86_64-debian-gcc | 1.0.1 | 7.37 | 106.84 | 114.21 | NOTE | |
r-devel-linux-x86_64-fedora-clang | 1.0.1 | 59.00 | 225.13 | 284.13 | OK | |
r-devel-linux-x86_64-fedora-gcc | 1.0.1 | 23.00 | 252.54 | 275.54 | OK | |
r-devel-windows-x86_64 | 1.0.1 | 13.00 | 184.00 | 197.00 | OK | |
r-patched-linux-x86_64 | 1.0.1 | 13.28 | 152.19 | 165.47 | OK | |
r-release-linux-x86_64 | 1.0.1 | 11.42 | 153.76 | 165.18 | OK | |
r-release-macos-arm64 | 1.0.1 | 5.00 | 99.00 | 104.00 | OK | |
r-release-macos-x86_64 | 1.0.1 | 11.00 | 144.00 | 155.00 | OK | |
r-release-windows-x86_64 | 1.0.1 | 13.00 | 185.00 | 198.00 | OK | |
r-oldrel-macos-arm64 | 1.0.1 | 5.00 | 92.00 | 97.00 | OK | |
r-oldrel-macos-x86_64 | 1.0.1 | 13.00 | 166.00 | 179.00 | OK | |
r-oldrel-windows-x86_64 | 1.0.1 | 19.00 | 230.00 | 249.00 | OK |
Version: 1.0.1
Check: HTML version of manual
Result: NOTE
Found the following HTML validation problems:
cluster_iss.html:57:1 (cluster_iss.Rd:20): Warning: missing </ul> before </div>
dot-expand_txt.html:58:1 (dot-expand_txt.Rd:17): Warning: missing </ul> before </div>
dot-get_phi_tilde.html:46:1 (dot-get_phi_tilde.Rd:10): Warning: missing </ul> before </div>
dot-rcorrect.html:72:1 (dot-rcorrect.Rd:28): Warning: missing </ul> before </div>
Flavors: r-devel-linux-x86_64-debian-clang, r-devel-linux-x86_64-debian-gcc