Last updated on 2025-10-22 09:50:46 CEST.
Flavor | Version | Tinstall | Tcheck | Ttotal | Status | Flags |
---|---|---|---|---|---|---|
r-devel-linux-x86_64-debian-clang | 0.7.9 | 32.04 | 94.71 | 126.75 | OK | |
r-devel-linux-x86_64-debian-gcc | 0.7.9 | 23.01 | 70.15 | 93.16 | OK | |
r-devel-linux-x86_64-fedora-clang | 0.7.9 | 72.00 | 125.57 | 197.57 | OK | |
r-devel-linux-x86_64-fedora-gcc | 0.7.9 | 120.00 | 99.93 | 219.93 | OK | |
r-devel-windows-x86_64 | 0.7.9 | 36.00 | 193.00 | 229.00 | OK | |
r-patched-linux-x86_64 | 0.7.9 | 35.13 | 90.71 | 125.84 | OK | |
r-release-linux-x86_64 | 0.7.9 | 32.91 | 90.88 | 123.79 | OK | |
r-release-macos-arm64 | 0.7.9 | 13.00 | 73.00 | 86.00 | OK | |
r-release-macos-x86_64 | 0.7.9 | 16.00 | 146.00 | 162.00 | OK | |
r-release-windows-x86_64 | 0.7.9 | 39.00 | 200.00 | 239.00 | OK | |
r-oldrel-macos-arm64 | 0.7.9 | 14.00 | 56.00 | 70.00 | NOTE | |
r-oldrel-macos-x86_64 | 0.7.9 | 15.00 | 129.00 | 144.00 | NOTE | |
r-oldrel-windows-x86_64 | 0.7.9 | 39.00 | 205.00 | 244.00 | OK |
Version: 0.7.9
Check: installed package size
Result: NOTE
installed size is 6.6Mb
sub-directories of 1Mb or more:
data 2.3Mb
libs 3.2Mb
Flavors: r-oldrel-macos-arm64, r-oldrel-macos-x86_64