Last updated on 2025-07-03 09:50:49 CEST.
Flavor | Version | Tinstall | Tcheck | Ttotal | Status | Flags |
---|---|---|---|---|---|---|
r-devel-linux-x86_64-debian-clang | 0.7.9 | 32.48 | 86.26 | 118.74 | OK | |
r-devel-linux-x86_64-debian-gcc | 0.7.9 | 24.85 | 65.42 | 90.27 | OK | |
r-devel-linux-x86_64-fedora-clang | 0.7.9 | 210.38 | OK | |||
r-devel-linux-x86_64-fedora-gcc | 0.7.9 | 204.32 | OK | |||
r-devel-windows-x86_64 | 0.7.9 | 38.00 | 212.00 | 250.00 | OK | |
r-patched-linux-x86_64 | 0.7.9 | 36.43 | 82.59 | 119.02 | OK | |
r-release-linux-x86_64 | 0.7.9 | 33.17 | 83.02 | 116.19 | OK | |
r-release-macos-arm64 | 0.7.9 | 86.00 | OK | |||
r-release-macos-x86_64 | 0.7.9 | 162.00 | OK | |||
r-release-windows-x86_64 | 0.7.9 | 37.00 | 201.00 | 238.00 | OK | |
r-oldrel-macos-arm64 | 0.7.9 | 70.00 | NOTE | |||
r-oldrel-macos-x86_64 | 0.7.9 | 144.00 | NOTE | |||
r-oldrel-windows-x86_64 | 0.7.9 | 36.00 | 207.00 | 243.00 | OK |
Version: 0.7.9
Check: installed package size
Result: NOTE
installed size is 6.6Mb
sub-directories of 1Mb or more:
data 2.3Mb
libs 3.2Mb
Flavors: r-oldrel-macos-arm64, r-oldrel-macos-x86_64