CRAN Package Check Results for Package proverbs

Last updated on 2025-07-04 09:49:59 CEST.

Flavor Version Tinstall Tcheck Ttotal Status Flags
r-devel-linux-x86_64-debian-clang 0.4.0 1.94 27.29 29.23 NOTE
r-devel-linux-x86_64-debian-gcc 0.4.0 1.52 22.90 24.42 NOTE
r-devel-linux-x86_64-fedora-clang 0.4.0 45.93 NOTE
r-devel-linux-x86_64-fedora-gcc 0.4.0 55.79 NOTE
r-devel-windows-x86_64 0.4.0 4.00 47.00 51.00 NOTE
r-patched-linux-x86_64 0.4.0 1.92 24.54 26.46 NOTE
r-release-linux-x86_64 0.4.0 1.77 24.33 26.10 NOTE
r-release-macos-arm64 0.4.0 31.00 NOTE
r-release-macos-x86_64 0.4.0 44.00 NOTE
r-release-windows-x86_64 0.4.0 4.00 46.00 50.00 NOTE
r-oldrel-macos-arm64 0.4.0 24.00 OK
r-oldrel-macos-x86_64 0.4.0 34.00 OK
r-oldrel-windows-x86_64 0.4.0 5.00 52.00 57.00 OK

Check Details

Version: 0.4.0
Check: DESCRIPTION meta-information
Result: NOTE Missing dependency on R >= 4.1.0 because package code uses the pipe |> or function shorthand \(...) syntax added in R 4.1.0. File(s) using such syntax: ‘get_proverbs.R’ Flavors: r-devel-linux-x86_64-debian-clang, r-devel-linux-x86_64-debian-gcc, r-devel-linux-x86_64-fedora-clang, r-devel-linux-x86_64-fedora-gcc, r-devel-windows-x86_64, r-patched-linux-x86_64, r-release-linux-x86_64, r-release-macos-arm64, r-release-macos-x86_64, r-release-windows-x86_64