Last updated on 2025-10-22 09:50:46 CEST.
Flavor | Version | Tinstall | Tcheck | Ttotal | Status | Flags |
---|---|---|---|---|---|---|
r-devel-linux-x86_64-debian-clang | 0.5.2 | 73.16 | 92.66 | 165.82 | NOTE | |
r-devel-linux-x86_64-debian-gcc | 0.5.2 | 51.36 | 66.90 | 118.26 | NOTE | |
r-devel-linux-x86_64-fedora-clang | 0.5.2 | 119.00 | 175.11 | 294.11 | OK | |
r-devel-linux-x86_64-fedora-gcc | 0.5.2 | 220.00 | 81.06 | 301.06 | OK | |
r-devel-windows-x86_64 | 0.5.2 | 86.00 | 126.00 | 212.00 | OK | |
r-patched-linux-x86_64 | 0.5.2 | 76.26 | 87.28 | 163.54 | OK | |
r-release-linux-x86_64 | 0.5.2 | 71.70 | 87.70 | 159.40 | OK | |
r-release-macos-arm64 | 0.5.2 | 28.00 | 48.00 | 76.00 | OK | |
r-release-macos-x86_64 | 0.5.2 | 30.00 | 93.00 | 123.00 | OK | |
r-release-windows-x86_64 | 0.5.2 | 87.00 | 124.00 | 211.00 | OK | |
r-oldrel-macos-arm64 | 0.5.2 | 26.00 | 49.00 | 75.00 | OK | |
r-oldrel-macos-x86_64 | 0.5.2 | 32.00 | 114.00 | 146.00 | OK | |
r-oldrel-windows-x86_64 | 0.5.2 | 102.00 | 155.00 | 257.00 | OK |
Version: 0.5.2
Check: HTML version of manual
Result: NOTE
Found the following HTML validation problems:
crossprod.html:65:1 (crossprod.Rd:23): Warning: missing </ul> before </div>
Flavors: r-devel-linux-x86_64-debian-clang, r-devel-linux-x86_64-debian-gcc