Last updated on 2025-10-22 09:50:47 CEST.
Flavor | Version | Tinstall | Tcheck | Ttotal | Status | Flags |
---|---|---|---|---|---|---|
r-devel-linux-x86_64-debian-clang | 0.0.4.0 | 14.62 | 142.41 | 157.03 | NOTE | |
r-devel-linux-x86_64-debian-gcc | 0.0.4.0 | 9.38 | 102.35 | 111.73 | NOTE | |
r-devel-linux-x86_64-fedora-clang | 0.0.4.0 | 38.00 | 201.49 | 239.49 | OK | |
r-devel-linux-x86_64-fedora-gcc | 0.0.4.0 | 31.00 | 220.10 | 251.10 | OK | |
r-devel-windows-x86_64 | 0.0.4.0 | 18.00 | 160.00 | 178.00 | OK | |
r-patched-linux-x86_64 | 0.0.4.0 | 15.51 | 137.35 | 152.86 | OK | |
r-release-linux-x86_64 | 0.0.4.0 | 13.19 | 137.12 | 150.31 | OK | |
r-release-macos-arm64 | 0.0.4.0 | 5.00 | 72.00 | 77.00 | OK | |
r-release-macos-x86_64 | 0.0.4.0 | 13.00 | 135.00 | 148.00 | OK | |
r-release-windows-x86_64 | 0.0.4.0 | 18.00 | 160.00 | 178.00 | OK | |
r-oldrel-macos-arm64 | 0.0.4.0 | 6.00 | 65.00 | 71.00 | NOTE | |
r-oldrel-macos-x86_64 | 0.0.4.0 | 14.00 | 131.00 | 145.00 | NOTE | |
r-oldrel-windows-x86_64 | 0.0.4.0 | 23.00 | 193.00 | 216.00 | NOTE |
Version: 0.0.4.0
Check: HTML version of manual
Result: NOTE
Found the following HTML validation problems:
create_alpha_string.html:56:1 (create_alpha_string.Rd:19): Warning: missing </ul> before </div>
create_tau_string.html:52:1 (create_tau_string.Rd:17): Warning: missing </ul> before </div>
eval_constraints.html:49:1 (eval_constraints.Rd:13): Warning: missing </ul> before </div>
get_prior_string_covariates.html:46:1 (get_prior_string_covariates.Rd:10): Warning: missing </ul> before </div>
trim_cols.html:56:1 (trim_cols.Rd:19): Warning: missing </ul> before </div>
trim_rows.html:56:1 (trim_rows.Rd:19): Warning: missing </ul> before </div>
Flavors: r-devel-linux-x86_64-debian-clang, r-devel-linux-x86_64-debian-gcc
Version: 0.0.4.0
Check: package dependencies
Result: NOTE
Package suggested but not available for checking: ‘cmdstanr’
Flavors: r-oldrel-macos-arm64, r-oldrel-macos-x86_64, r-oldrel-windows-x86_64
Version: 0.0.4.0
Check: installed package size
Result: NOTE
installed size is 5.4Mb
sub-directories of 1Mb or more:
doc 3.9Mb
Flavors: r-oldrel-macos-arm64, r-oldrel-macos-x86_64, r-oldrel-windows-x86_64