Last updated on 2025-10-22 09:50:47 CEST.
Flavor | Version | Tinstall | Tcheck | Ttotal | Status | Flags |
---|---|---|---|---|---|---|
r-devel-linux-x86_64-debian-clang | 0.7.10 | 4.52 | 48.49 | 53.01 | NOTE | |
r-devel-linux-x86_64-debian-gcc | 0.7.10 | 3.49 | 34.14 | 37.63 | NOTE | |
r-devel-linux-x86_64-fedora-clang | 0.7.10 | 17.00 | 64.27 | 81.27 | OK | |
r-devel-linux-x86_64-fedora-gcc | 0.7.10 | 12.00 | 59.26 | 71.26 | OK | |
r-devel-windows-x86_64 | 0.7.10 | 7.00 | 73.00 | 80.00 | OK | |
r-patched-linux-x86_64 | 0.7.10 | 7.96 | 43.64 | 51.60 | OK | |
r-release-linux-x86_64 | 0.7.10 | 4.37 | 44.32 | 48.69 | OK | |
r-release-macos-arm64 | 0.7.10 | 2.00 | 21.00 | 23.00 | OK | |
r-release-macos-x86_64 | 0.7.10 | 3.00 | 45.00 | 48.00 | OK | |
r-release-windows-x86_64 | 0.7.10 | 8.00 | 75.00 | 83.00 | OK | |
r-oldrel-macos-arm64 | 0.7.10 | 2.00 | 34.00 | 36.00 | OK | |
r-oldrel-macos-x86_64 | 0.7.10 | 4.00 | 62.00 | 66.00 | OK | |
r-oldrel-windows-x86_64 | 0.7.10 | 10.00 | 83.00 | 93.00 | OK |
Version: 0.7.10
Check: HTML version of manual
Result: NOTE
Found the following HTML validation problems:
c.extracted.html:51:1 (c.extracted.Rd:12): Warning: missing </ul> before </div>
print.explain.html:51:1 (print.explain.Rd:12): Warning: missing </ul> before </div>
print.extracted.html:51:1 (print.extracted.Rd:12): Warning: missing </ul> before </div>
print.regexr.html:51:1 (print.regexr.Rd:12): Warning: missing </ul> before </div>
Flavors: r-devel-linux-x86_64-debian-clang, r-devel-linux-x86_64-debian-gcc