Last updated on 2025-10-22 09:50:47 CEST.
Flavor | Version | Tinstall | Tcheck | Ttotal | Status | Flags |
---|---|---|---|---|---|---|
r-devel-linux-x86_64-debian-clang | 0.3 | 4.65 | 55.20 | 59.85 | NOTE | |
r-devel-linux-x86_64-debian-gcc | 0.3 | 3.36 | 41.41 | 44.77 | NOTE | |
r-devel-linux-x86_64-fedora-clang | 0.3 | 18.00 | 77.81 | 95.81 | OK | |
r-devel-linux-x86_64-fedora-gcc | 0.3 | 12.00 | 91.14 | 103.14 | OK | |
r-devel-windows-x86_64 | 0.3 | 8.00 | 71.00 | 79.00 | OK | |
r-patched-linux-x86_64 | 0.3 | 5.43 | 51.76 | 57.19 | OK | |
r-release-linux-x86_64 | 0.3 | 5.03 | 51.93 | 56.96 | OK | |
r-release-macos-arm64 | 0.3 | 2.00 | 38.00 | 40.00 | OK | |
r-release-macos-x86_64 | 0.3 | 5.00 | 69.00 | 74.00 | OK | |
r-release-windows-x86_64 | 0.3 | 9.00 | 75.00 | 84.00 | OK | |
r-oldrel-macos-arm64 | 0.3 | 3.00 | 37.00 | 40.00 | OK | |
r-oldrel-macos-x86_64 | 0.3 | 7.00 | 90.00 | 97.00 | OK | |
r-oldrel-windows-x86_64 | 0.3 | 10.00 | 89.00 | 99.00 | OK |
Version: 0.3
Check: HTML version of manual
Result: NOTE
Found the following HTML validation problems:
tokenize.html:230:1 (tokenize.Rd:113): Warning: <h3> anchor "_sec_note" already defined
Flavors: r-devel-linux-x86_64-debian-clang, r-devel-linux-x86_64-debian-gcc