CRAN Package Check Results for Package quarrint

Last updated on 2025-10-22 09:50:47 CEST.

Flavor Version Tinstall Tcheck Ttotal Status Flags
r-devel-linux-x86_64-debian-clang 1.0.0 6.00 25.40 31.40 NOTE
r-devel-linux-x86_64-debian-gcc 1.0.0 4.77 19.70 24.47 NOTE
r-devel-linux-x86_64-fedora-clang 1.0.0 14.00 32.25 46.25 NOTE
r-devel-linux-x86_64-fedora-gcc 1.0.0 14.00 30.92 44.92 NOTE
r-devel-windows-x86_64 1.0.0 7.00 52.00 59.00 NOTE
r-patched-linux-x86_64 1.0.0 5.99 23.90 29.89 NOTE
r-release-linux-x86_64 1.0.0 5.47 24.41 29.88 NOTE
r-release-macos-arm64 1.0.0 5.00 18.00 23.00 NOTE
r-release-macos-x86_64 1.0.0 6.00 24.00 30.00 NOTE
r-release-windows-x86_64 1.0.0 7.00 47.00 54.00 NOTE
r-oldrel-macos-arm64 1.0.0 4.00 18.00 22.00 NOTE
r-oldrel-macos-x86_64 1.0.0 5.00 23.00 28.00 NOTE
r-oldrel-windows-x86_64 1.0.0 7.00 51.00 58.00 NOTE

Check Details

Version: 1.0.0
Check: Rd files
Result: NOTE checkRd: (-1) quarries.Rd:17-19: Lost braces in \itemize; meant \describe ? checkRd: (-1) quarries.Rd:20-22: Lost braces in \itemize; meant \describe ? checkRd: (-1) quarries.Rd:23-25: Lost braces in \itemize; meant \describe ? checkRd: (-1) quarries.Rd:26-28: Lost braces in \itemize; meant \describe ? Flavors: r-devel-linux-x86_64-debian-clang, r-devel-linux-x86_64-debian-gcc, r-devel-linux-x86_64-fedora-clang, r-devel-linux-x86_64-fedora-gcc, r-devel-windows-x86_64, r-patched-linux-x86_64, r-release-linux-x86_64, r-release-macos-arm64, r-release-macos-x86_64, r-release-windows-x86_64, r-oldrel-macos-arm64, r-oldrel-macos-x86_64, r-oldrel-windows-x86_64