Last updated on 2025-10-22 09:50:47 CEST.
Flavor | Version | Tinstall | Tcheck | Ttotal | Status | Flags |
---|---|---|---|---|---|---|
r-devel-linux-x86_64-debian-clang | 0.6.1 | 24.74 | 187.91 | 212.65 | NOTE | |
r-devel-linux-x86_64-debian-gcc | 0.6.1 | 15.35 | 132.15 | 147.50 | NOTE | |
r-devel-linux-x86_64-fedora-clang | 0.6.1 | 52.00 | 295.48 | 347.48 | OK | |
r-devel-linux-x86_64-fedora-gcc | 0.6.1 | 102.00 | 258.38 | 360.38 | OK | |
r-devel-windows-x86_64 | 0.6.1 | 33.00 | 204.00 | 237.00 | OK | |
r-patched-linux-x86_64 | 0.6.1 | 25.15 | 182.49 | 207.64 | OK | |
r-release-linux-x86_64 | 0.6.1 | 24.05 | 181.71 | 205.76 | OK | |
r-release-macos-arm64 | 0.6.1 | 10.00 | 84.00 | 94.00 | OK | |
r-release-macos-x86_64 | 0.6.1 | 14.00 | 168.00 | 182.00 | OK | |
r-release-windows-x86_64 | 0.6.1 | 33.00 | 206.00 | 239.00 | OK | |
r-oldrel-macos-arm64 | 0.6.1 | 10.00 | 88.00 | 98.00 | OK | |
r-oldrel-macos-x86_64 | 0.6.1 | 14.00 | 149.00 | 163.00 | OK | |
r-oldrel-windows-x86_64 | 0.6.1 | 38.00 | 265.00 | 303.00 | OK |
Version: 0.6.1
Check: HTML version of manual
Result: NOTE
Found the following HTML validation problems:
check_comments.html:50:1 (check_comments.Rd:12): Warning: missing </ul> before </div>
deprecated.html:72:1 (deprecated.Rd:28): Warning: missing </ul> before </div>
Flavors: r-devel-linux-x86_64-debian-clang, r-devel-linux-x86_64-debian-gcc