Last updated on 2025-10-22 09:50:49 CEST.
Flavor | Version | Tinstall | Tcheck | Ttotal | Status | Flags |
---|---|---|---|---|---|---|
r-devel-linux-x86_64-debian-clang | 1.3 | 2.96 | 33.08 | 36.04 | NOTE | |
r-devel-linux-x86_64-debian-gcc | 1.3 | 2.25 | 25.57 | 27.82 | NOTE | |
r-devel-linux-x86_64-fedora-clang | 1.3 | 55.82 | OK | |||
r-devel-linux-x86_64-fedora-gcc | 1.3 | 10.00 | 43.73 | 53.73 | OK | |
r-devel-windows-x86_64 | 1.3 | 4.00 | 51.00 | 55.00 | OK | |
r-patched-linux-x86_64 | 1.3 | 3.07 | 32.12 | 35.19 | OK | |
r-release-linux-x86_64 | 1.3 | 2.88 | 31.92 | 34.80 | OK | |
r-release-macos-arm64 | 1.3 | 2.00 | 19.00 | 21.00 | OK | |
r-release-macos-x86_64 | 1.3 | 3.00 | 33.00 | 36.00 | OK | |
r-release-windows-x86_64 | 1.3 | 4.00 | 51.00 | 55.00 | OK | |
r-oldrel-macos-arm64 | 1.3 | 2.00 | 17.00 | 19.00 | OK | |
r-oldrel-macos-x86_64 | 1.3 | 2.00 | 27.00 | 29.00 | OK | |
r-oldrel-windows-x86_64 | 1.3 | 5.00 | 60.00 | 65.00 | OK |
Version: 1.3
Check: CRAN incoming feasibility
Result: NOTE
Maintainer: ‘Thomas P. Fuller <thomas.fuller@coherentlogic.com>’
No Authors@R field in DESCRIPTION.
Please add one, modifying
Authors@R: person(given = c("Thomas", "P."),
family = "Fuller",
role = c("aut", "cre"),
email = "thomas.fuller@coherentlogic.com")
as necessary.
Flavors: r-devel-linux-x86_64-debian-clang, r-devel-linux-x86_64-debian-gcc
Version: 1.3
Check: HTML version of manual
Result: NOTE
Found the following HTML validation problems:
CheckJRERuntimeVersion.html:48:1 (CheckJRERuntimeVersion.Rd:11): Warning: missing </ul> before </div>
Flavors: r-devel-linux-x86_64-debian-clang, r-devel-linux-x86_64-debian-gcc