Last updated on 2025-10-22 09:50:49 CEST.
Flavor | Version | Tinstall | Tcheck | Ttotal | Status | Flags |
---|---|---|---|---|---|---|
r-devel-linux-x86_64-debian-clang | 1.0.1 | 29.15 | 49.02 | 78.17 | NOTE | |
r-devel-linux-x86_64-debian-gcc | 1.0.1 | 20.26 | 37.72 | 57.98 | NOTE | |
r-devel-linux-x86_64-fedora-clang | 1.0.1 | 51.00 | 80.69 | 131.69 | OK | |
r-devel-linux-x86_64-fedora-gcc | 1.0.1 | 57.00 | 90.00 | 147.00 | OK | |
r-devel-windows-x86_64 | 1.0.1 | 36.00 | 79.00 | 115.00 | OK | |
r-patched-linux-x86_64 | 1.0.1 | 29.49 | 46.25 | 75.74 | OK | |
r-release-linux-x86_64 | 1.0.1 | 28.34 | 45.78 | 74.12 | OK | |
r-release-macos-arm64 | 1.0.1 | 13.00 | 34.00 | 47.00 | OK | |
r-release-macos-x86_64 | 1.0.1 | 13.00 | 57.00 | 70.00 | OK | |
r-release-windows-x86_64 | 1.0.1 | 38.00 | 78.00 | 116.00 | OK | |
r-oldrel-macos-arm64 | 1.0.1 | 16.00 | 29.00 | 45.00 | OK | |
r-oldrel-macos-x86_64 | 1.0.1 | 12.00 | 40.00 | 52.00 | OK | |
r-oldrel-windows-x86_64 | 1.0.1 | 43.00 | 98.00 | 141.00 | OK |
Version: 1.0.1
Check: HTML version of manual
Result: NOTE
Found the following HTML validation problems:
openOutput.html:51:1 (openOutput.Rd:12): Warning: missing </ul> before </div>
skipFeatureList.html:50:1 (skipFeatureList.Rd:12): Warning: missing </ul> before </div>
Flavors: r-devel-linux-x86_64-debian-clang, r-devel-linux-x86_64-debian-gcc