Last updated on 2025-07-03 09:50:52 CEST.
Flavor | Version | Tinstall | Tcheck | Ttotal | Status | Flags |
---|---|---|---|---|---|---|
r-devel-linux-x86_64-debian-clang | 1.0.9 | 3.97 | 32.57 | 36.54 | NOTE | |
r-devel-linux-x86_64-debian-gcc | 1.0.9 | 2.61 | 24.39 | 27.00 | NOTE | |
r-devel-linux-x86_64-fedora-clang | 1.0.9 | 55.71 | OK | |||
r-devel-linux-x86_64-fedora-gcc | 1.0.9 | 53.35 | OK | |||
r-devel-windows-x86_64 | 1.0.9 | 4.00 | 51.00 | 55.00 | OK | |
r-patched-linux-x86_64 | 1.0.9 | 4.06 | 30.51 | 34.57 | OK | |
r-release-linux-x86_64 | 1.0.9 | 3.85 | 30.43 | 34.28 | OK | |
r-release-macos-arm64 | 1.0.9 | 22.00 | OK | |||
r-release-macos-x86_64 | 1.0.9 | 35.00 | OK | |||
r-release-windows-x86_64 | 1.0.9 | 5.00 | 54.00 | 59.00 | OK | |
r-oldrel-macos-arm64 | 1.0.9 | 20.00 | OK | |||
r-oldrel-macos-x86_64 | 1.0.9 | 37.00 | OK | |||
r-oldrel-windows-x86_64 | 1.0.9 | 6.00 | 57.00 | 63.00 | OK |
Version: 1.0.9
Check: CRAN incoming feasibility
Result: NOTE
Maintainer: ‘Haydar Demirhan <haydar.demirhan@rmit.edu.au>’
No Authors@R field in DESCRIPTION.
Please add one, modifying
Authors@R: person(given = "Haydar",
family = "Demirhan",
role = c("aut", "cre"),
email = "haydar.demirhan@rmit.edu.au")
as necessary.
Flavors: r-devel-linux-x86_64-debian-clang, r-devel-linux-x86_64-debian-gcc