Last updated on 2025-10-22 09:50:50 CEST.
Flavor | Version | Tinstall | Tcheck | Ttotal | Status | Flags |
---|---|---|---|---|---|---|
r-devel-linux-x86_64-debian-clang | 1.4.9 | 4.35 | 34.26 | 38.61 | NOTE | |
r-devel-linux-x86_64-debian-gcc | 1.4.9 | 3.51 | 26.25 | 29.76 | NOTE | |
r-devel-linux-x86_64-fedora-clang | 1.4.9 | 11.00 | 47.66 | 58.66 | OK | |
r-devel-linux-x86_64-fedora-gcc | 1.4.9 | 54.88 | OK | |||
r-devel-windows-x86_64 | 1.4.9 | 7.00 | 56.00 | 63.00 | OK | |
r-patched-linux-x86_64 | 1.4.9 | 4.91 | 32.03 | 36.94 | OK | |
r-release-linux-x86_64 | 1.4.9 | 4.53 | 32.52 | 37.05 | OK | |
r-release-macos-arm64 | 1.4.9 | 2.00 | 19.00 | 21.00 | OK | |
r-release-macos-x86_64 | 1.4.9 | 4.00 | 58.00 | 62.00 | OK | |
r-release-windows-x86_64 | 1.4.9 | 11.00 | 56.00 | 67.00 | OK | |
r-oldrel-macos-arm64 | 1.4.9 | 2.00 | 23.00 | 25.00 | OK | |
r-oldrel-macos-x86_64 | 1.4.9 | 3.00 | 50.00 | 53.00 | OK | |
r-oldrel-windows-x86_64 | 1.4.9 | 8.00 | 66.00 | 74.00 | OK |
Version: 1.4.9
Check: HTML version of manual
Result: NOTE
Found the following HTML validation problems:
cs_fold.html:54:1 (cs_fold.Rd:14): Warning: missing </ul> before </div>
rs_fold.html:54:1 (rs_fold.Rd:14): Warning: missing </ul> before </div>
Flavors: r-devel-linux-x86_64-debian-clang, r-devel-linux-x86_64-debian-gcc