Last updated on 2025-10-22 09:50:47 CEST.
Flavor | Version | Tinstall | Tcheck | Ttotal | Status | Flags |
---|---|---|---|---|---|---|
r-devel-linux-x86_64-debian-clang | 1.0.0 | 4.56 | 64.67 | 69.23 | NOTE | |
r-devel-linux-x86_64-debian-gcc | 1.0.0 | 3.53 | 42.93 | 46.46 | NOTE | |
r-devel-linux-x86_64-fedora-clang | 1.0.0 | 11.00 | 98.15 | 109.15 | NOTE | |
r-devel-linux-x86_64-fedora-gcc | 1.0.0 | 115.81 | NOTE | |||
r-devel-windows-x86_64 | 1.0.0 | 8.00 | 86.00 | 94.00 | NOTE | |
r-patched-linux-x86_64 | 1.0.0 | 4.97 | 60.97 | 65.94 | NOTE | |
r-release-linux-x86_64 | 1.0.0 | 4.30 | 61.39 | 65.69 | NOTE | |
r-release-macos-arm64 | 1.0.0 | 6.00 | 41.00 | 47.00 | NOTE | |
r-release-macos-x86_64 | 1.0.0 | 6.00 | 70.00 | 76.00 | NOTE | |
r-release-windows-x86_64 | 1.0.0 | 9.00 | 87.00 | 96.00 | NOTE | |
r-oldrel-macos-arm64 | 1.0.0 | 2.00 | 30.00 | 32.00 | OK | |
r-oldrel-macos-x86_64 | 1.0.0 | 4.00 | 55.00 | 59.00 | OK | |
r-oldrel-windows-x86_64 | 1.0.0 | 9.00 | 106.00 | 115.00 | OK |
Version: 1.0.0
Check: compiled code
Result: NOTE
File ‘randomizr/libs/randomizr.so’:
Found non-API call to R: ‘SETLENGTH’
Compiled code should not call non-API entry points in R.
See ‘Writing portable packages’ in the ‘Writing R Extensions’ manual,
and section ‘Moving into C API compliance’ for issues with the use of
non-API entry points.
Flavors: r-devel-linux-x86_64-debian-clang, r-devel-linux-x86_64-debian-gcc, r-devel-linux-x86_64-fedora-clang, r-devel-linux-x86_64-fedora-gcc, r-patched-linux-x86_64, r-release-linux-x86_64, r-release-macos-arm64, r-release-macos-x86_64
Version: 1.0.0
Check: compiled code
Result: NOTE
File 'randomizr/libs/x64/randomizr.dll':
Found non-API call to R: 'SETLENGTH'
Compiled code should not call non-API entry points in R.
See 'Writing portable packages' in the 'Writing R Extensions' manual,
and section 'Moving into C API compliance' for issues with the use of
non-API entry points.
Flavors: r-devel-windows-x86_64, r-release-windows-x86_64