Last updated on 2025-10-22 09:50:48 CEST.
Flavor | Version | Tinstall | Tcheck | Ttotal | Status | Flags |
---|---|---|---|---|---|---|
r-devel-linux-x86_64-debian-clang | 0.4.5 | 3.94 | 49.93 | 53.87 | NOTE | |
r-devel-linux-x86_64-debian-gcc | 0.4.5 | 3.01 | 37.16 | 40.17 | NOTE | |
r-devel-linux-x86_64-fedora-clang | 0.4.5 | 11.00 | 71.45 | 82.45 | OK | |
r-devel-linux-x86_64-fedora-gcc | 0.4.5 | 10.00 | 81.68 | 91.68 | OK | |
r-devel-windows-x86_64 | 0.4.5 | 7.00 | 67.00 | 74.00 | OK | |
r-patched-linux-x86_64 | 0.4.5 | 3.74 | 45.21 | 48.95 | OK | |
r-release-linux-x86_64 | 0.4.5 | 4.09 | 45.98 | 50.07 | OK | |
r-release-macos-arm64 | 0.4.5 | 2.00 | 31.00 | 33.00 | OK | |
r-release-macos-x86_64 | 0.4.5 | 3.00 | 59.00 | 62.00 | OK | |
r-release-windows-x86_64 | 0.4.5 | 7.00 | 69.00 | 76.00 | OK | |
r-oldrel-macos-arm64 | 0.4.5 | 2.00 | 37.00 | 39.00 | OK | |
r-oldrel-macos-x86_64 | 0.4.5 | 3.00 | 68.00 | 71.00 | OK | |
r-oldrel-windows-x86_64 | 0.4.5 | 9.00 | 80.00 | 89.00 | OK |
Version: 0.4.5
Check: HTML version of manual
Result: NOTE
Found the following HTML validation problems:
run_models.html:83:1 (run_models.Rd:33): Warning: missing </ul> before </div>
Flavors: r-devel-linux-x86_64-debian-clang, r-devel-linux-x86_64-debian-gcc