Last updated on 2025-07-03 09:50:50 CEST.
Flavor | Version | Tinstall | Tcheck | Ttotal | Status | Flags |
---|---|---|---|---|---|---|
r-devel-linux-x86_64-debian-clang | 0.37.3 | 81.32 | 121.60 | 202.92 | OK | |
r-devel-linux-x86_64-debian-gcc | 0.37.3 | 56.29 | 81.05 | 137.34 | OK | |
r-devel-linux-x86_64-fedora-clang | 0.37.3 | 344.36 | OK | |||
r-devel-linux-x86_64-fedora-gcc | 0.37.3 | 323.66 | OK | |||
r-devel-windows-x86_64 | 0.37.3 | 90.00 | 159.00 | 249.00 | OK | |
r-patched-linux-x86_64 | 0.37.3 | 75.40 | 114.92 | 190.32 | OK | |
r-release-linux-x86_64 | 0.37.3 | 69.63 | 113.39 | 183.02 | OK | |
r-release-macos-arm64 | 0.37.3 | 75.00 | OK | |||
r-release-macos-x86_64 | 0.37.3 | 136.00 | OK | |||
r-release-windows-x86_64 | 0.37.3 | 92.00 | 158.00 | 250.00 | OK | |
r-oldrel-macos-arm64 | 0.37.3 | 80.00 | NOTE | |||
r-oldrel-macos-x86_64 | 0.37.3 | 93.00 | NOTE | |||
r-oldrel-windows-x86_64 | 0.37.3 | 109.00 | 195.00 | 304.00 | OK |
Version: 0.37.3
Check: installed package size
Result: NOTE
installed size is 7.2Mb
sub-directories of 1Mb or more:
data 2.9Mb
libs 3.3Mb
Flavors: r-oldrel-macos-arm64, r-oldrel-macos-x86_64