Last updated on 2025-10-22 09:50:48 CEST.
Flavor | Version | Tinstall | Tcheck | Ttotal | Status | Flags |
---|---|---|---|---|---|---|
r-devel-linux-x86_64-debian-clang | 0.3.0 | 8.73 | 70.98 | 79.71 | NOTE | |
r-devel-linux-x86_64-debian-gcc | 0.3.0 | 5.21 | 49.09 | 54.30 | NOTE | |
r-devel-linux-x86_64-fedora-clang | 0.3.0 | 18.00 | 92.62 | 110.62 | OK | |
r-devel-linux-x86_64-fedora-gcc | 0.3.0 | 16.00 | 104.18 | 120.18 | OK | |
r-devel-windows-x86_64 | 0.3.0 | 12.00 | 107.00 | 119.00 | OK | |
r-patched-linux-x86_64 | 0.3.0 | 11.64 | 64.58 | 76.22 | OK | |
r-release-linux-x86_64 | 0.3.0 | 8.18 | 63.87 | 72.05 | OK | |
r-release-macos-arm64 | 0.3.0 | 3.00 | 89.00 | 92.00 | OK | |
r-release-macos-x86_64 | 0.3.0 | 14.00 | 109.00 | 123.00 | OK | |
r-release-windows-x86_64 | 0.3.0 | 13.00 | 109.00 | 122.00 | OK | |
r-oldrel-macos-arm64 | 0.3.0 | 4.00 | 76.00 | 80.00 | OK | |
r-oldrel-macos-x86_64 | 0.3.0 | 13.00 | 117.00 | 130.00 | OK | |
r-oldrel-windows-x86_64 | 0.3.0 | 15.00 | 119.00 | 134.00 | OK |
Version: 0.3.0
Check: HTML version of manual
Result: NOTE
Found the following HTML validation problems:
cdo_execute.html:88:1 (cdo_execute.Rd:41): Warning: missing </ul> before </div>
cdo_set_output.html:50:1 (cdo_set_output.Rd:12): Warning: missing </ul> before </div>
Flavors: r-devel-linux-x86_64-debian-clang, r-devel-linux-x86_64-debian-gcc