Last updated on 2025-10-22 09:50:48 CEST.
Flavor | Version | Tinstall | Tcheck | Ttotal | Status | Flags |
---|---|---|---|---|---|---|
r-devel-linux-x86_64-debian-clang | 1.1-1 | 10.08 | 95.49 | 105.57 | NOTE | |
r-devel-linux-x86_64-debian-gcc | 1.1-1 | 6.73 | 66.95 | 73.68 | NOTE | |
r-devel-linux-x86_64-fedora-clang | 1.1-1 | 34.00 | 130.78 | 164.78 | OK | |
r-devel-linux-x86_64-fedora-gcc | 1.1-1 | 20.00 | 134.49 | 154.49 | OK | |
r-devel-windows-x86_64 | 1.1-1 | 11.00 | 95.00 | 106.00 | OK | |
r-patched-linux-x86_64 | 1.1-1 | 9.59 | 92.22 | 101.81 | OK | |
r-release-linux-x86_64 | 1.1-1 | 8.91 | 90.68 | 99.59 | OK | |
r-release-macos-arm64 | 1.1-1 | 4.00 | 37.00 | 41.00 | OK | |
r-release-macos-x86_64 | 1.1-1 | 7.00 | 72.00 | 79.00 | OK | |
r-release-windows-x86_64 | 1.1-1 | 11.00 | 96.00 | 107.00 | OK | |
r-oldrel-macos-arm64 | 1.1-1 | 5.00 | 39.00 | 44.00 | OK | |
r-oldrel-macos-x86_64 | 1.1-1 | 15.00 | 123.00 | 138.00 | OK | |
r-oldrel-windows-x86_64 | 1.1-1 | 17.00 | 116.00 | 133.00 | OK |
Version: 1.1-1
Check: HTML version of manual
Result: NOTE
Found the following HTML validation problems:
creatbin.html:50:1 (creatbin.Rd:12): Warning: missing </ul> before </div>
genList.html:50:1 (genList.Rd:12): Warning: missing </ul> before </div>
odd.html:46:1 (odd.Rd:10): Warning: missing </ul> before </div>
Flavors: r-devel-linux-x86_64-debian-clang, r-devel-linux-x86_64-debian-gcc