Last updated on 2025-10-22 09:50:48 CEST.
Flavor | Version | Tinstall | Tcheck | Ttotal | Status | Flags |
---|---|---|---|---|---|---|
r-devel-linux-x86_64-debian-clang | 4.0.4 | 23.33 | 151.01 | 174.34 | NOTE | |
r-devel-linux-x86_64-debian-gcc | 4.0.4 | 17.85 | 107.85 | 125.70 | NOTE | |
r-devel-linux-x86_64-fedora-clang | 4.0.4 | 49.00 | 223.13 | 272.13 | OK | |
r-devel-linux-x86_64-fedora-gcc | 4.0.4 | 50.00 | 205.84 | 255.84 | OK | |
r-devel-windows-x86_64 | 4.0.4 | 24.00 | 144.00 | 168.00 | OK | |
r-patched-linux-x86_64 | 4.0.4 | 21.48 | 144.12 | 165.60 | OK | |
r-release-linux-x86_64 | 4.0.4 | 20.36 | 142.29 | 162.65 | OK | |
r-release-macos-arm64 | 4.0.4 | 8.00 | 44.00 | 52.00 | OK | |
r-release-macos-x86_64 | 4.0.4 | 14.00 | 70.00 | 84.00 | OK | |
r-release-windows-x86_64 | 4.0.4 | 25.00 | 142.00 | 167.00 | OK | |
r-oldrel-macos-arm64 | 4.0.4 | 9.00 | 60.00 | 69.00 | OK | |
r-oldrel-macos-x86_64 | 4.0.4 | 16.00 | 91.00 | 107.00 | OK | |
r-oldrel-windows-x86_64 | 4.0.4 | 31.00 | 188.00 | 219.00 | OK |
Version: 4.0.4
Check: HTML version of manual
Result: NOTE
Found the following HTML validation problems:
run_app.html:46:1 (run_app.Rd:10): Warning: missing </ul> before </div>
Flavors: r-devel-linux-x86_64-debian-clang, r-devel-linux-x86_64-debian-gcc