Last updated on 2025-10-24 09:50:15 CEST.
| Flavor | Version | Tinstall | Tcheck | Ttotal | Status | Flags |
|---|---|---|---|---|---|---|
| r-devel-linux-x86_64-debian-clang | 0.1.0 | 10.08 | 62.21 | 72.29 | NOTE | |
| r-devel-linux-x86_64-debian-gcc | 0.1.0 | 6.94 | 44.91 | 51.85 | NOTE | |
| r-devel-linux-x86_64-fedora-clang | 0.1.0 | 23.00 | 84.12 | 107.12 | OK | |
| r-devel-linux-x86_64-fedora-gcc | 0.1.0 | 22.00 | 80.80 | 102.80 | OK | |
| r-devel-windows-x86_64 | 0.1.0 | 12.00 | 72.00 | 84.00 | OK | |
| r-patched-linux-x86_64 | 0.1.0 | 10.42 | 56.66 | 67.08 | OK | |
| r-release-linux-x86_64 | 0.1.0 | 9.03 | 57.04 | 66.07 | OK | |
| r-release-macos-arm64 | 0.1.0 | 3.00 | 23.00 | 26.00 | OK | |
| r-release-macos-x86_64 | 0.1.0 | 8.00 | 43.00 | 51.00 | OK | |
| r-release-windows-x86_64 | 0.1.0 | 12.00 | 74.00 | 86.00 | OK | |
| r-oldrel-macos-arm64 | 0.1.0 | 4.00 | 22.00 | 26.00 | NOTE | |
| r-oldrel-macos-x86_64 | 0.1.0 | 5.00 | 33.00 | 38.00 | NOTE | |
| r-oldrel-windows-x86_64 | 0.1.0 | 15.00 | 87.00 | 102.00 | NOTE |
Version: 0.1.0
Check: CRAN incoming feasibility
Result: NOTE
Maintainer: ‘Arnaud Buzzi <arnaud.buzzi@sia-partners.com>’
No Authors@R field in DESCRIPTION.
Please add one, modifying
Authors@R: person(given = "Arnaud",
family = "Buzzi",
role = c("aut", "cre"),
email = "arnaud.buzzi@sia-partners.com")
as necessary.
Flavors: r-devel-linux-x86_64-debian-clang, r-devel-linux-x86_64-debian-gcc
Version: 0.1.0
Check: LazyData
Result: NOTE
'LazyData' is specified without a 'data' directory
Flavors: r-oldrel-macos-arm64, r-oldrel-macos-x86_64, r-oldrel-windows-x86_64